{"id":8251,"date":"2023-11-23T09:14:20","date_gmt":"2023-11-23T08:14:20","guid":{"rendered":"https:\/\/edu-staging.millywilly.website\/?page_id=8251"},"modified":"2023-12-09T09:42:10","modified_gmt":"2023-12-09T08:42:10","slug":"fonction-et-taches","status":"publish","type":"page","link":"https:\/\/educationsuisse.ch\/fr\/uber-educationsuisse\/funktion-und-aufgaben\/","title":{"rendered":"Fonction et t\u00e2ches"},"content":{"rendered":"<p>Suite \u00e0 la fusion avec l'ancienne association ajas au 1er janvier 2014, le champ d'action d'educationsuisse s'est \u00e9largi : depuis lors, des conseils sont \u00e9galement propos\u00e9s autour du th\u00e8me de la formation en Suisse. <\/p>\n\n\n\n<p>La fonction et les t\u00e2ches de l'association dans sa forme actuelle sont vastes et vari\u00e9es :<\/p>\n\n\n\n<ul class=\"wp-block-list\">\n<li>Repr\u00e9sentation des int\u00e9r\u00eats des \u00e9coles suisses \u00e0 l'\u00e9tranger vis-\u00e0-vis du public, de l'\u00e9conomie et des autorit\u00e9s publiques en Suisse<\/li>\n\n\n\n<li>Organisation et r\u00e9alisation de la Conf\u00e9rence annuelle des \u00e9coles suisses \u00e0 l'\u00e9tranger, qui sert \u00e0 la mise en r\u00e9seau et \u00e0 l'\u00e9change d'exp\u00e9riences<\/li>\n\n\n\n<li>Mise en \u0153uvre et d\u00e9veloppement du document strat\u00e9gique pour les \u00e9coles suisses \u00e0 l'\u00e9tranger, dans lequel sont formul\u00e9es des t\u00e2ches pour l'avenir dans les domaines de la politique, de la gestion d'entreprise, de la p\u00e9dagogie ainsi que de la coop\u00e9ration et du r\u00e9seautage.<\/li>\n\n\n\n<li>Employeurs d'enseignant\u00b7e\u00b7s suisses dans les \u00e9coles en Europe<\/li>\n\n\n\n<li>Participer \u00e0 l'\u00e9largissement du r\u00e9seau des \u00e9coles suisses<\/li>\n\n\n\n<li>Relations publiques (rapport annuel, newsletter, flyers, renseignements aux journalistes, d\u00e9fense des int\u00e9r\u00eats au sein du Conseil des Suisses de l'\u00e9tranger)<\/li>\n\n\n\n<li>Lien entre les institutions de formation en Suisse et les \u00e9coles suisses \u00e0 l'\u00e9tranger pour promouvoir l'innovation et l'\u00e9change d'exp\u00e9riences<\/li>\n\n\n\n<li>Soutien aux jeunes Suisses\u00b7ses de l'\u00e9tranger et aux \u00e9l\u00e8ves des \u00e9coles suisses \u00e0 l'\u00e9tranger qui souhaitent suivre une formation en Suisse.<\/li>\n\n\n\n<li>Documentation, information et conseil sur le th\u00e8me de la formation en Suisse<\/li>\n\n\n\n<li>Soutien lors de la demande de bourses cantonales<\/li>\n\n\n\n<li>Repr\u00e9sentation dans la Commission pour l'enseignement de la Suisse \u00e0 l'\u00e9tranger (CESE)<\/li>\n\n\n\n<li>Repr\u00e9sentation des int\u00e9r\u00eats des Suisses\u00b7ses de l'\u00e9tranger \u00e0 la Conf\u00e9rence intercantonale des bourses d'\u00e9tudes (CIBE)<\/li>\n<\/ul>\n\n\n\n<h2 class=\"wp-block-heading\">Services administratifs<\/h2>\n\n\n\n<ul class=\"wp-block-list\">\n<li>Administration des assurances sociales (1er et 2e piliers ainsi que l'assurance maladie et accidents) pour les enseignant\u00b7e\u00b7s suisses dans les \u00e9coles suisses \u00e0 l'\u00e9tranger et les \u00e9coles internationales, paiement des primes et \u00e9tablissement des d\u00e9comptes<\/li>\n\n\n\n<li>Trafic des paiements pour le compte des \u00e9coles suisses \u00e0 l'\u00e9tranger et comptabilit\u00e9 correspondante<\/li>\n\n\n\n<li>Contacts pour soutenir et conseiller les \u00e9coles (par t\u00e9l\u00e9phone, e-mail, visites)<\/li>\n\n\n\n<li>Contacts avec les associations responsables suisses et les enseignant\u00b7e\u00b7s suisses qui apportent un \u00e9l\u00e9ment suisse dans le quotidien scolaire des \u00e9coles internationales dans le monde entier (coop\u00e9rations avec des \u00e9coles internationales)<\/li>\n\n\n\n<li>Contacts avec les autorit\u00e9s publiques des \u00e9coles \u00e9trang\u00e8res des pays voisins et participation \u00e0 leurs r\u00e9unions<\/li>\n\n\n\n<li>Gestion du site Internet www.educationsuisse.ch et du portail de l'emploi qu'il contient<\/li>\n\n\n\n<li>Suivi des dossiers de bourses, y compris les paiements<\/li>\n\n\n\n<li>Octroi de bourses suppl\u00e9mentaires et de pr\u00eats dans des cas difficiles<\/li>\n\n\n\n<li>Gestion de l'association educationsuisse<\/li>\n\n\n\n<li>Renseignements t\u00e9l\u00e9phoniques aux parents, enseignant\u00b7e\u00b7s et autres personnes int\u00e9ress\u00e9es<\/li>\n<\/ul>\n\n\n\n<h2 class=\"wp-block-heading\">R\u00e9trospective de l'histoire des deux associations<\/h2>\n\n\n\n<p>educationsuisse a \u00e9t\u00e9 fond\u00e9e en 1942 sous le nom de Comit\u00e9 d'aide aux \u00e9coles suisses \u00e0 l'\u00e9tranger et a \u00e9t\u00e9 rebaptis\u00e9e plus tard Comit\u00e9 pour les \u00e9coles suisses \u00e0 l'\u00e9tranger (CESE). Depuis le 1er janvier 2012, l'association s'appelle educationsuisse. <\/p>\n\n\n\n<p>Deux ans plus tard, en janvier 2014, educationsuisse a fusionn\u00e9 avec l'Association pour l'encouragement de l'instruction de jeunes Suissesses et Suisses de l'\u00e9tranger (ajas), fond\u00e9e en 1962 et faisant partie de l'Organisation des Suisses de l'\u00e9tranger swisscommunity \u00e0 Berne de 1989 jusqu'\u00e0 la fusion.<\/p>","protected":false},"excerpt":{"rendered":"<p>Durch die Fusion mit dem ehemaligen Verein ajas per 1. Januar 2014 hat sich der Aufgabenbereich von educationsuisse erweitert: Seither wird ebenfalls Beratung rund um das Thema Ausbildung in der Schweiz angeboten. Die Funktion und Aufgaben des Vereins in seiner heutigen Form sind weitreichend und vielseitig: Administrative Dienstleistungen R\u00fcckblick in die Geschichte beider Vereine educationsuisse [&hellip;]<\/p>\n","protected":false},"author":22,"featured_media":0,"parent":379,"menu_order":0,"comment_status":"closed","ping_status":"closed","template":"","meta":{"_acf_changed":false,"footnotes":""},"rubriken":[293],"class_list":["post-8251","page","type-page","status-publish","hentry","rubriken-ueber-uns"],"acf":[],"_links":{"self":[{"href":"https:\/\/educationsuisse.ch\/fr\/wp-json\/wp\/v2\/pages\/8251","targetHints":{"allow":["GET"]}}],"collection":[{"href":"https:\/\/educationsuisse.ch\/fr\/wp-json\/wp\/v2\/pages"}],"about":[{"href":"https:\/\/educationsuisse.ch\/fr\/wp-json\/wp\/v2\/types\/page"}],"author":[{"embeddable":true,"href":"https:\/\/educationsuisse.ch\/fr\/wp-json\/wp\/v2\/users\/22"}],"replies":[{"embeddable":true,"href":"https:\/\/educationsuisse.ch\/fr\/wp-json\/wp\/v2\/comments?post=8251"}],"version-history":[{"count":9,"href":"https:\/\/educationsuisse.ch\/fr\/wp-json\/wp\/v2\/pages\/8251\/revisions"}],"predecessor-version":[{"id":8863,"href":"https:\/\/educationsuisse.ch\/fr\/wp-json\/wp\/v2\/pages\/8251\/revisions\/8863"}],"up":[{"embeddable":true,"href":"https:\/\/educationsuisse.ch\/fr\/wp-json\/wp\/v2\/pages\/379"}],"wp:attachment":[{"href":"https:\/\/educationsuisse.ch\/fr\/wp-json\/wp\/v2\/media?parent=8251"}],"wp:term":[{"taxonomy":"rubriken","embeddable":true,"href":"https:\/\/educationsuisse.ch\/fr\/wp-json\/wp\/v2\/rubriken?post=8251"}],"curies":[{"name":"wp","href":"https:\/\/api.w.org\/{rel}","templated":true}]}}

Fonction et tâches

<p>Suite à la fusion avec l'ancienne association ajas au 1er janvier 2014, le champ d'action d'educationsuisse s'est élargi : depuis lors, des conseils sont également proposés autour du thème de la formation en Suisse. </p>



<p>La fonction et les tâches de l'association dans sa forme actuelle sont vastes et variées :</p>



<ul class="wp-block-list">
<li>Représentation des intérêts des écoles suisses à l'étranger vis-à-vis du public, de l'économie et des autorités publiques en Suisse</li>



<li>Organisation et réalisation de la Conférence annuelle des écoles suisses à l'étranger, qui sert à la mise en réseau et à l'échange d'expériences</li>



<li>Mise en œuvre et développement du document stratégique pour les écoles suisses à l'étranger, dans lequel sont formulées des tâches pour l'avenir dans les domaines de la politique, de la gestion d'entreprise, de la pédagogie ainsi que de la coopération et du réseautage.</li>



<li>Employeurs d'enseignant·e·s suisses dans les écoles en Europe</li>



<li>Participer à l'élargissement du réseau des écoles suisses</li>



<li>Relations publiques (rapport annuel, newsletter, flyers, renseignements aux journalistes, défense des intérêts au sein du Conseil des Suisses de l'étranger)</li>



<li>Lien entre les institutions de formation en Suisse et les écoles suisses à l'étranger pour promouvoir l'innovation et l'échange d'expériences</li>



<li>Soutien aux jeunes Suisses·ses de l'étranger et aux élèves des écoles suisses à l'étranger qui souhaitent suivre une formation en Suisse.</li>



<li>Documentation, information et conseil sur le thème de la formation en Suisse</li>



<li>Soutien lors de la demande de bourses cantonales</li>



<li>Représentation dans la Commission pour l'enseignement de la Suisse à l'étranger (CESE)</li>



<li>Représentation des intérêts des Suisses·ses de l'étranger à la Conférence intercantonale des bourses d'études (CIBE)</li>
</ul>



<h2 class="wp-block-heading">Services administratifs</h2>



<ul class="wp-block-list">
<li>Administration des assurances sociales (1er et 2e piliers ainsi que l'assurance maladie et accidents) pour les enseignant·e·s suisses dans les écoles suisses à l'étranger et les écoles internationales, paiement des primes et établissement des décomptes</li>



<li>Trafic des paiements pour le compte des écoles suisses à l'étranger et comptabilité correspondante</li>



<li>Contacts pour soutenir et conseiller les écoles (par téléphone, e-mail, visites)</li>



<li>Contacts avec les associations responsables suisses et les enseignant·e·s suisses qui apportent un élément suisse dans le quotidien scolaire des écoles internationales dans le monde entier (coopérations avec des écoles internationales)</li>



<li>Contacts avec les autorités publiques des écoles étrangères des pays voisins et participation à leurs réunions</li>



<li>Gestion du site Internet www.educationsuisse.ch et du portail de l'emploi qu'il contient</li>



<li>Suivi des dossiers de bourses, y compris les paiements</li>



<li>Octroi de bourses supplémentaires et de prêts dans des cas difficiles</li>



<li>Gestion de l'association educationsuisse</li>



<li>Renseignements téléphoniques aux parents, enseignant·e·s et autres personnes intéressées</li>
</ul>



<h2 class="wp-block-heading">Rétrospective de l'histoire des deux associations</h2>



<p>educationsuisse a été fondée en 1942 sous le nom de Comité d'aide aux écoles suisses à l'étranger et a été rebaptisée plus tard Comité pour les écoles suisses à l'étranger (CESE). Depuis le 1er janvier 2012, l'association s'appelle educationsuisse. </p>



<p>Deux ans plus tard, en janvier 2014, educationsuisse a fusionné avec l'Association pour l'encouragement de l'instruction de jeunes Suissesses et Suisses de l'étranger (ajas), fondée en 1962 et faisant partie de l'Organisation des Suisses de l'étranger swisscommunity à Berne de 1989 jusqu'à la fusion.</p>

<p>Durch die Fusion mit dem ehemaligen Verein ajas per 1. Januar 2014 hat sich der Aufgabenbereich von educationsuisse erweitert: Seither wird ebenfalls Beratung rund um das Thema Ausbildung in der Schweiz angeboten. Die Funktion und Aufgaben des Vereins in seiner heutigen Form sind weitreichend und vielseitig: Administrative Dienstleistungen Rückblick in die Geschichte beider Vereine educationsuisse [&hellip;]</p>
