{"id":11894,"date":"2026-04-30T08:04:17","date_gmt":"2026-04-30T06:04:17","guid":{"rendered":"https:\/\/educationsuisse.ch\/de\/?post_type=jobs&#038;p=11894"},"modified":"2026-04-30T08:04:17","modified_gmt":"2026-04-30T06:04:17","slug":"enseignante-secondaire-i-secondaire-ii-creation-textile-et-technique-ttg-economie-travail-menage-wah-100-a-lecole-suisse-de-santiago-chili","status":"publish","type":"jobs","link":"https:\/\/educationsuisse.ch\/fr\/jobs\/lehrperson-sekundarstufe-i-sekundarstufe-ii-textiles-und-technisches-gestalten-ttg-wirtschaft-arbeit-haushalt-wah-100-an-der-schweizerschule-in-santiago-chile\/","title":{"rendered":"Enseignant(e) - degr\u00e9 secondaire I, degr\u00e9 secondaire II | Activit\u00e9s cr\u00e9atrices manuelles et techniques (ACMT), Economie Travail M\u00e9nage (ETM) 100% \u00e0 l'Ecole suisse de Santiago, Chili"},"content":{"rendered":"<p>Enseignant(e) - degr\u00e9 secondaire I, degr\u00e9 secondaire II | Activit\u00e9s cr\u00e9atrices manuelles et techniques (ACMT), Economie Travail M\u00e9nage (ETM) 100% \u00e0 l'Ecole suisse de Santiago, Chili<\/p>","protected":false},"author":11,"featured_media":4208,"template":"","jobs-stadt_fr":[],"funktion_fr":[],"stufe_fr":[],"facherprofil_fr":[],"stufe":[245,230],"jobs-stadt":[173,174],"facherprofil":[374,376],"funktion":[35],"class_list":["post-11894","jobs","type-jobs","status-publish","has-post-thumbnail","hentry","stufe-sekundarstufe","stufe-sekundarstufe-ii","jobs-stadt-chile-jobs","jobs-stadt-santiago-jobs","facherprofil-textiles-und-technisches-gestalten-ttg","facherprofil-wirtschaft-arbeit-haushalt-wah","funktion-lehrperson"],"acf":[],"_links":{"self":[{"href":"https:\/\/educationsuisse.ch\/fr\/wp-json\/wp\/v2\/jobs\/11894","targetHints":{"allow":["GET"]}}],"collection":[{"href":"https:\/\/educationsuisse.ch\/fr\/wp-json\/wp\/v2\/jobs"}],"about":[{"href":"https:\/\/educationsuisse.ch\/fr\/wp-json\/wp\/v2\/types\/jobs"}],"author":[{"embeddable":true,"href":"https:\/\/educationsuisse.ch\/fr\/wp-json\/wp\/v2\/users\/11"}],"wp:featuredmedia":[{"embeddable":true,"href":"https:\/\/educationsuisse.ch\/fr\/wp-json\/wp\/v2\/media\/4208"}],"wp:attachment":[{"href":"https:\/\/educationsuisse.ch\/fr\/wp-json\/wp\/v2\/media?parent=11894"}],"wp:term":[{"taxonomy":"jobs-stadt_fr","embeddable":true,"href":"https:\/\/educationsuisse.ch\/fr\/wp-json\/wp\/v2\/jobs-stadt_fr?post=11894"},{"taxonomy":"funktion_fr","embeddable":true,"href":"https:\/\/educationsuisse.ch\/fr\/wp-json\/wp\/v2\/funktion_fr?post=11894"},{"taxonomy":"stufe_fr","embeddable":true,"href":"https:\/\/educationsuisse.ch\/fr\/wp-json\/wp\/v2\/stufe_fr?post=11894"},{"taxonomy":"facherprofil_fr","embeddable":true,"href":"https:\/\/educationsuisse.ch\/fr\/wp-json\/wp\/v2\/facherprofil_fr?post=11894"},{"taxonomy":"stufe","embeddable":true,"href":"https:\/\/educationsuisse.ch\/fr\/wp-json\/wp\/v2\/stufe?post=11894"},{"taxonomy":"jobs-stadt","embeddable":true,"href":"https:\/\/educationsuisse.ch\/fr\/wp-json\/wp\/v2\/jobs-stadt?post=11894"},{"taxonomy":"facherprofil","embeddable":true,"href":"https:\/\/educationsuisse.ch\/fr\/wp-json\/wp\/v2\/facherprofil?post=11894"},{"taxonomy":"funktion","embeddable":true,"href":"https:\/\/educationsuisse.ch\/fr\/wp-json\/wp\/v2\/funktion?post=11894"}],"curies":[{"name":"wp","href":"https:\/\/api.w.org\/{rel}","templated":true}]}}

Enseignant(e) - degré secondaire I, degré secondaire II | Activités créatrices manuelles et techniques (ACMT), Economie Travail Ménage (ETM) 100% à l'Ecole suisse de Santiago, Chili

<p>Enseignant(e) - degré secondaire I, degré secondaire II | Activités créatrices manuelles et techniques (ACMT), Economie Travail Ménage (ETM) 100% à l'Ecole suisse de Santiago, Chili</p>
