{"id":7685,"date":"2023-05-31T17:44:22","date_gmt":"2023-05-31T15:44:22","guid":{"rendered":"https:\/\/edu-staging.millywilly.website\/?post_type=aktuelles&#038;p=7685"},"modified":"2025-03-20T16:43:09","modified_gmt":"2025-03-20T15:43:09","slug":"loffre-de-conseil-mene-a-la-formation-souhaitee","status":"publish","type":"aktuelles","link":"https:\/\/educationsuisse.ch\/fr\/aktuelles\/beratungsangebot-fuehrt-zu-wunschausbildung\/","title":{"rendered":"L'offre de conseil m\u00e8ne \u00e0 la formation souhait\u00e9e"},"content":{"rendered":"<p><strong>La Suissesse de l'\u00e9tranger Brigitte K\u00f6nig a grandi au Paraguay et est venue seule en Suisse \u00e0 l'\u00e2ge de 18 ans pour y suivre une formation. Elle raconte ici comment elle s'est d\u00e9brouill\u00e9e apr\u00e8s son arriv\u00e9e et sa recherche de connexion et de formation souhait\u00e9e dans ce pays \u00e9tranger.<\/strong><\/p>\n\n\n\n<p>\"J'ai grandi au Paraguay, en Am\u00e9rique du Sud. Mon p\u00e8re a rencontr\u00e9 ma m\u00e8re lors d'un voyage autour du monde et a ainsi \u00e9migr\u00e9 au Paraguay. Il \u00e9tait cependant tr\u00e8s important pour lui que nous grandissions avec la langue allemande. <\/p>\n\n\n\n<p>C'est pourquoi j'ai pass\u00e9 ma scolarit\u00e9 dans une \u00e9cole allemande. Les vacances scolaires nous permettaient de nous rendre souvent en Suisse pour rendre visite \u00e0 mes grands-parents. Cela m'a permis de me familiariser tr\u00e8s t\u00f4t avec les traditions suisses.<\/p>\n\n\n\n<p>Quand j'ai eu 16 ans, mon p\u00e8re a dit qu'il \u00e9tait temps pour moi de partir en Suisse pour commencer une formation. Mais je ne me sentais pas encore assez adulte et je n'\u00e9tais pas pr\u00eate \u00e0 laisser ma vie au Paraguay derri\u00e8re moi. <\/p>\n\n\n\n<h2 class=\"wp-block-heading\">De l'ici et maintenant \u00e0 la ponctualit\u00e9<\/h2>\n\n\n\n<p>En 2016, \u00e0 18 ans, je suis partie en Suisse toute seule, avec des sentiments mitig\u00e9s. Ce n'est qu'en arrivant en Suisse que j'ai r\u00e9alis\u00e9 qu'une toute nouvelle \u00e9tape de ma vie m'attendait. Mes amis, ma famille et ma relation sont rest\u00e9\u00b7e\u00b7s en Am\u00e9rique du Sud.<\/p>\n\n\n\n<p>Le Paraguayen traditionnel vit dans le pr\u00e9sent et ne se pr\u00e9occupe pas beaucoup du lendemain. La spontan\u00e9it\u00e9 est l'une de ses caract\u00e9ristiques les plus fortes et la ponctualit\u00e9 signifie en Am\u00e9rique du Sud \"je n'ai qu'une heure de retard\". <\/p>\n\n\n\n<p>Au d\u00e9but, j'ai eu du mal \u00e0 accepter la ponctualit\u00e9 suisse. Mais j'ai appris \u00e0 l'appr\u00e9cier, comme d'autres caract\u00e9ristiques suisses, car elles simplifient le quotidien.<\/p>\n\n\n\n<p>Je me suis aussi rapidement rendue compte que la Suisse est un pays riche en cultures diff\u00e9rentes. Des personnes du monde entier, de religions et de langues diff\u00e9rentes, se retrouvent dans ce petit pays. J'ai appr\u00e9ci\u00e9 cette diversit\u00e9 multiculturelle qui m'a permise de d\u00e9couvrir sans cesse de nouvelles choses.<\/p>\n\n\n\n<h2 class=\"wp-block-heading\">Formation de sp\u00e9cialiste en h\u00f4tellerie<\/h2>\n\n\n\n<p>Arriv\u00e9 en Suisse, j'ai travaill\u00e9 pendant la saison d'hiver dans le service d'un restaurant sur le Bettmeralp. De nombreux\u00b7ses  employ\u00e9\u00b7e\u00b7s de l'alpage venaient du monde entier et je n'ai pas vraiment eu l'occasion de d\u00e9couvrir la culture suisse. <\/p>\n\n\n\n<p>Lorsque la saison s'est termin\u00e9e, j'ai emm\u00e9nag\u00e9 chez mes grands-parents et j'ai commenc\u00e9 \u00e0 me faire des amis en travaillant et en faisant du sport. J'ai \u00e9galement pu nouer des amiti\u00e9s qui m'ont facilit\u00e9 la t\u00e2che et qui perdurent encore aujourd'hui.<\/p>\n\n\n\n<p>Je n'\u00e9tais pas s\u00fbre de ce que je voulais faire professionnellement ou dans quels domaines je voyais mon avenir. J'ai donc d\u00e9cid\u00e9 de faire un stage dans le service d'une maison de retraite \u00e0 Rheinfelden. <\/p>\n\n\n\n<p>Apr\u00e8s mon stage, j'ai suivi une formation de sp\u00e9cialiste en h\u00f4tellerie \u00e0 B\u00e2le, o\u00f9 j'ai pu me construire une vie, nouer des contacts et entretenir des amiti\u00e9s. L'apprentissage m'a permis de grandir en tant que personne, de trouver ma passion dans le domaine de l'organisation, d'organiser des journ\u00e9es et d'aider \u00e0 la r\u00e9partition des collaborateur\u00b7rice\u00b7s.<\/p>\n\n\n\n<h2 class=\"wp-block-heading\">educationsuisse aide \u00e0 la recherche de bourses d'\u00e9tudes<\/h2>\n\n\n\n<p>Comme je ne pouvais pas me financer moi-m\u00eame pendant mon apprentissage, j'ai d\u00fb me renseigner sur l'obtention d'une bourse. Je me suis adress\u00e9e \u00e0 diff\u00e9rents organismes, y compris \u00e0 mon canton d'origine, l'Argovie, mais je n'ai malheureusement re\u00e7u que des r\u00e9ponses n\u00e9gatives. <\/p>\n\n\n\n<p>C'est mon grand-p\u00e8re qui m'a fait d\u00e9couvrir educationsuisse. <a href=\"https:\/\/educationsuisse.ch\/fr\/formation-en-suisse\/conseils-et-services\/\">educationsuisse m'a aid\u00e9 \u00e0 le faire<\/a>&nbsp;pour obtenir des bourses de la Fondation Willy M\u00fcller et du Fonds Hans-Freiburghaus de la Fondation pour les Suisses de l'\u00e9tranger. Gr\u00e2ce \u00e0 educationsuisse, je suis devenue ind\u00e9pendante et j'ai pu suivre avec succ\u00e8s la formation de mon choix.<\/p>\n\n\n\n<p>Le fait de d\u00e9m\u00e9nager en Suisse m'a litt\u00e9ralement donn\u00e9 de la libert\u00e9 et m'a permis de trouver et de suivre ma propre voie. Les diff\u00e9rentes rencontres m'ont marqu\u00e9e et m'ont aid\u00e9e \u00e0 trouver ma propre identit\u00e9. En automne 2022, j'ai commenc\u00e9 des \u00e9tudes \u00e0 temps partiel en travail social \u00e0 la FHNW \u00e0 Muttenz et je continue \u00e0 travailler en parall\u00e8le dans la restauration\".<\/p>\n\n\n\n<div class=\"wp-block-buttons is-layout-flex wp-block-buttons-is-layout-flex\">\n<div class=\"wp-block-button\"><a class=\"wp-block-button__link wp-element-button\" href=\"https:\/\/educationsuisse.ch\/wp-content\/uploads\/2023\/11\/NEU_Broschuere_Erfahrungsberichte_2022.pdf\" target=\"_blank\" rel=\"noreferrer noopener\">Plus de t\u00e9moignages<\/a><\/div>\n<\/div>","protected":false},"excerpt":{"rendered":"<p>Die Auslandschweizerin Brigitte K\u00f6nig ist in Paraguay aufgewachsen und kam als 18-J\u00e4hrige allein in die Schweiz, um eine Ausbildung zu absolvieren. Wie es ihr nach ihrer Ankunft und Suche nach Anschluss und Wunschausbildung im fremden Land ergangen ist, erz\u00e4hlt sie hier. \u00abIch bin in Paraguay, S\u00fcdamerika aufgewachsen. Mein Vater hatte auf einer Weltreise meine Mutter [&hellip;]<\/p>\n","protected":false},"featured_media":7603,"template":"","filter-aktuelles":[195],"class_list":["post-7685","aktuelles","type-aktuelles","status-publish","has-post-thumbnail","hentry","filter-aktuelles-ausbildung"],"acf":[],"_links":{"self":[{"href":"https:\/\/educationsuisse.ch\/fr\/wp-json\/wp\/v2\/aktuelles\/7685","targetHints":{"allow":["GET"]}}],"collection":[{"href":"https:\/\/educationsuisse.ch\/fr\/wp-json\/wp\/v2\/aktuelles"}],"about":[{"href":"https:\/\/educationsuisse.ch\/fr\/wp-json\/wp\/v2\/types\/aktuelles"}],"wp:featuredmedia":[{"embeddable":true,"href":"https:\/\/educationsuisse.ch\/fr\/wp-json\/wp\/v2\/media\/7603"}],"wp:attachment":[{"href":"https:\/\/educationsuisse.ch\/fr\/wp-json\/wp\/v2\/media?parent=7685"}],"wp:term":[{"taxonomy":"filter-aktuelles","embeddable":true,"href":"https:\/\/educationsuisse.ch\/fr\/wp-json\/wp\/v2\/filter-aktuelles?post=7685"}],"curies":[{"name":"wp","href":"https:\/\/api.w.org\/{rel}","templated":true}]}}

L'offre de conseil mène à la formation souhaitée

<p><strong>La Suissesse de l'étranger Brigitte König a grandi au Paraguay et est venue seule en Suisse à l'âge de 18 ans pour y suivre une formation. Elle raconte ici comment elle s'est débrouillée après son arrivée et sa recherche de connexion et de formation souhaitée dans ce pays étranger.</strong></p>



<p>"J'ai grandi au Paraguay, en Amérique du Sud. Mon père a rencontré ma mère lors d'un voyage autour du monde et a ainsi émigré au Paraguay. Il était cependant très important pour lui que nous grandissions avec la langue allemande. </p>



<p>C'est pourquoi j'ai passé ma scolarité dans une école allemande. Les vacances scolaires nous permettaient de nous rendre souvent en Suisse pour rendre visite à mes grands-parents. Cela m'a permis de me familiariser très tôt avec les traditions suisses.</p>



<p>Quand j'ai eu 16 ans, mon père a dit qu'il était temps pour moi de partir en Suisse pour commencer une formation. Mais je ne me sentais pas encore assez adulte et je n'étais pas prête à laisser ma vie au Paraguay derrière moi. </p>



<h2 class="wp-block-heading">De l'ici et maintenant à la ponctualité</h2>



<p>En 2016, à 18 ans, je suis partie en Suisse toute seule, avec des sentiments mitigés. Ce n'est qu'en arrivant en Suisse que j'ai réalisé qu'une toute nouvelle étape de ma vie m'attendait. Mes amis, ma famille et ma relation sont resté·e·s en Amérique du Sud.</p>



<p>Le Paraguayen traditionnel vit dans le présent et ne se préoccupe pas beaucoup du lendemain. La spontanéité est l'une de ses caractéristiques les plus fortes et la ponctualité signifie en Amérique du Sud "je n'ai qu'une heure de retard". </p>



<p>Au début, j'ai eu du mal à accepter la ponctualité suisse. Mais j'ai appris à l'apprécier, comme d'autres caractéristiques suisses, car elles simplifient le quotidien.</p>



<p>Je me suis aussi rapidement rendue compte que la Suisse est un pays riche en cultures différentes. Des personnes du monde entier, de religions et de langues différentes, se retrouvent dans ce petit pays. J'ai apprécié cette diversité multiculturelle qui m'a permise de découvrir sans cesse de nouvelles choses.</p>



<h2 class="wp-block-heading">Formation de spécialiste en hôtellerie</h2>



<p>Arrivé en Suisse, j'ai travaillé pendant la saison d'hiver dans le service d'un restaurant sur le Bettmeralp. De nombreux·ses  employé·e·s de l'alpage venaient du monde entier et je n'ai pas vraiment eu l'occasion de découvrir la culture suisse. </p>



<p>Lorsque la saison s'est terminée, j'ai emménagé chez mes grands-parents et j'ai commencé à me faire des amis en travaillant et en faisant du sport. J'ai également pu nouer des amitiés qui m'ont facilité la tâche et qui perdurent encore aujourd'hui.</p>



<p>Je n'étais pas sûre de ce que je voulais faire professionnellement ou dans quels domaines je voyais mon avenir. J'ai donc décidé de faire un stage dans le service d'une maison de retraite à Rheinfelden. </p>



<p>Après mon stage, j'ai suivi une formation de spécialiste en hôtellerie à Bâle, où j'ai pu me construire une vie, nouer des contacts et entretenir des amitiés. L'apprentissage m'a permis de grandir en tant que personne, de trouver ma passion dans le domaine de l'organisation, d'organiser des journées et d'aider à la répartition des collaborateur·rice·s.</p>



<h2 class="wp-block-heading">educationsuisse aide à la recherche de bourses d'études</h2>



<p>Comme je ne pouvais pas me financer moi-même pendant mon apprentissage, j'ai dû me renseigner sur l'obtention d'une bourse. Je me suis adressée à différents organismes, y compris à mon canton d'origine, l'Argovie, mais je n'ai malheureusement reçu que des réponses négatives. </p>



<p>C'est mon grand-père qui m'a fait découvrir educationsuisse. <a href="https://educationsuisse.ch/fr/formation-en-suisse/conseils-et-services/">educationsuisse m'a aidé à le faire</a>&nbsp;pour obtenir des bourses de la Fondation Willy Müller et du Fonds Hans-Freiburghaus de la Fondation pour les Suisses de l'étranger. Grâce à educationsuisse, je suis devenue indépendante et j'ai pu suivre avec succès la formation de mon choix.</p>



<p>Le fait de déménager en Suisse m'a littéralement donné de la liberté et m'a permis de trouver et de suivre ma propre voie. Les différentes rencontres m'ont marquée et m'ont aidée à trouver ma propre identité. En automne 2022, j'ai commencé des études à temps partiel en travail social à la FHNW à Muttenz et je continue à travailler en parallèle dans la restauration".</p>



<div class="wp-block-buttons is-layout-flex wp-block-buttons-is-layout-flex">
<div class="wp-block-button"><a class="wp-block-button__link wp-element-button" href="https://educationsuisse.ch/wp-content/uploads/2023/11/NEU_Broschuere_Erfahrungsberichte_2022.pdf" target="_blank" rel="noreferrer noopener">Plus de témoignages</a></div>
</div>

<p>Die Auslandschweizerin Brigitte König ist in Paraguay aufgewachsen und kam als 18-Jährige allein in die Schweiz, um eine Ausbildung zu absolvieren. Wie es ihr nach ihrer Ankunft und Suche nach Anschluss und Wunschausbildung im fremden Land ergangen ist, erzählt sie hier. «Ich bin in Paraguay, Südamerika aufgewachsen. Mein Vater hatte auf einer Weltreise meine Mutter [&hellip;]</p>
