{"id":11897,"date":"2026-04-30T14:51:44","date_gmt":"2026-04-30T12:51:44","guid":{"rendered":"https:\/\/educationsuisse.ch\/?post_type=aktuelles&#038;p=11897"},"modified":"2026-04-30T15:07:46","modified_gmt":"2026-04-30T13:07:46","slug":"italie-suisse-professionnelle-du-cheval","status":"publish","type":"aktuelles","link":"https:\/\/educationsuisse.ch\/fr\/aktuelles\/italien-schweiz-pferdefachfrau\/","title":{"rendered":"De l'Italie \u00e0 la Suisse pour devenir professionnelle des chevaux"},"content":{"rendered":"<p><strong>Nora Schlatter, Suissesse de l'\u00e9tranger, a grandi dans un petit village du Pi\u00e9mont. Apr\u00e8s sa scolarit\u00e9 obligatoire, elle a d\u00e9cid\u00e9 de s'installer en Suisse pour faire un apprentissage de professionnelle du cheval avec certificat f\u00e9d\u00e9ral de capacit\u00e9. educationsuisse s'est entretenu avec elle de ses exp\u00e9riences en tant qu'apprentie et de sa vie en Suisse.<\/strong><\/p>\n\n\n\n<p><strong>Vous \u00eates arriv\u00e9 en Suisse \u00e0 l'\u00e2ge de 15 ans, donc tr\u00e8s jeune. Racontez-nous ce qui vous a pouss\u00e9 \u00e0 faire un apprentissage en Suisse.<\/strong><br>Ma passion pour les chevaux a \u00e9t\u00e9 la raison de mon d\u00e9m\u00e9nagement. En Italie, il existe certes diff\u00e9rents cours, mais ils sont organis\u00e9s de mani\u00e8re tr\u00e8s diff\u00e9rente des apprentissages professionnels en Suisse, o\u00f9 l'offre de formations professionnelles est \u00e9galement beaucoup plus vari\u00e9e qu'en Italie.<\/p>\n\n\n\n<p><strong>A-t-il \u00e9t\u00e9 difficile de trouver une place d'apprentissage ? Et pourquoi avez-vous d\u00e9cid\u00e9 de suivre une formation de professionnelle du cheval ?<\/strong><br>J'ai cherch\u00e9 en Suisse des centres \u00e9questres dans lesquels j'aurais aim\u00e9 faire un apprentissage et je leur ai envoy\u00e9 mon CV. Certains m'ont ainsi invit\u00e9e \u00e0 faire un stage pour d\u00e9couvrir le centre \u00e9questre, les gens et leur philosophie. Oui, il a \u00e9t\u00e9 facile pour moi de trouver une place d'apprentissage, car je poss\u00e9dais d\u00e9j\u00e0 une exp\u00e9rience dans le monde du cheval.<\/p>\n\n\n\n<p>J'ai \u00e9galement effectu\u00e9 des stages dans d'autres domaines professionnels : dans un jardin d'enfants, dans une p\u00e2tisserie, dans un centre de fitness et dans une cuisine gastronomique. Aucun de ces m\u00e9tiers ne m'a fascin\u00e9e. J'ai une passion pour les chevaux depuis mon enfance, j'ai donc d\u00e9cid\u00e9 d'apprendre le m\u00e9tier de professionnelle du cheval.<\/p>\n\n\n\n<figure class=\"wp-block-image size-large\"><a href=\"https:\/\/educationsuisse.ch\/wp-content\/uploads\/2026\/04\/Avanches-2.jpeg\"><img fetchpriority=\"high\" decoding=\"async\" width=\"1024\" height=\"683\" src=\"https:\/\/educationsuisse.ch\/wp-content\/uploads\/2026\/04\/Avanches-2-1024x683.jpeg\" alt=\"\" class=\"wp-image-11907\" srcset=\"https:\/\/educationsuisse.ch\/wp-content\/uploads\/2026\/04\/Avanches-2-1024x683.jpeg 1024w, https:\/\/educationsuisse.ch\/wp-content\/uploads\/2026\/04\/Avanches-2-300x200.jpeg 300w, https:\/\/educationsuisse.ch\/wp-content\/uploads\/2026\/04\/Avanches-2-768x512.jpeg 768w, https:\/\/educationsuisse.ch\/wp-content\/uploads\/2026\/04\/Avanches-2-1536x1024.jpeg 1536w, https:\/\/educationsuisse.ch\/wp-content\/uploads\/2026\/04\/Avanches-2-18x12.jpeg 18w, https:\/\/educationsuisse.ch\/wp-content\/uploads\/2026\/04\/Avanches-2.jpeg 2048w\" sizes=\"(max-width: 1024px) 100vw, 1024px\" \/><\/a><figcaption class=\"wp-element-caption\">La Suissesse de l'\u00e9tranger Nora Schlatter \u00e0 cheval \u00e0 Avenches.<\/figcaption><\/figure>\n\n\n\n<p><strong>Veuillez nous raconter comment s'est d\u00e9roul\u00e9 votre apprentissage, pendant lequel vous avez travaill\u00e9 \u00e0 la ferme \u00e9questre et fr\u00e9quent\u00e9 l'\u00e9cole.<\/strong><br>Pendant les trois ann\u00e9es d'apprentissage, ma semaine se composait de quatre jours de travail et d'un jour d'\u00e9cole. Je suivais les cours interentreprises dans des centres \u00e9questres certifi\u00e9s pendant cinq jours par an. Les jours d'\u00e9cole \u00e9taient des moments o\u00f9 je pouvais \u00e9changer avec des jeunes de mon \u00e2ge.<\/p>\n\n\n\n<p><strong>Votre travail dans l'entreprise hippique \u00e9tait-il toujours le m\u00eame ?<\/strong><br>Les t\u00e2ches \u00e9taient tr\u00e8s vari\u00e9es ! Bien s\u00fbr, il y avait des t\u00e2ches quotidiennes comme le nettoyage des \u00e9curies et l'alimentation des chevaux. Mais le reste des heures de travail \u00e9tait tr\u00e8s vari\u00e9. Au printemps, il fallait faire les foins et en \u00e9t\u00e9, de nombreux enfants venaient pendant leurs camps d'\u00e9t\u00e9. Certains jours, il y avait des chevaux qui avaient besoin de petits pansements ou de bandages, d'autres jours j'assistais le mar\u00e9chal-ferrant, j'enseignais aux \u00e9l\u00e8ves d'\u00e9quitation ou j'aidais \u00e0 l'entra\u00eenement des chevaux.<\/p>\n\n\n\n<p><strong>Qu'est-ce qui vous a particuli\u00e8rement plu pendant votre apprentissage ?<\/strong><br>L'apprentissage permet d'alterner travail et \u00e9cole. Et cette alternance entre les deux mondes me pla\u00eet beaucoup.<\/p>\n\n\n\n<p><strong>Les apprentis re\u00e7oivent un petit salaire qui ne leur permet pas de vivre. Comment avez-vous couvert toutes vos d\u00e9penses ?<\/strong><br>En fait, mon petit salaire ne suffisait pas pour vivre. Heureusement, j'ai pu obtenir une bourse de mon canton d'origine, Berne. educationsuisse m'a aid\u00e9 \u00e0 d\u00e9poser ma demande aupr\u00e8s du canton. Sans cette bourse, il aurait \u00e9t\u00e9 difficile pour moi de suivre ma formation en Suisse.<\/p>\n\n\n\n<figure class=\"wp-block-gallery has-nested-images columns-default is-cropped wp-block-gallery-1 is-layout-flex wp-block-gallery-is-layout-flex\">\n<figure class=\"wp-block-image size-large\"><a href=\"https:\/\/educationsuisse.ch\/wp-content\/uploads\/2026\/04\/Dressur.jpeg\"><img decoding=\"async\" width=\"710\" height=\"1024\" data-id=\"11905\" src=\"https:\/\/educationsuisse.ch\/wp-content\/uploads\/2026\/04\/Dressur-710x1024.jpeg\" alt=\"\" class=\"wp-image-11905\" srcset=\"https:\/\/educationsuisse.ch\/wp-content\/uploads\/2026\/04\/Dressur-710x1024.jpeg 710w, https:\/\/educationsuisse.ch\/wp-content\/uploads\/2026\/04\/Dressur-208x300.jpeg 208w, https:\/\/educationsuisse.ch\/wp-content\/uploads\/2026\/04\/Dressur-768x1108.jpeg 768w, https:\/\/educationsuisse.ch\/wp-content\/uploads\/2026\/04\/Dressur-1065x1536.jpeg 1065w, https:\/\/educationsuisse.ch\/wp-content\/uploads\/2026\/04\/Dressur-8x12.jpeg 8w, https:\/\/educationsuisse.ch\/wp-content\/uploads\/2026\/04\/Dressur.jpeg 1080w\" sizes=\"(max-width: 710px) 100vw, 710px\" \/><\/a><\/figure>\n\n\n\n<figure class=\"wp-block-image size-large\"><a href=\"https:\/\/educationsuisse.ch\/wp-content\/uploads\/2026\/04\/Unterricht-Bobby.jpg\"><img decoding=\"async\" width=\"768\" height=\"1024\" data-id=\"11906\" src=\"https:\/\/educationsuisse.ch\/wp-content\/uploads\/2026\/04\/Unterricht-Bobby-768x1024.jpg\" alt=\"\" class=\"wp-image-11906\" srcset=\"https:\/\/educationsuisse.ch\/wp-content\/uploads\/2026\/04\/Unterricht-Bobby-768x1024.jpg 768w, https:\/\/educationsuisse.ch\/wp-content\/uploads\/2026\/04\/Unterricht-Bobby-225x300.jpg 225w, https:\/\/educationsuisse.ch\/wp-content\/uploads\/2026\/04\/Unterricht-Bobby-1152x1536.jpg 1152w, https:\/\/educationsuisse.ch\/wp-content\/uploads\/2026\/04\/Unterricht-Bobby-9x12.jpg 9w, https:\/\/educationsuisse.ch\/wp-content\/uploads\/2026\/04\/Unterricht-Bobby.jpg 1536w\" sizes=\"(max-width: 768px) 100vw, 768px\" \/><\/a><\/figure>\n<figcaption class=\"blocks-gallery-caption wp-element-caption\">Nora Schlatter en train de faire du dressage (\u00e0 gauche) et d'enseigner \u00e0 un jeune enfant.<\/figcaption><\/figure>\n\n\n\n<p><strong>En juillet 2025, vous avez termin\u00e9 votre apprentissage avec le dipl\u00f4me CFC (certificat f\u00e9d\u00e9ral de capacit\u00e9). Parlez-nous des examens finaux ?<\/strong><br>Penser r\u00e9trospectivement aux examens est tr\u00e8s agr\u00e9able, car on voit ce que l'on a appris pendant les trois ann\u00e9es d'apprentissage. Les examens finaux n'ont pas \u00e9t\u00e9 particuli\u00e8rement difficiles pour moi, car j'ai toujours bien suivi les cours et r\u00e9dig\u00e9 des r\u00e9sum\u00e9s pendant les deux premi\u00e8res ann\u00e9es d'apprentissage. Cette mani\u00e8re d'apprendre a all\u00e9g\u00e9 ma charge de travail et a r\u00e9duit la tension en troisi\u00e8me ann\u00e9e.<\/p>\n\n\n\n<p><strong>Puis-je vous demander ce que vous faites en ce moment et quels sont vos projets d'avenir ?<\/strong><br>Actuellement, je suis en France. Depuis septembre, je suis en voyage avec une amie. Nous faisons cette aventure en \u00abworkaway\u00bb, c'est-\u00e0-dire que nous travaillons quelques heures et sommes nourris et log\u00e9s en \u00e9change. Au cours de notre voyage, nous avons rencontr\u00e9 de nombreuses personnes aux styles de vie tr\u00e8s diff\u00e9rents et aux histoires fascinantes. Dans la ferme \u00e9questre o\u00f9 nous nous trouvons actuellement, nos t\u00e2ches nous permettent d'approfondir notre exp\u00e9rience avec les chevaux.<\/p>\n\n\n\n<p>Notre dernier voyage nous conduira au Japon en mai. Ensuite, je rentrerai en Suisse pour travailler sur quelques festivals de musique, comme je l'ai d\u00e9j\u00e0 fait auparavant.<\/p>\n\n\n\n<p>Et grande nouvelle : \u00e0 partir du mois d'ao\u00fbt, je vais retourner \u00e0 l'\u00e9cole \u00e0 temps partiel \u00e0 Thoune pour faire la maturit\u00e9 professionnelle.<\/p>\n\n\n\n<figure class=\"wp-block-image size-large\"><a href=\"https:\/\/educationsuisse.ch\/wp-content\/uploads\/2026\/04\/giornata-del-cavallo.jpg\"><img loading=\"lazy\" decoding=\"async\" width=\"1024\" height=\"683\" src=\"https:\/\/educationsuisse.ch\/wp-content\/uploads\/2026\/04\/giornata-del-cavallo-1024x683.jpg\" alt=\"\" class=\"wp-image-11910\" srcset=\"https:\/\/educationsuisse.ch\/wp-content\/uploads\/2026\/04\/giornata-del-cavallo-1024x683.jpg 1024w, https:\/\/educationsuisse.ch\/wp-content\/uploads\/2026\/04\/giornata-del-cavallo-300x200.jpg 300w, https:\/\/educationsuisse.ch\/wp-content\/uploads\/2026\/04\/giornata-del-cavallo-768x512.jpg 768w, https:\/\/educationsuisse.ch\/wp-content\/uploads\/2026\/04\/giornata-del-cavallo-1536x1025.jpg 1536w, https:\/\/educationsuisse.ch\/wp-content\/uploads\/2026\/04\/giornata-del-cavallo-18x12.jpg 18w, https:\/\/educationsuisse.ch\/wp-content\/uploads\/2026\/04\/giornata-del-cavallo.jpg 1920w\" sizes=\"(max-width: 1024px) 100vw, 1024px\" \/><\/a><figcaption class=\"wp-element-caption\">Apr\u00e8s avoir termin\u00e9 son apprentissage de professionnelle du cheval CFC, Nora Schlatter se rendra sur les bancs d'\u00e9cole \u00e0 partir du mois d'ao\u00fbt de cette ann\u00e9e pour obtenir sa maturit\u00e9 professionnelle.<\/figcaption><\/figure>\n\n\n\n<p><strong>Quel conseil aimeriez-vous donner \u00e0 un jeune Suisse de l'\u00e9tranger qui souhaite faire un apprentissage professionnel en Suisse ?<\/strong><br>Pendant l'apprentissage, on est absent de la maison pendant une longue p\u00e9riode et les journ\u00e9es de travail sont longues et parfois fatigantes. Il est donc important d'\u00eatre autonome et ind\u00e9pendant au quotidien. Ton engagement sera r\u00e9compens\u00e9 par une bonne formation professionnelle qui t'ouvrira les portes de l'avenir. Tu feras de nouvelles connaissances et noueras des amiti\u00e9s pour la vie.<\/p>\n\n\n\n<div class=\"wp-block-buttons is-layout-flex wp-block-buttons-is-layout-flex\">\n<div class=\"wp-block-button\"><a class=\"wp-block-button__link wp-element-button\" href=\"https:\/\/educationsuisse.ch\/fr\/formation-en-suisse\/conseils-et-services\/\">Vers l'offre de conseil et la FAQ<\/a><\/div>\n<\/div>\n\n\n\n<p><\/p>","protected":false},"excerpt":{"rendered":"<p>Nora Schlatter, Suissesse de l'\u00e9tranger, est venue d'Italie en Suisse pour faire son apprentissage de professionnelle du cheval....<\/p>","protected":false},"featured_media":11904,"template":"","filter-aktuelles":[195],"class_list":["post-11897","aktuelles","type-aktuelles","status-publish","has-post-thumbnail","hentry","filter-aktuelles-ausbildung"],"acf":[],"_links":{"self":[{"href":"https:\/\/educationsuisse.ch\/fr\/wp-json\/wp\/v2\/aktuelles\/11897","targetHints":{"allow":["GET"]}}],"collection":[{"href":"https:\/\/educationsuisse.ch\/fr\/wp-json\/wp\/v2\/aktuelles"}],"about":[{"href":"https:\/\/educationsuisse.ch\/fr\/wp-json\/wp\/v2\/types\/aktuelles"}],"wp:featuredmedia":[{"embeddable":true,"href":"https:\/\/educationsuisse.ch\/fr\/wp-json\/wp\/v2\/media\/11904"}],"wp:attachment":[{"href":"https:\/\/educationsuisse.ch\/fr\/wp-json\/wp\/v2\/media?parent=11897"}],"wp:term":[{"taxonomy":"filter-aktuelles","embeddable":true,"href":"https:\/\/educationsuisse.ch\/fr\/wp-json\/wp\/v2\/filter-aktuelles?post=11897"}],"curies":[{"name":"wp","href":"https:\/\/api.w.org\/{rel}","templated":true}]}}

De l'Italie à la Suisse pour devenir professionnelle des chevaux

<p><strong>Nora Schlatter, Suissesse de l'étranger, a grandi dans un petit village du Piémont. Après sa scolarité obligatoire, elle a décidé de s'installer en Suisse pour faire un apprentissage de professionnelle du cheval avec certificat fédéral de capacité. educationsuisse s'est entretenu avec elle de ses expériences en tant qu'apprentie et de sa vie en Suisse.</strong></p>



<p><strong>Vous êtes arrivé en Suisse à l'âge de 15 ans, donc très jeune. Racontez-nous ce qui vous a poussé à faire un apprentissage en Suisse.</strong><br>Ma passion pour les chevaux a été la raison de mon déménagement. En Italie, il existe certes différents cours, mais ils sont organisés de manière très différente des apprentissages professionnels en Suisse, où l'offre de formations professionnelles est également beaucoup plus variée qu'en Italie.</p>



<p><strong>A-t-il été difficile de trouver une place d'apprentissage ? Et pourquoi avez-vous décidé de suivre une formation de professionnelle du cheval ?</strong><br>J'ai cherché en Suisse des centres équestres dans lesquels j'aurais aimé faire un apprentissage et je leur ai envoyé mon CV. Certains m'ont ainsi invitée à faire un stage pour découvrir le centre équestre, les gens et leur philosophie. Oui, il a été facile pour moi de trouver une place d'apprentissage, car je possédais déjà une expérience dans le monde du cheval.</p>



<p>J'ai également effectué des stages dans d'autres domaines professionnels : dans un jardin d'enfants, dans une pâtisserie, dans un centre de fitness et dans une cuisine gastronomique. Aucun de ces métiers ne m'a fascinée. J'ai une passion pour les chevaux depuis mon enfance, j'ai donc décidé d'apprendre le métier de professionnelle du cheval.</p>



<figure class="wp-block-image size-large"><a href="https://educationsuisse.ch/wp-content/uploads/2026/04/Avanches-2.jpeg"><img fetchpriority="high" decoding="async" width="1024" height="683" src="https://educationsuisse.ch/wp-content/uploads/2026/04/Avanches-2-1024x683.jpeg" alt="" class="wp-image-11907" srcset="https://educationsuisse.ch/wp-content/uploads/2026/04/Avanches-2-1024x683.jpeg 1024w, https://educationsuisse.ch/wp-content/uploads/2026/04/Avanches-2-300x200.jpeg 300w, https://educationsuisse.ch/wp-content/uploads/2026/04/Avanches-2-768x512.jpeg 768w, https://educationsuisse.ch/wp-content/uploads/2026/04/Avanches-2-1536x1024.jpeg 1536w, https://educationsuisse.ch/wp-content/uploads/2026/04/Avanches-2-18x12.jpeg 18w, https://educationsuisse.ch/wp-content/uploads/2026/04/Avanches-2.jpeg 2048w" sizes="(max-width: 1024px) 100vw, 1024px" /></a><figcaption class="wp-element-caption">La Suissesse de l'étranger Nora Schlatter à cheval à Avenches.</figcaption></figure>



<p><strong>Veuillez nous raconter comment s'est déroulé votre apprentissage, pendant lequel vous avez travaillé à la ferme équestre et fréquenté l'école.</strong><br>Pendant les trois années d'apprentissage, ma semaine se composait de quatre jours de travail et d'un jour d'école. Je suivais les cours interentreprises dans des centres équestres certifiés pendant cinq jours par an. Les jours d'école étaient des moments où je pouvais échanger avec des jeunes de mon âge.</p>



<p><strong>Votre travail dans l'entreprise hippique était-il toujours le même ?</strong><br>Les tâches étaient très variées ! Bien sûr, il y avait des tâches quotidiennes comme le nettoyage des écuries et l'alimentation des chevaux. Mais le reste des heures de travail était très varié. Au printemps, il fallait faire les foins et en été, de nombreux enfants venaient pendant leurs camps d'été. Certains jours, il y avait des chevaux qui avaient besoin de petits pansements ou de bandages, d'autres jours j'assistais le maréchal-ferrant, j'enseignais aux élèves d'équitation ou j'aidais à l'entraînement des chevaux.</p>



<p><strong>Qu'est-ce qui vous a particulièrement plu pendant votre apprentissage ?</strong><br>L'apprentissage permet d'alterner travail et école. Et cette alternance entre les deux mondes me plaît beaucoup.</p>



<p><strong>Les apprentis reçoivent un petit salaire qui ne leur permet pas de vivre. Comment avez-vous couvert toutes vos dépenses ?</strong><br>En fait, mon petit salaire ne suffisait pas pour vivre. Heureusement, j'ai pu obtenir une bourse de mon canton d'origine, Berne. educationsuisse m'a aidé à déposer ma demande auprès du canton. Sans cette bourse, il aurait été difficile pour moi de suivre ma formation en Suisse.</p>



<figure class="wp-block-gallery has-nested-images columns-default is-cropped wp-block-gallery-1 is-layout-flex wp-block-gallery-is-layout-flex">
<figure class="wp-block-image size-large"><a href="https://educationsuisse.ch/wp-content/uploads/2026/04/Dressur.jpeg"><img decoding="async" width="710" height="1024" data-id="11905" src="https://educationsuisse.ch/wp-content/uploads/2026/04/Dressur-710x1024.jpeg" alt="" class="wp-image-11905" srcset="https://educationsuisse.ch/wp-content/uploads/2026/04/Dressur-710x1024.jpeg 710w, https://educationsuisse.ch/wp-content/uploads/2026/04/Dressur-208x300.jpeg 208w, https://educationsuisse.ch/wp-content/uploads/2026/04/Dressur-768x1108.jpeg 768w, https://educationsuisse.ch/wp-content/uploads/2026/04/Dressur-1065x1536.jpeg 1065w, https://educationsuisse.ch/wp-content/uploads/2026/04/Dressur-8x12.jpeg 8w, https://educationsuisse.ch/wp-content/uploads/2026/04/Dressur.jpeg 1080w" sizes="(max-width: 710px) 100vw, 710px" /></a></figure>



<figure class="wp-block-image size-large"><a href="https://educationsuisse.ch/wp-content/uploads/2026/04/Unterricht-Bobby.jpg"><img decoding="async" width="768" height="1024" data-id="11906" src="https://educationsuisse.ch/wp-content/uploads/2026/04/Unterricht-Bobby-768x1024.jpg" alt="" class="wp-image-11906" srcset="https://educationsuisse.ch/wp-content/uploads/2026/04/Unterricht-Bobby-768x1024.jpg 768w, https://educationsuisse.ch/wp-content/uploads/2026/04/Unterricht-Bobby-225x300.jpg 225w, https://educationsuisse.ch/wp-content/uploads/2026/04/Unterricht-Bobby-1152x1536.jpg 1152w, https://educationsuisse.ch/wp-content/uploads/2026/04/Unterricht-Bobby-9x12.jpg 9w, https://educationsuisse.ch/wp-content/uploads/2026/04/Unterricht-Bobby.jpg 1536w" sizes="(max-width: 768px) 100vw, 768px" /></a></figure>
<figcaption class="blocks-gallery-caption wp-element-caption">Nora Schlatter en train de faire du dressage (à gauche) et d'enseigner à un jeune enfant.</figcaption></figure>



<p><strong>En juillet 2025, vous avez terminé votre apprentissage avec le diplôme CFC (certificat fédéral de capacité). Parlez-nous des examens finaux ?</strong><br>Penser rétrospectivement aux examens est très agréable, car on voit ce que l'on a appris pendant les trois années d'apprentissage. Les examens finaux n'ont pas été particulièrement difficiles pour moi, car j'ai toujours bien suivi les cours et rédigé des résumés pendant les deux premières années d'apprentissage. Cette manière d'apprendre a allégé ma charge de travail et a réduit la tension en troisième année.</p>



<p><strong>Puis-je vous demander ce que vous faites en ce moment et quels sont vos projets d'avenir ?</strong><br>Actuellement, je suis en France. Depuis septembre, je suis en voyage avec une amie. Nous faisons cette aventure en «workaway», c'est-à-dire que nous travaillons quelques heures et sommes nourris et logés en échange. Au cours de notre voyage, nous avons rencontré de nombreuses personnes aux styles de vie très différents et aux histoires fascinantes. Dans la ferme équestre où nous nous trouvons actuellement, nos tâches nous permettent d'approfondir notre expérience avec les chevaux.</p>



<p>Notre dernier voyage nous conduira au Japon en mai. Ensuite, je rentrerai en Suisse pour travailler sur quelques festivals de musique, comme je l'ai déjà fait auparavant.</p>



<p>Et grande nouvelle : à partir du mois d'août, je vais retourner à l'école à temps partiel à Thoune pour faire la maturité professionnelle.</p>



<figure class="wp-block-image size-large"><a href="https://educationsuisse.ch/wp-content/uploads/2026/04/giornata-del-cavallo.jpg"><img loading="lazy" decoding="async" width="1024" height="683" src="https://educationsuisse.ch/wp-content/uploads/2026/04/giornata-del-cavallo-1024x683.jpg" alt="" class="wp-image-11910" srcset="https://educationsuisse.ch/wp-content/uploads/2026/04/giornata-del-cavallo-1024x683.jpg 1024w, https://educationsuisse.ch/wp-content/uploads/2026/04/giornata-del-cavallo-300x200.jpg 300w, https://educationsuisse.ch/wp-content/uploads/2026/04/giornata-del-cavallo-768x512.jpg 768w, https://educationsuisse.ch/wp-content/uploads/2026/04/giornata-del-cavallo-1536x1025.jpg 1536w, https://educationsuisse.ch/wp-content/uploads/2026/04/giornata-del-cavallo-18x12.jpg 18w, https://educationsuisse.ch/wp-content/uploads/2026/04/giornata-del-cavallo.jpg 1920w" sizes="(max-width: 1024px) 100vw, 1024px" /></a><figcaption class="wp-element-caption">Après avoir terminé son apprentissage de professionnelle du cheval CFC, Nora Schlatter se rendra sur les bancs d'école à partir du mois d'août de cette année pour obtenir sa maturité professionnelle.</figcaption></figure>



<p><strong>Quel conseil aimeriez-vous donner à un jeune Suisse de l'étranger qui souhaite faire un apprentissage professionnel en Suisse ?</strong><br>Pendant l'apprentissage, on est absent de la maison pendant une longue période et les journées de travail sont longues et parfois fatigantes. Il est donc important d'être autonome et indépendant au quotidien. Ton engagement sera récompensé par une bonne formation professionnelle qui t'ouvrira les portes de l'avenir. Tu feras de nouvelles connaissances et noueras des amitiés pour la vie.</p>



<div class="wp-block-buttons is-layout-flex wp-block-buttons-is-layout-flex">
<div class="wp-block-button"><a class="wp-block-button__link wp-element-button" href="https://educationsuisse.ch/fr/formation-en-suisse/conseils-et-services/">Vers l'offre de conseil et la FAQ</a></div>
</div>



<p></p>

<p>Nora Schlatter, Suissesse de l'étranger, est venue d'Italie en Suisse pour faire son apprentissage de professionnelle du cheval....</p>
