{"id":11540,"date":"2026-01-06T17:43:15","date_gmt":"2026-01-06T16:43:15","guid":{"rendered":"https:\/\/educationsuisse.ch\/?post_type=aktuelles&#038;p=11540"},"modified":"2026-01-13T11:40:28","modified_gmt":"2026-01-13T10:40:28","slug":"job-speeddating-2025-ecoles-suisses","status":"publish","type":"aktuelles","link":"https:\/\/educationsuisse.ch\/fr\/aktuelles\/job-speeddating-2025-schweizerschulen\/","title":{"rendered":"Job Speed Dating 2025 : attentes et perspectives \u00e0 l'\u00e9tranger"},"content":{"rendered":"<p><strong>Juste avant les f\u00eates, le 10 d\u00e9cembre dernier, le speed dating professionnel des \u00e9coles suisses \u00e0 l'\u00e9tranger a de nouveau eu lieu. Ce format \u00e9prouv\u00e9 a une fois de plus suscit\u00e9 un vif int\u00e9r\u00eat : des directeur\u00b7trice\u00b7s d'\u00e9coles d'Europe, d'Asie et d'Am\u00e9rique latine ont \u00e9chang\u00e9 toutes les sept minutes avec des enseignant\u00b7e\u00b7s et des directeur\u00b7trice\u00b7s d'\u00e9coles suisses int\u00e9ress\u00e9\u00b7e\u00b7s.<\/strong><\/p>\n\n\n\n<p>Repr\u00e9sentant\u00b7e\u00b7s des <a href=\"https:\/\/educationsuisse.ch\/fr\/ecoles\/\" data-type=\"page\" data-id=\"10852\">\u00c9coles suisses <\/a>\u00e0 Milan, P\u00e9kin, Bogot\u00e1, Mexico et S\u00e3o Paulo ont particip\u00e9. Cette diversit\u00e9 internationale montre de mani\u00e8re impressionnante \u00e0 quel point le syst\u00e8me scolaire suisse \u00e0 l'\u00e9tranger est interconnect\u00e9 \u00e0 l'\u00e9chelle mondiale.<\/p>\n\n\n\n<figure class=\"wp-block-image size-large\"><img decoding=\"async\" src=\"https:\/\/educationsuisse.ch\/wp-content\/uploads\/2026\/01\/Screenshot_TN-e1767716568412-1024x578.png\" alt=\"Les participants au speed dating professionnel 2025\" class=\"wp-image-11541\"\/><figcaption class=\"wp-element-caption\">Les organisateur\u00b7trice\u00b7s avec les repr\u00e9sentant\u00b7e\u00b7s de 5 des 17 \u00e9coles suisses \u00e0 l'\u00e9tranger, en haut \u00e0 gauche : Serge K\u00fcnzler (educationsuisse), Angela Jetter (angela works GmbH), Thomas Schwarb (Bogot\u00e1), Sandra Stauffer (Mexique), Esther Lehmann (Milan), Carla Frehner (P\u00e9kin), Maurus Sommerer (S\u00e3o Paulo)<\/figcaption><\/figure>\n\n\n\n<p>Au cours d'entretiens d'embauche courts et structur\u00e9s, la quarantaine d'enseignant\u00b7e\u00b7s et de directeur\u00b7trice\u00b7s d'\u00e9cole venu\u00b7e\u00b7s de Suisse ont pu se faire une id\u00e9e des diff\u00e9rents sites scolaires, des concepts p\u00e9dagogiques, des particularit\u00e9s culturelles et des attentes. Plusieurs tours leur ont permis d'exprimer leur motivation, leurs qualifications et leurs questions.<\/p>\n\n\n\n<h2 class=\"wp-block-heading\">Grande utilit\u00e9 et qualit\u00e9 \u00e9lev\u00e9e des conversations<\/h2>\n\n\n\n<p>\u00ab Cette forme de rencontre ax\u00e9e sur le dialogue et accessible \u00e0 tou\u00b7te\u00b7s a \u00e9t\u00e9 tr\u00e8s appr\u00e9ci\u00e9e par les deux parties et a contribu\u00e9 \u00e0 cr\u00e9er une atmosph\u00e8re ouverte et dynamique \u00bb, d\u00e9clare Serge K\u00fcnzler, directeur g\u00e9n\u00e9ral d'educationsuisse. En tant que coorganisateur, il s'est \u00e9galement charg\u00e9 de toutes les questions relatives aux <a href=\"https:\/\/educationsuisse.ch\/fr\/un-enseignant-suisse-a-letranger\/conditions-demploi-dans-les-ecoles-suisses\/\" data-type=\"page\" data-id=\"3441\">Conditions d'emploi <\/a>.<\/p>\n\n\n\n<p>Le Job Speed Dating 2025 avait cette fois encore pour objectif clair de permettre aux participant\u00b7e\u00b7s de nouer des contacts \u00e0 un stade pr\u00e9coce, de comparer leurs attentes respectives et de pr\u00e9senter les perspectives d'enseignement dans les \u00e9coles suisses \u00e0 l'\u00e9tranger.<\/p>\n\n\n\n<p>\u00ab Le r\u00e9sultat a \u00e9t\u00e9 tr\u00e8s positif : tant les candidat\u00b7e\u00b7s que les repr\u00e9sentant\u00b7e\u00b7s des \u00e9coles ont soulign\u00e9 l'utilit\u00e9 et la qualit\u00e9 des entretiens \u00bb, poursuit M. K\u00fcnzler.<\/p>\n\n\n\n<h2 class=\"wp-block-heading\">Speed dating professionnel 2026 encore ouvert<\/h2>\n\n\n\n<p>educationsuisse devrait poursuivre ce format \u00e0 l'avenir afin de renforcer encore les liens entre les enseignant\u00b7e\u00b7s et les directeur\u00b7trice\u00b7s d'\u00e9cole qualifi\u00e9\u00b7e\u00b7s et les 17 \u00e9coles suisses \u00e0 l'\u00e9tranger reconnues par la Conf\u00e9d\u00e9ration.<\/p>\n\n\n\n<p>L'\u00e9v\u00e9nement a \u00e9t\u00e9 organis\u00e9 par, comme dans les <a href=\"https:\/\/educationsuisse.ch\/fr\/actuel\/job-speeddating-ecoles-suisses\/\" data-type=\"aktuelles\" data-id=\"10526\">ann\u00e9es pr\u00e9c\u00e9dentes <\/a>, par Angela Jetter de <a href=\"https:\/\/angelaworks.ch\/\" target=\"_blank\" data-type=\"link\" data-id=\"https:\/\/angelaworks.ch\/\" rel=\"noreferrer noopener\">angela works GmbH<\/a>. Gr\u00e2ce \u00e0 leur engagement et \u00e0 leur exp\u00e9rience, elle et son \u00e9quipe ont veill\u00e9 au bon d\u00e9roulement de l'\u00e9v\u00e9nement.<\/p>\n\n\n\n<div class=\"wp-block-buttons is-layout-flex wp-block-buttons-is-layout-flex\">\n<div class=\"wp-block-button\"><a class=\"wp-block-button__link wp-element-button\" href=\"https:\/\/educationsuisse.ch\/fr\/jobs\/\">Vers les postes vacants<\/a><\/div>\n<\/div>\n\n\n\n<p><\/p>","protected":false},"excerpt":{"rendered":"<p>Les repr\u00e9sentants des \u00e9coles suisses ont men\u00e9 des entretiens d'embauche toutes les 7 minutes avec pr\u00e8s de 40 enseignants et directeurs d'\u00e9cole...<\/p>","protected":false},"featured_media":11541,"template":"","filter-aktuelles":[197,196],"class_list":["post-11540","aktuelles","type-aktuelles","status-publish","has-post-thumbnail","hentry","filter-aktuelles-educationsuisse","filter-aktuelles-events"],"acf":[],"_links":{"self":[{"href":"https:\/\/educationsuisse.ch\/fr\/wp-json\/wp\/v2\/aktuelles\/11540","targetHints":{"allow":["GET"]}}],"collection":[{"href":"https:\/\/educationsuisse.ch\/fr\/wp-json\/wp\/v2\/aktuelles"}],"about":[{"href":"https:\/\/educationsuisse.ch\/fr\/wp-json\/wp\/v2\/types\/aktuelles"}],"wp:featuredmedia":[{"embeddable":true,"href":"https:\/\/educationsuisse.ch\/fr\/wp-json\/wp\/v2\/media\/11541"}],"wp:attachment":[{"href":"https:\/\/educationsuisse.ch\/fr\/wp-json\/wp\/v2\/media?parent=11540"}],"wp:term":[{"taxonomy":"filter-aktuelles","embeddable":true,"href":"https:\/\/educationsuisse.ch\/fr\/wp-json\/wp\/v2\/filter-aktuelles?post=11540"}],"curies":[{"name":"wp","href":"https:\/\/api.w.org\/{rel}","templated":true}]}}

Job Speed Dating 2025 : attentes et perspectives à l'étranger

<p><strong>Juste avant les fêtes, le 10 décembre dernier, le speed dating professionnel des écoles suisses à l'étranger a de nouveau eu lieu. Ce format éprouvé a une fois de plus suscité un vif intérêt : des directeur·trice·s d'écoles d'Europe, d'Asie et d'Amérique latine ont échangé toutes les sept minutes avec des enseignant·e·s et des directeur·trice·s d'écoles suisses intéressé·e·s.</strong></p>



<p>Représentant·e·s des <a href="https://educationsuisse.ch/fr/ecoles/" data-type="page" data-id="10852">Écoles suisses </a>à Milan, Pékin, Bogotá, Mexico et São Paulo ont participé. Cette diversité internationale montre de manière impressionnante à quel point le système scolaire suisse à l'étranger est interconnecté à l'échelle mondiale.</p>



<figure class="wp-block-image size-large"><img decoding="async" src="https://educationsuisse.ch/wp-content/uploads/2026/01/Screenshot_TN-e1767716568412-1024x578.png" alt="Les participants au speed dating professionnel 2025" class="wp-image-11541"/><figcaption class="wp-element-caption">Les organisateur·trice·s avec les représentant·e·s de 5 des 17 écoles suisses à l'étranger, en haut à gauche : Serge Künzler (educationsuisse), Angela Jetter (angela works GmbH), Thomas Schwarb (Bogotá), Sandra Stauffer (Mexique), Esther Lehmann (Milan), Carla Frehner (Pékin), Maurus Sommerer (São Paulo)</figcaption></figure>



<p>Au cours d'entretiens d'embauche courts et structurés, la quarantaine d'enseignant·e·s et de directeur·trice·s d'école venu·e·s de Suisse ont pu se faire une idée des différents sites scolaires, des concepts pédagogiques, des particularités culturelles et des attentes. Plusieurs tours leur ont permis d'exprimer leur motivation, leurs qualifications et leurs questions.</p>



<h2 class="wp-block-heading">Grande utilité et qualité élevée des conversations</h2>



<p>« Cette forme de rencontre axée sur le dialogue et accessible à tou·te·s a été très appréciée par les deux parties et a contribué à créer une atmosphère ouverte et dynamique », déclare Serge Künzler, directeur général d'educationsuisse. En tant que coorganisateur, il s'est également chargé de toutes les questions relatives aux <a href="https://educationsuisse.ch/fr/un-enseignant-suisse-a-letranger/conditions-demploi-dans-les-ecoles-suisses/" data-type="page" data-id="3441">Conditions d'emploi </a>.</p>



<p>Le Job Speed Dating 2025 avait cette fois encore pour objectif clair de permettre aux participant·e·s de nouer des contacts à un stade précoce, de comparer leurs attentes respectives et de présenter les perspectives d'enseignement dans les écoles suisses à l'étranger.</p>



<p>« Le résultat a été très positif : tant les candidat·e·s que les représentant·e·s des écoles ont souligné l'utilité et la qualité des entretiens », poursuit M. Künzler.</p>



<h2 class="wp-block-heading">Speed dating professionnel 2026 encore ouvert</h2>



<p>educationsuisse devrait poursuivre ce format à l'avenir afin de renforcer encore les liens entre les enseignant·e·s et les directeur·trice·s d'école qualifié·e·s et les 17 écoles suisses à l'étranger reconnues par la Confédération.</p>



<p>L'événement a été organisé par, comme dans les <a href="https://educationsuisse.ch/fr/actuel/job-speeddating-ecoles-suisses/" data-type="aktuelles" data-id="10526">années précédentes </a>, par Angela Jetter de <a href="https://angelaworks.ch/" target="_blank" data-type="link" data-id="https://angelaworks.ch/" rel="noreferrer noopener">angela works GmbH</a>. Grâce à leur engagement et à leur expérience, elle et son équipe ont veillé au bon déroulement de l'événement.</p>



<div class="wp-block-buttons is-layout-flex wp-block-buttons-is-layout-flex">
<div class="wp-block-button"><a class="wp-block-button__link wp-element-button" href="https://educationsuisse.ch/fr/jobs/">Vers les postes vacants</a></div>
</div>



<p></p>

<p>Les représentants des écoles suisses ont mené des entretiens d'embauche toutes les 7 minutes avec près de 40 enseignants et directeurs d'école...</p>
