{"id":10586,"date":"2025-03-03T11:30:10","date_gmt":"2025-03-03T10:30:10","guid":{"rendered":"https:\/\/educationsuisse.ch\/?post_type=aktuelles&#038;p=10586"},"modified":"2025-03-20T16:41:02","modified_gmt":"2025-03-20T15:41:02","slug":"suisse-de-letranger-apprentissage-delectronicien","status":"publish","type":"aktuelles","link":"https:\/\/educationsuisse.ch\/fr\/aktuelles\/auslandschweizerin-elektroniker-lehre\/","title":{"rendered":"Sara Alouini, Suissesse de l'\u00e9tranger, a fait son apprentissage d'\u00e9lectronicienne en Suisse"},"content":{"rendered":"<p><strong>La Suissesse de l'\u00e9tranger Sara Alouini a grandi en Tunisie et, apr\u00e8s avoir obtenu son baccalaur\u00e9at tunisien, elle a d\u00e9cid\u00e9 de faire un apprentissage d'\u00e9lectronicienne en Suisse. Elle explique ici pourquoi l'apprentissage \u00e9tait la bonne d\u00e9cision et comment le voyage se poursuit pour elle.<\/strong><\/p>\n\n\n\n<p>\"La vie n'est pas toujours facile. Parfois, nous devons sacrifier notre bien-\u00eatre pour aller de l'avant\", me disait mon p\u00e8re juste avant que je ne quitte Djerba, la perle de la M\u00e9diterran\u00e9e connue sous le nom \"\u00eele de r\u00eave\", pour m'installer en Suisse.<\/p>\n\n\n\n<p>Moiti\u00e9 tunisienne, moiti\u00e9 suissesse, mon fr\u00e8re et moi parlions le suisse allemand avec ma m\u00e8re et le tunisien (dialecte arabe) avec mon p\u00e8re. Quand tout le monde \u00e9tait \u00e0 la maison, nous parlions l'allemand standard. <\/p>\n\n\n\n<figure class=\"wp-block-image size-large\"><img fetchpriority=\"high\" decoding=\"async\" width=\"1024\" height=\"683\" src=\"https:\/\/educationsuisse.ch\/wp-content\/uploads\/2025\/02\/IMG_1-1024x683.jpg\" alt=\"Sara Alouini, une Suissesse de l&#039;\u00e9tranger, a appris l&#039;\u00e9lectronique en Suisse\" class=\"wp-image-10589\" srcset=\"https:\/\/educationsuisse.ch\/wp-content\/uploads\/2025\/02\/IMG_1-1024x683.jpg 1024w, https:\/\/educationsuisse.ch\/wp-content\/uploads\/2025\/02\/IMG_1-300x200.jpg 300w, https:\/\/educationsuisse.ch\/wp-content\/uploads\/2025\/02\/IMG_1-768x512.jpg 768w, https:\/\/educationsuisse.ch\/wp-content\/uploads\/2025\/02\/IMG_1-1536x1024.jpg 1536w, https:\/\/educationsuisse.ch\/wp-content\/uploads\/2025\/02\/IMG_1-2048x1365.jpg 2048w, https:\/\/educationsuisse.ch\/wp-content\/uploads\/2025\/02\/IMG_1-18x12.jpg 18w\" sizes=\"(max-width: 1024px) 100vw, 1024px\" \/><figcaption class=\"wp-element-caption\">La Suissesse de l'\u00e9tranger et \u00e9lectronicienne dipl\u00f4m\u00e9e Sara Alouini au bord du lac de Bienne.<\/figcaption><\/figure>\n\n\n\n<p>La Suisse ne m'\u00e9tait pas \u00e9trang\u00e8re - du moins comme destination de vacances. Chaque ann\u00e9e, je rendais visite une ou deux fois \u00e0 mes parents maternels. Mais y vivre ? C'\u00e9tait une toute autre histoire. La d\u00e9cision a \u00e9t\u00e9 difficile \u00e0 prendre. <\/p>\n\n\n\n<h2 class=\"wp-block-heading\">Apprentissage d'\u00e9lectronicienne<\/h2>\n\n\n\n<p>En Tunisie, j'avais construit une vie qui me plaisait : des amiti\u00e9s pr\u00e9cieuses, des hobbies comme le karat\u00e9, l'\u00e9quitation et la plong\u00e9e - et un profond sentiment de gratitude pour ce que j'avais. Mais comme le soleil se couche \u00e0 l'horizon pour laisser place \u00e0 un nouveau jour, j'ai senti qu'il \u00e9tait temps de prendre un nouveau d\u00e9part.<\/p>\n\n\n\n<p>Apr\u00e8s mon baccalaur\u00e9at tunisien avec sp\u00e9cialisation en math\u00e9matiques, une grande question s'est pos\u00e9e : quelle est la suite ? J'avais d\u00e9j\u00e0 entendu parler du syst\u00e8me de formation professionnelle duale en Suisse et je savais que j'appr\u00e9ciais \u00e0 la fois la th\u00e9orie et la pratique. Apr\u00e8s des recherches approfondies, j'ai opt\u00e9 pour un apprentissage d'\u00e9lectronicienne - une voie qui me permettait d'appliquer directement ma passion pour les math\u00e9matiques et la physique.<\/p>\n\n\n\n<p>Puis est arriv\u00e9 le 14 juillet 2018, le jour o\u00f9 mon avion a d\u00e9coll\u00e9 et o\u00f9 ma vie d'avant est rest\u00e9e sur l'\u00eele. <\/p>\n\n\n\n<h2 class=\"wp-block-heading\">Pluie et soleil<\/h2>\n\n\n\n<p>Mon int\u00e9rieur ressemblait \u00e0 une mer agit\u00e9e. Des vagues de tristesse m'envahissaient parce que je devais laisser ma famille derri\u00e8re moi, et des courants d'incertitude m'entra\u00eenaient, car je ne connaissais presque personne en Suisse. Mais entre tous ces nuages sombres, il y avait aussi des rayons de soleil - des moments d'excitation face aux nouvelles opportunit\u00e9s qui s'offraient \u00e0 moi.<\/p>\n\n\n\n<p>Je me suis vite rendu compte que plusieurs de mes inqui\u00e9tudes \u00e9taient infond\u00e9es. Bien s\u00fbr, reconstruire ma vie \u00e0 partir de z\u00e9ro a \u00e9t\u00e9 un d\u00e9fi. J'ai d\u00fb apprendre \u00e0 acheter correctement des billets de train en Suisse, \u00e0 remplir des d\u00e9clarations d'imp\u00f4ts, \u00e0 faire des demandes de bourses et m\u00eame \u00e0 participer \u00e0 des \u00e9lections \u00e0 l'\u00e9chelle nationale. <\/p>\n\n\n\n<p>Mais j'ai eu de la chance : pendant mon apprentissage, j'ai pu vivre dans une famille d'accueil chaleureuse. Il\u00b7elle\u00b7s \u00e9taient \u00e0 mes c\u00f4t\u00e9s pour me conseiller et me donner la s\u00e9curit\u00e9 dont j'avais besoin pour consolider mes racines dans ma nouvelle patrie. De plus, educationsuisse m'a soutenu dans ma demande de bourses aupr\u00e8s de mon canton d'origine, Berne.<\/p>\n\n\n\n<figure class=\"wp-block-gallery has-nested-images columns-default is-cropped wp-block-gallery-1 is-layout-flex wp-block-gallery-is-layout-flex\">\n<figure class=\"wp-block-image size-full\"><img decoding=\"async\" width=\"576\" height=\"432\" data-id=\"10587\" src=\"https:\/\/educationsuisse.ch\/wp-content\/uploads\/2025\/02\/in-der-Lehre.jpg\" alt=\"Sara Alouini, une Suissesse de l&#039;\u00e9tranger, a appris l&#039;\u00e9lectronique en Suisse\" class=\"wp-image-10587\" srcset=\"https:\/\/educationsuisse.ch\/wp-content\/uploads\/2025\/02\/in-der-Lehre.jpg 576w, https:\/\/educationsuisse.ch\/wp-content\/uploads\/2025\/02\/in-der-Lehre-300x225.jpg 300w, https:\/\/educationsuisse.ch\/wp-content\/uploads\/2025\/02\/in-der-Lehre-16x12.jpg 16w\" sizes=\"(max-width: 576px) 100vw, 576px\" \/><\/figure>\n\n\n\n<figure class=\"wp-block-image size-full\"><img decoding=\"async\" data-id=\"10588\" src=\"https:\/\/educationsuisse.ch\/wp-content\/uploads\/2025\/02\/in-der-Lehre_2.jpg\" alt=\"Sara Alouini, une Suissesse de l&#039;\u00e9tranger, a appris l&#039;\u00e9lectronique en Suisse\" class=\"wp-image-10588\"\/><\/figure>\n<figcaption class=\"blocks-gallery-caption wp-element-caption\">La Suissesse de l'\u00e9tranger Sara Alouini au montage (\u00e0 gauche) et \u00e0 l'\u00e9poque dans son entreprise d'apprentissage.<\/figcaption><\/figure>\n\n\n\n<p>L'apprentissage s'est av\u00e9r\u00e9 \u00eatre une d\u00e9cision en or. Gr\u00e2ce \u00e0 mes connaissances pr\u00e9alables en math\u00e9matiques, j'avais une petite longueur d'avance et j'ai pu passer la maturit\u00e9 professionnelle en m\u00eame temps que l'apprentissage. N\u00e9anmoins, la devise \u00e9tait : \"Il n'y a pas de prix sans travail\".<\/p>\n\n\n\n<h2 class=\"wp-block-heading\">Un enseignement vari\u00e9 et instructif<\/h2>\n\n\n\n<p>Pendant mon apprentissage d'\u00e9lectronicienne, j'ai appris \u00e0 concevoir des sch\u00e9mas et des layouts de platines, \u00e0 programmer des microcontr\u00f4leurs et, si cela ne fonctionne pas du premier coup, \u00e0 rechercher et \u00e0 corriger les erreurs. L'apprentissage m'a permis de d\u00e9velopper mes propres projets, ce qui m'a beaucoup plu. <\/p>\n\n\n\n<p>De plus, pendant mon apprentissage, j'ai eu l'occasion d'exp\u00e9rimenter de multiples activit\u00e9s dans mon entreprise. Il s'agissait notamment de dessiner des constructions imprim\u00e9es \u00e0 l'aide d'une imprimante 3D, de r\u00e9aliser des travaux de soudure et de fabriquer des pi\u00e8ces m\u00e9caniques dans l'atelier.<\/p>\n\n\n\n<p>Dans l'ensemble, j'ai trouv\u00e9 mon apprentissage extr\u00eamement instructif et vari\u00e9. Pas \u00e0 pas, j'ai pu approfondir mes connaissances, nouer de pr\u00e9cieux contacts professionnels et scolaires, tout en gagnant mon propre argent. Gr\u00e2ce \u00e0 l'\u00e9cole professionnelle et \u00e0 la maturit\u00e9 professionnelle en particulier, j'ai fait la connaissance de personnes avec lesquelles je suis encore r\u00e9guli\u00e8rement en contact aujourd'hui.<\/p>\n\n\n\n<h2 class=\"wp-block-heading\">Voyage dans le monde de l'enseignement sup\u00e9rieur<\/h2>\n\n\n\n<p>Apr\u00e8s mon apprentissage, j'ai commenc\u00e9 \u00e0 travailler comme testeuse de logiciels. Un travail qui m'a non seulement apport\u00e9 une exp\u00e9rience professionnelle pr\u00e9cieuse, mais qui m'a \u00e9galement donn\u00e9 la libert\u00e9 financi\u00e8re de vivre mon envie de voyager. Chaque ann\u00e9e, je d\u00e9couvre de nouveaux pays, de nouvelles cultures et de nouvelles histoires. <\/p>\n\n\n\n<figure class=\"wp-block-gallery has-nested-images columns-default is-cropped wp-block-gallery-2 is-layout-flex wp-block-gallery-is-layout-flex\">\n<figure class=\"wp-block-image size-large\"><img decoding=\"async\" width=\"1024\" height=\"768\" data-id=\"10590\" src=\"https:\/\/educationsuisse.ch\/wp-content\/uploads\/2025\/02\/IMG_2-1024x768.jpg\" alt=\"Sara Alouini, une Suissesse de l&#039;\u00e9tranger, a appris l&#039;\u00e9lectronique en Suisse\" class=\"wp-image-10590\" srcset=\"https:\/\/educationsuisse.ch\/wp-content\/uploads\/2025\/02\/IMG_2-1024x768.jpg 1024w, https:\/\/educationsuisse.ch\/wp-content\/uploads\/2025\/02\/IMG_2-300x225.jpg 300w, https:\/\/educationsuisse.ch\/wp-content\/uploads\/2025\/02\/IMG_2-768x576.jpg 768w, https:\/\/educationsuisse.ch\/wp-content\/uploads\/2025\/02\/IMG_2-1536x1152.jpg 1536w, https:\/\/educationsuisse.ch\/wp-content\/uploads\/2025\/02\/IMG_2-16x12.jpg 16w, https:\/\/educationsuisse.ch\/wp-content\/uploads\/2025\/02\/IMG_2.jpg 2000w\" sizes=\"(max-width: 1024px) 100vw, 1024px\" \/><\/figure>\n\n\n\n<figure class=\"wp-block-image size-large\"><img loading=\"lazy\" decoding=\"async\" width=\"1024\" height=\"768\" data-id=\"10591\" src=\"https:\/\/educationsuisse.ch\/wp-content\/uploads\/2025\/02\/IMG_3-1024x768.jpg\" alt=\"Sara Alouini, une Suissesse de l&#039;\u00e9tranger, a appris l&#039;\u00e9lectronique en Suisse\" class=\"wp-image-10591\" srcset=\"https:\/\/educationsuisse.ch\/wp-content\/uploads\/2025\/02\/IMG_3-1024x768.jpg 1024w, https:\/\/educationsuisse.ch\/wp-content\/uploads\/2025\/02\/IMG_3-300x225.jpg 300w, https:\/\/educationsuisse.ch\/wp-content\/uploads\/2025\/02\/IMG_3-768x576.jpg 768w, https:\/\/educationsuisse.ch\/wp-content\/uploads\/2025\/02\/IMG_3-1536x1152.jpg 1536w, https:\/\/educationsuisse.ch\/wp-content\/uploads\/2025\/02\/IMG_3-2048x1536.jpg 2048w, https:\/\/educationsuisse.ch\/wp-content\/uploads\/2025\/02\/IMG_3-16x12.jpg 16w\" sizes=\"(max-width: 1024px) 100vw, 1024px\" \/><\/figure>\n<figcaption class=\"blocks-gallery-caption wp-element-caption\">Sara Alouini avec son fianc\u00e9 \u00e0 Porto, au Portugal (\u00e0 gauche) et chez elle \u00e0 Djerba, en Tunisie.<\/figcaption><\/figure>\n\n\n\n<p>Mais mon voyage est loin d'\u00eatre termin\u00e9 : je serai bient\u00f4t \u00e0 Winterthur \u00e0 la <a href=\"https:\/\/www.zhaw.ch\/en\/university\" target=\"_blank\" data-type=\"link\" data-id=\"https:\/\/www.zhaw.ch\/en\/university\" rel=\"noreferrer noopener\">Haute \u00e9cole zurichoise de sciences appliqu\u00e9es ZHAW<\/a> pour commencer des \u00e9tudes d'\u00e9lectrotechnique afin d'approfondir mes connaissances. La vie est un voyage aux chemins inconnus. Mais qui ne tente rien n'a rien\".<\/p>\n\n\n\n<div class=\"wp-block-buttons is-layout-flex wp-block-buttons-is-layout-flex\">\n<div class=\"wp-block-button\"><a class=\"wp-block-button__link wp-element-button\" href=\"https:\/\/educationsuisse.ch\/wp-content\/uploads\/2023\/11\/NEU_Broschuere_Erfahrungsberichte_2022.pdf\" target=\"_blank\" rel=\"noreferrer noopener\">Plus de t\u00e9moignages<\/a><\/div>\n<\/div>\n\n\n\n<p><\/p>","protected":false},"excerpt":{"rendered":"<p>Sara Alouini, qui a grandi en Tunisie, partage son exp\u00e9rience d'apprentie en Suisse.<\/p>","protected":false},"featured_media":10588,"template":"","filter-aktuelles":[195],"class_list":["post-10586","aktuelles","type-aktuelles","status-publish","has-post-thumbnail","hentry","filter-aktuelles-ausbildung"],"acf":[],"_links":{"self":[{"href":"https:\/\/educationsuisse.ch\/fr\/wp-json\/wp\/v2\/aktuelles\/10586","targetHints":{"allow":["GET"]}}],"collection":[{"href":"https:\/\/educationsuisse.ch\/fr\/wp-json\/wp\/v2\/aktuelles"}],"about":[{"href":"https:\/\/educationsuisse.ch\/fr\/wp-json\/wp\/v2\/types\/aktuelles"}],"wp:featuredmedia":[{"embeddable":true,"href":"https:\/\/educationsuisse.ch\/fr\/wp-json\/wp\/v2\/media\/10588"}],"wp:attachment":[{"href":"https:\/\/educationsuisse.ch\/fr\/wp-json\/wp\/v2\/media?parent=10586"}],"wp:term":[{"taxonomy":"filter-aktuelles","embeddable":true,"href":"https:\/\/educationsuisse.ch\/fr\/wp-json\/wp\/v2\/filter-aktuelles?post=10586"}],"curies":[{"name":"wp","href":"https:\/\/api.w.org\/{rel}","templated":true}]}}

Sara Alouini, Suissesse de l'étranger, a fait son apprentissage d'électronicienne en Suisse

<p><strong>La Suissesse de l'étranger Sara Alouini a grandi en Tunisie et, après avoir obtenu son baccalauréat tunisien, elle a décidé de faire un apprentissage d'électronicienne en Suisse. Elle explique ici pourquoi l'apprentissage était la bonne décision et comment le voyage se poursuit pour elle.</strong></p>



<p>"La vie n'est pas toujours facile. Parfois, nous devons sacrifier notre bien-être pour aller de l'avant", me disait mon père juste avant que je ne quitte Djerba, la perle de la Méditerranée connue sous le nom "île de rêve", pour m'installer en Suisse.</p>



<p>Moitié tunisienne, moitié suissesse, mon frère et moi parlions le suisse allemand avec ma mère et le tunisien (dialecte arabe) avec mon père. Quand tout le monde était à la maison, nous parlions l'allemand standard. </p>



<figure class="wp-block-image size-large"><img fetchpriority="high" decoding="async" width="1024" height="683" src="https://educationsuisse.ch/wp-content/uploads/2025/02/IMG_1-1024x683.jpg" alt="Sara Alouini, une Suissesse de l&#039;étranger, a appris l&#039;électronique en Suisse" class="wp-image-10589" srcset="https://educationsuisse.ch/wp-content/uploads/2025/02/IMG_1-1024x683.jpg 1024w, https://educationsuisse.ch/wp-content/uploads/2025/02/IMG_1-300x200.jpg 300w, https://educationsuisse.ch/wp-content/uploads/2025/02/IMG_1-768x512.jpg 768w, https://educationsuisse.ch/wp-content/uploads/2025/02/IMG_1-1536x1024.jpg 1536w, https://educationsuisse.ch/wp-content/uploads/2025/02/IMG_1-2048x1365.jpg 2048w, https://educationsuisse.ch/wp-content/uploads/2025/02/IMG_1-18x12.jpg 18w" sizes="(max-width: 1024px) 100vw, 1024px" /><figcaption class="wp-element-caption">La Suissesse de l'étranger et électronicienne diplômée Sara Alouini au bord du lac de Bienne.</figcaption></figure>



<p>La Suisse ne m'était pas étrangère - du moins comme destination de vacances. Chaque année, je rendais visite une ou deux fois à mes parents maternels. Mais y vivre ? C'était une toute autre histoire. La décision a été difficile à prendre. </p>



<h2 class="wp-block-heading">Apprentissage d'électronicienne</h2>



<p>En Tunisie, j'avais construit une vie qui me plaisait : des amitiés précieuses, des hobbies comme le karaté, l'équitation et la plongée - et un profond sentiment de gratitude pour ce que j'avais. Mais comme le soleil se couche à l'horizon pour laisser place à un nouveau jour, j'ai senti qu'il était temps de prendre un nouveau départ.</p>



<p>Après mon baccalauréat tunisien avec spécialisation en mathématiques, une grande question s'est posée : quelle est la suite ? J'avais déjà entendu parler du système de formation professionnelle duale en Suisse et je savais que j'appréciais à la fois la théorie et la pratique. Après des recherches approfondies, j'ai opté pour un apprentissage d'électronicienne - une voie qui me permettait d'appliquer directement ma passion pour les mathématiques et la physique.</p>



<p>Puis est arrivé le 14 juillet 2018, le jour où mon avion a décollé et où ma vie d'avant est restée sur l'île. </p>



<h2 class="wp-block-heading">Pluie et soleil</h2>



<p>Mon intérieur ressemblait à une mer agitée. Des vagues de tristesse m'envahissaient parce que je devais laisser ma famille derrière moi, et des courants d'incertitude m'entraînaient, car je ne connaissais presque personne en Suisse. Mais entre tous ces nuages sombres, il y avait aussi des rayons de soleil - des moments d'excitation face aux nouvelles opportunités qui s'offraient à moi.</p>



<p>Je me suis vite rendu compte que plusieurs de mes inquiétudes étaient infondées. Bien sûr, reconstruire ma vie à partir de zéro a été un défi. J'ai dû apprendre à acheter correctement des billets de train en Suisse, à remplir des déclarations d'impôts, à faire des demandes de bourses et même à participer à des élections à l'échelle nationale. </p>



<p>Mais j'ai eu de la chance : pendant mon apprentissage, j'ai pu vivre dans une famille d'accueil chaleureuse. Il·elle·s étaient à mes côtés pour me conseiller et me donner la sécurité dont j'avais besoin pour consolider mes racines dans ma nouvelle patrie. De plus, educationsuisse m'a soutenu dans ma demande de bourses auprès de mon canton d'origine, Berne.</p>



<figure class="wp-block-gallery has-nested-images columns-default is-cropped wp-block-gallery-1 is-layout-flex wp-block-gallery-is-layout-flex">
<figure class="wp-block-image size-full"><img decoding="async" width="576" height="432" data-id="10587" src="https://educationsuisse.ch/wp-content/uploads/2025/02/in-der-Lehre.jpg" alt="Sara Alouini, une Suissesse de l&#039;étranger, a appris l&#039;électronique en Suisse" class="wp-image-10587" srcset="https://educationsuisse.ch/wp-content/uploads/2025/02/in-der-Lehre.jpg 576w, https://educationsuisse.ch/wp-content/uploads/2025/02/in-der-Lehre-300x225.jpg 300w, https://educationsuisse.ch/wp-content/uploads/2025/02/in-der-Lehre-16x12.jpg 16w" sizes="(max-width: 576px) 100vw, 576px" /></figure>



<figure class="wp-block-image size-full"><img decoding="async" data-id="10588" src="https://educationsuisse.ch/wp-content/uploads/2025/02/in-der-Lehre_2.jpg" alt="Sara Alouini, une Suissesse de l&#039;étranger, a appris l&#039;électronique en Suisse" class="wp-image-10588"/></figure>
<figcaption class="blocks-gallery-caption wp-element-caption">La Suissesse de l'étranger Sara Alouini au montage (à gauche) et à l'époque dans son entreprise d'apprentissage.</figcaption></figure>



<p>L'apprentissage s'est avéré être une décision en or. Grâce à mes connaissances préalables en mathématiques, j'avais une petite longueur d'avance et j'ai pu passer la maturité professionnelle en même temps que l'apprentissage. Néanmoins, la devise était : "Il n'y a pas de prix sans travail".</p>



<h2 class="wp-block-heading">Un enseignement varié et instructif</h2>



<p>Pendant mon apprentissage d'électronicienne, j'ai appris à concevoir des schémas et des layouts de platines, à programmer des microcontrôleurs et, si cela ne fonctionne pas du premier coup, à rechercher et à corriger les erreurs. L'apprentissage m'a permis de développer mes propres projets, ce qui m'a beaucoup plu. </p>



<p>De plus, pendant mon apprentissage, j'ai eu l'occasion d'expérimenter de multiples activités dans mon entreprise. Il s'agissait notamment de dessiner des constructions imprimées à l'aide d'une imprimante 3D, de réaliser des travaux de soudure et de fabriquer des pièces mécaniques dans l'atelier.</p>



<p>Dans l'ensemble, j'ai trouvé mon apprentissage extrêmement instructif et varié. Pas à pas, j'ai pu approfondir mes connaissances, nouer de précieux contacts professionnels et scolaires, tout en gagnant mon propre argent. Grâce à l'école professionnelle et à la maturité professionnelle en particulier, j'ai fait la connaissance de personnes avec lesquelles je suis encore régulièrement en contact aujourd'hui.</p>



<h2 class="wp-block-heading">Voyage dans le monde de l'enseignement supérieur</h2>



<p>Après mon apprentissage, j'ai commencé à travailler comme testeuse de logiciels. Un travail qui m'a non seulement apporté une expérience professionnelle précieuse, mais qui m'a également donné la liberté financière de vivre mon envie de voyager. Chaque année, je découvre de nouveaux pays, de nouvelles cultures et de nouvelles histoires. </p>



<figure class="wp-block-gallery has-nested-images columns-default is-cropped wp-block-gallery-2 is-layout-flex wp-block-gallery-is-layout-flex">
<figure class="wp-block-image size-large"><img decoding="async" width="1024" height="768" data-id="10590" src="https://educationsuisse.ch/wp-content/uploads/2025/02/IMG_2-1024x768.jpg" alt="Sara Alouini, une Suissesse de l&#039;étranger, a appris l&#039;électronique en Suisse" class="wp-image-10590" srcset="https://educationsuisse.ch/wp-content/uploads/2025/02/IMG_2-1024x768.jpg 1024w, https://educationsuisse.ch/wp-content/uploads/2025/02/IMG_2-300x225.jpg 300w, https://educationsuisse.ch/wp-content/uploads/2025/02/IMG_2-768x576.jpg 768w, https://educationsuisse.ch/wp-content/uploads/2025/02/IMG_2-1536x1152.jpg 1536w, https://educationsuisse.ch/wp-content/uploads/2025/02/IMG_2-16x12.jpg 16w, https://educationsuisse.ch/wp-content/uploads/2025/02/IMG_2.jpg 2000w" sizes="(max-width: 1024px) 100vw, 1024px" /></figure>



<figure class="wp-block-image size-large"><img loading="lazy" decoding="async" width="1024" height="768" data-id="10591" src="https://educationsuisse.ch/wp-content/uploads/2025/02/IMG_3-1024x768.jpg" alt="Sara Alouini, une Suissesse de l&#039;étranger, a appris l&#039;électronique en Suisse" class="wp-image-10591" srcset="https://educationsuisse.ch/wp-content/uploads/2025/02/IMG_3-1024x768.jpg 1024w, https://educationsuisse.ch/wp-content/uploads/2025/02/IMG_3-300x225.jpg 300w, https://educationsuisse.ch/wp-content/uploads/2025/02/IMG_3-768x576.jpg 768w, https://educationsuisse.ch/wp-content/uploads/2025/02/IMG_3-1536x1152.jpg 1536w, https://educationsuisse.ch/wp-content/uploads/2025/02/IMG_3-2048x1536.jpg 2048w, https://educationsuisse.ch/wp-content/uploads/2025/02/IMG_3-16x12.jpg 16w" sizes="(max-width: 1024px) 100vw, 1024px" /></figure>
<figcaption class="blocks-gallery-caption wp-element-caption">Sara Alouini avec son fiancé à Porto, au Portugal (à gauche) et chez elle à Djerba, en Tunisie.</figcaption></figure>



<p>Mais mon voyage est loin d'être terminé : je serai bientôt à Winterthur à la <a href="https://www.zhaw.ch/en/university" target="_blank" data-type="link" data-id="https://www.zhaw.ch/en/university" rel="noreferrer noopener">Haute école zurichoise de sciences appliquées ZHAW</a> pour commencer des études d'électrotechnique afin d'approfondir mes connaissances. La vie est un voyage aux chemins inconnus. Mais qui ne tente rien n'a rien".</p>



<div class="wp-block-buttons is-layout-flex wp-block-buttons-is-layout-flex">
<div class="wp-block-button"><a class="wp-block-button__link wp-element-button" href="https://educationsuisse.ch/wp-content/uploads/2023/11/NEU_Broschuere_Erfahrungsberichte_2022.pdf" target="_blank" rel="noreferrer noopener">Plus de témoignages</a></div>
</div>



<p></p>

<p>Sara Alouini, qui a grandi en Tunisie, partage son expérience d'apprentie en Suisse.</p>
