{"id":10526,"date":"2025-02-10T16:58:42","date_gmt":"2025-02-10T15:58:42","guid":{"rendered":"https:\/\/educationsuisse.ch\/?post_type=aktuelles&#038;p=10526"},"modified":"2025-10-20T08:33:07","modified_gmt":"2025-10-20T06:33:07","slug":"job-speeddating-ecoles-suisses","status":"publish","type":"aktuelles","link":"https:\/\/educationsuisse.ch\/fr\/aktuelles\/job-speeddating-schweizerschulen\/","title":{"rendered":"Speeddating de l'emploi : du stage \u00e0 l'emploi dans une \u00e9cole suisse ?"},"content":{"rendered":"<p><strong>Neuf directions d'\u00e9cole, trente enseignant\u00b7e\u00b7s int\u00e9ress\u00e9\u00b7e\u00b7s, un stage et des entretiens d'embauche \u00e0 sept minutes d'intervalle. Peu avant No\u00ebl de l'ann\u00e9e derni\u00e8re, les directeurs et directrices des \u00e9coles suisses \u00e0 l'\u00e9tranger reconnues par la Conf\u00e9d\u00e9ration ont rencontr\u00e9 des enseignant\u00b7e\u00b7s suisses dans un espace virtuel pour un \"job speeddating\". <\/strong><\/p>\n\n\n\n<p>Le deuxi\u00e8me job speeddating avec les \u00e9coles suisses a suscit\u00e9 un grand int\u00e9r\u00eat. \"Avec 30 participants, nous avons doubl\u00e9 le nombre de participant\u00b7e\u00b7s\", explique Serge K\u00fcnzler, directeur d'educationsuisse, l'association fa\u00eeti\u00e8re des 17 \u00e9coles suisses \u00e0 l'\u00e9tranger. \"En raison de la forte demande, nous \u00e9tudions des adaptations organisationnelles pour la troisi\u00e8me \u00e9dition en d\u00e9cembre\".<\/p>\n\n\n\n<h2 class=\"wp-block-heading\">Un concept croustillant<\/h2>\n\n\n\n<p>Lors du speed dating de l'emploi, des employ\u00e9\u00b7e\u00b7s potentiel\u00b7le\u00b7s ont \u00e9chang\u00e9 avec des directeur\u00b7trice\u00b7s d'\u00e9cole de Colombie, du Chili, du Br\u00e9sil, de Tha\u00eflande, d'Italie, de Chine et du Mexique. Chaque entretien durait sept minutes.<\/p>\n\n\n\n<figure class=\"wp-block-image size-large\"><img fetchpriority=\"high\" decoding=\"async\" width=\"1024\" height=\"576\" src=\"https:\/\/educationsuisse.ch\/wp-content\/uploads\/2025\/02\/JSD-TN-Screenshot-1024x576.jpeg\" alt=\"\" class=\"wp-image-10530\" srcset=\"https:\/\/educationsuisse.ch\/wp-content\/uploads\/2025\/02\/JSD-TN-Screenshot-1024x576.jpeg 1024w, https:\/\/educationsuisse.ch\/wp-content\/uploads\/2025\/02\/JSD-TN-Screenshot-300x169.jpeg 300w, https:\/\/educationsuisse.ch\/wp-content\/uploads\/2025\/02\/JSD-TN-Screenshot-768x432.jpeg 768w, https:\/\/educationsuisse.ch\/wp-content\/uploads\/2025\/02\/JSD-TN-Screenshot-18x10.jpeg 18w, https:\/\/educationsuisse.ch\/wp-content\/uploads\/2025\/02\/JSD-TN-Screenshot.jpeg 1280w\" sizes=\"(max-width: 1024px) 100vw, 1024px\" \/><figcaption class=\"wp-element-caption\">Les directeur\u00b7trice\u00b7s et les enseignant\u00b7e\u00b7s des \u00e9coles suisses \u00e0 l'\u00e9tranger se pr\u00e9parent \u00e0 l'\u00e9change avec les enseignant\u00b7e\u00b7s int\u00e9ress\u00e9s lors du job speeddating virtuel. La Colombie manque sur la photo.<\/figcaption><\/figure>\n\n\n\n<p>Bettina Huber, codirectrice de l'\u00e9cole suisse de Mexico, appr\u00e9cie le concept croustillant : \"Une forme id\u00e9ale pour nouer les premiers contacts, clarifier les questions et \u00e9veiller l'int\u00e9r\u00eat\". La question de savoir s'il y aura \u00e0 nouveau un engagement fixe n'est pas encore tranch\u00e9e.<\/p>\n\n\n\n<h2 class=\"wp-block-heading\">Stage \u00e0 Mexico<\/h2>\n\n\n\n<p>Les enseignant\u00b7e\u00b7s int\u00e9ress\u00e9\u00b7e\u00b7s, comme Ari Hechel, enseignant du secondaire et \u00e9tudiant en master \u00e0 la <a href=\"https:\/\/phzh.ch\/\" data-type=\"link\" data-id=\"https:\/\/phzh.ch\/\" target=\"_blank\" rel=\"noreferrer noopener\">Haute \u00e9cole p\u00e9dagogique de Zurich<\/a>, sont \u00e9galement convaincu\u00b7e\u00b7s. \"L'\u00e9change simple avec les directeur\u00b7trice\u00b7s des \u00e9coles suisses \u00e0 l'\u00e9tranger \u00e9tait tr\u00e8s int\u00e9ressant\".<\/p>\n\n\n\n<p>Encourag\u00e9 par les bonnes discussions et l'atmosph\u00e8re agr\u00e9able, Hechel s'est spontan\u00e9ment renseign\u00e9 sur un stage \u00e0 l' <a href=\"https:\/\/educationsuisse.ch\/fr\/ecoles\/ecole-suisse-dans-la-ville-de-mexico\/\" data-type=\"link\" data-id=\"https:\/\/educationsuisse.ch\/de\/schulen\/schweizerschule-in-mexiko-stadt\/\">\u00c9cole suisse \u00e0 Mexique<\/a> pendant les prochaines vacances universitaires de janvier. Bettina Huber a rendu possible ce qui semblait impossible et, moins d'un mois plus tard, Hechel a atterri dans la capitale mexicaine.<\/p>\n\n\n\n<p>\"Au d\u00e9but, c'\u00e9tait d\u00e9j\u00e0 un petit choc culturel dans cette m\u00e9tropole g\u00e9ante de plusieurs dizaines de millions d'habitant\u00b7e\u00b7s\", se souvient Hechel. \"En plus, je n'avais jamais \u00e9t\u00e9 en Am\u00e9rique latine et je ne parle pas espagnol\".<\/p>\n\n\n\n<figure class=\"wp-block-image size-large\"><img decoding=\"async\" width=\"1024\" height=\"768\" src=\"https:\/\/educationsuisse.ch\/wp-content\/uploads\/2025\/02\/IMG_7052-1024x768.jpeg\" alt=\"Ari Hechel \u00c9cole suisse de Mexico\" class=\"wp-image-10531\" srcset=\"https:\/\/educationsuisse.ch\/wp-content\/uploads\/2025\/02\/IMG_7052-1024x768.jpeg 1024w, https:\/\/educationsuisse.ch\/wp-content\/uploads\/2025\/02\/IMG_7052-300x225.jpeg 300w, https:\/\/educationsuisse.ch\/wp-content\/uploads\/2025\/02\/IMG_7052-768x576.jpeg 768w, https:\/\/educationsuisse.ch\/wp-content\/uploads\/2025\/02\/IMG_7052-1536x1152.jpeg 1536w, https:\/\/educationsuisse.ch\/wp-content\/uploads\/2025\/02\/IMG_7052-2048x1536.jpeg 2048w, https:\/\/educationsuisse.ch\/wp-content\/uploads\/2025\/02\/IMG_7052-16x12.jpeg 16w\" sizes=\"(max-width: 1024px) 100vw, 1024px\" \/><figcaption class=\"wp-element-caption\">Ari Hechel, en t-shirt rouge, avec une classe de secondaire de l'\u00e9cole suisse de Mexico.<\/figcaption><\/figure>\n\n\n\n<p>Mais apr\u00e8s seulement quatre semaines, Hechel se sentait totalement \u00e0 l'aise : \"J'ai tr\u00e8s vite trouv\u00e9 des contacts \u00e0 l'\u00e9cole et j'ai m\u00eame appris un peu d'espagnol en tandem avec des coll\u00e8gues hispanophones !\"<\/p>\n\n\n\n<p>Hechel a enseign\u00e9 l'allemand comme deuxi\u00e8me langue et l'anglais et a apport\u00e9 \u00e0 l'ensemble du secondaire et du gymnase dans le cadre de <a href=\"https:\/\/www.set.ch\/holocaust-nachkommen\/\" target=\"_blank\" rel=\"noreferrer noopener\">\"Les descendants racontent\"<\/a> l'Holocauste et l'histoire de sa propre famille juive. Hechel a pass\u00e9 son temps libre \u00e0 explorer les collines environnantes et la m\u00e9gapole tr\u00e9pidante.<\/p>\n\n\n\n<figure class=\"wp-block-gallery has-nested-images columns-default is-cropped wp-block-gallery-1 is-layout-flex wp-block-gallery-is-layout-flex\">\n<figure class=\"wp-block-image size-large\"><img decoding=\"async\" width=\"768\" height=\"1024\" data-id=\"10534\" src=\"https:\/\/educationsuisse.ch\/wp-content\/uploads\/2025\/02\/IMG_6957-768x1024.jpeg\" alt=\"\" class=\"wp-image-10534\" srcset=\"https:\/\/educationsuisse.ch\/wp-content\/uploads\/2025\/02\/IMG_6957-768x1024.jpeg 768w, https:\/\/educationsuisse.ch\/wp-content\/uploads\/2025\/02\/IMG_6957-225x300.jpeg 225w, https:\/\/educationsuisse.ch\/wp-content\/uploads\/2025\/02\/IMG_6957-1152x1536.jpeg 1152w, https:\/\/educationsuisse.ch\/wp-content\/uploads\/2025\/02\/IMG_6957-1536x2048.jpeg 1536w, https:\/\/educationsuisse.ch\/wp-content\/uploads\/2025\/02\/IMG_6957-9x12.jpeg 9w, https:\/\/educationsuisse.ch\/wp-content\/uploads\/2025\/02\/IMG_6957-scaled.jpeg 1920w\" sizes=\"(max-width: 768px) 100vw, 768px\" \/><figcaption class=\"wp-element-caption\">Excursion \u00e0 la pyramide du soleil \u00e0 Teotihuac\u00e1n<\/figcaption><\/figure>\n\n\n\n<figure class=\"wp-block-image size-large\"><img loading=\"lazy\" decoding=\"async\" width=\"768\" height=\"1024\" data-id=\"10532\" src=\"https:\/\/educationsuisse.ch\/wp-content\/uploads\/2025\/02\/IMG_5605-768x1024.jpeg\" alt=\"\" class=\"wp-image-10532\" srcset=\"https:\/\/educationsuisse.ch\/wp-content\/uploads\/2025\/02\/IMG_5605-768x1024.jpeg 768w, https:\/\/educationsuisse.ch\/wp-content\/uploads\/2025\/02\/IMG_5605-225x300.jpeg 225w, https:\/\/educationsuisse.ch\/wp-content\/uploads\/2025\/02\/IMG_5605-1152x1536.jpeg 1152w, https:\/\/educationsuisse.ch\/wp-content\/uploads\/2025\/02\/IMG_5605-1536x2048.jpeg 1536w, https:\/\/educationsuisse.ch\/wp-content\/uploads\/2025\/02\/IMG_5605-9x12.jpeg 9w, https:\/\/educationsuisse.ch\/wp-content\/uploads\/2025\/02\/IMG_5605-scaled.jpeg 1920w\" sizes=\"(max-width: 768px) 100vw, 768px\" \/><figcaption class=\"wp-element-caption\">Guacamole fra\u00eechement pr\u00e9par\u00e9 \u00e0 la mexicaine<\/figcaption><\/figure>\n<\/figure>\n\n\n\n<p>\"C'est une aventure \u00e9norme et une exp\u00e9rience incroyablement passionnante que je recommande \u00e0 tout le monde\", r\u00e9sume Hechel \u00e0 propos de son stage dans l'une des huit <a href=\"https:\/\/educationsuisse.ch\/fr\/ecoles\/\" data-type=\"filter-aktuelles\" data-id=\"193\">\u00c9coles suisses <\/a>en Am\u00e9rique latine. Et d'ajouter : \"Apr\u00e8s mes \u00e9tudes, je veux absolument enseigner \u00e0 l'\u00e9tranger !\"<\/p>\n\n\n\n<h2 class=\"wp-block-heading\">Nouveau speed dating de l'emploi<\/h2>\n\n\n\n<p>educationsuisse a organis\u00e9 le Job-Speeddating en collaboration avec Angela Jetter de <a href=\"https:\/\/angelaworks.ch\/\" target=\"_blank\" rel=\"noreferrer noopener\">angela works GmbH<\/a> et de l' <a href=\"https:\/\/movetia.ch\/\" data-type=\"link\" data-id=\"https:\/\/movetia.ch\/\" target=\"_blank\" rel=\"noreferrer noopener\">Movetia<\/a>, l'agence nationale pour la promotion des \u00e9changes et de la mobilit\u00e9 dans le syst\u00e8me \u00e9ducatif.<\/p>\n\n\n\n<p>Le <strong>10 d\u00e9cembre 2025<\/strong> aura lieu le prochain job speeddating des \u00e9coles suisses.<\/p>\n\n\n\n<div class=\"wp-block-buttons is-layout-flex wp-block-buttons-is-layout-flex\">\n<div class=\"wp-block-button\"><a class=\"wp-block-button__link wp-element-button\" href=\"https:\/\/educationsuisse.ch\/fr\/un-enseignant-suisse-a-letranger\/conditions-demploi-dans-les-ecoles-suisses\/\">Conditions d'emploi dans les \u00e9coles suisses \u00e0 l'\u00e9tranger<\/a><\/div>\n<\/div>\n\n\n\n<p><\/p>","protected":false},"excerpt":{"rendered":"<p>Neuf directions d'\u00e9cole, trente enseignants int\u00e9ress\u00e9s, un stage et des entretiens d'embauche \u00e0 sept minutes d'intervalle. <\/p>","protected":false},"featured_media":10527,"template":"","filter-aktuelles":[197,196],"class_list":["post-10526","aktuelles","type-aktuelles","status-publish","has-post-thumbnail","hentry","filter-aktuelles-educationsuisse","filter-aktuelles-events"],"acf":[],"_links":{"self":[{"href":"https:\/\/educationsuisse.ch\/fr\/wp-json\/wp\/v2\/aktuelles\/10526","targetHints":{"allow":["GET"]}}],"collection":[{"href":"https:\/\/educationsuisse.ch\/fr\/wp-json\/wp\/v2\/aktuelles"}],"about":[{"href":"https:\/\/educationsuisse.ch\/fr\/wp-json\/wp\/v2\/types\/aktuelles"}],"wp:featuredmedia":[{"embeddable":true,"href":"https:\/\/educationsuisse.ch\/fr\/wp-json\/wp\/v2\/media\/10527"}],"wp:attachment":[{"href":"https:\/\/educationsuisse.ch\/fr\/wp-json\/wp\/v2\/media?parent=10526"}],"wp:term":[{"taxonomy":"filter-aktuelles","embeddable":true,"href":"https:\/\/educationsuisse.ch\/fr\/wp-json\/wp\/v2\/filter-aktuelles?post=10526"}],"curies":[{"name":"wp","href":"https:\/\/api.w.org\/{rel}","templated":true}]}}

Speeddating de l'emploi : du stage à l'emploi dans une école suisse ?

<p><strong>Neuf directions d'école, trente enseignant·e·s intéressé·e·s, un stage et des entretiens d'embauche à sept minutes d'intervalle. Peu avant Noël de l'année dernière, les directeurs et directrices des écoles suisses à l'étranger reconnues par la Confédération ont rencontré des enseignant·e·s suisses dans un espace virtuel pour un "job speeddating". </strong></p>



<p>Le deuxième job speeddating avec les écoles suisses a suscité un grand intérêt. "Avec 30 participants, nous avons doublé le nombre de participant·e·s", explique Serge Künzler, directeur d'educationsuisse, l'association faîtière des 17 écoles suisses à l'étranger. "En raison de la forte demande, nous étudions des adaptations organisationnelles pour la troisième édition en décembre".</p>



<h2 class="wp-block-heading">Un concept croustillant</h2>



<p>Lors du speed dating de l'emploi, des employé·e·s potentiel·le·s ont échangé avec des directeur·trice·s d'école de Colombie, du Chili, du Brésil, de Thaïlande, d'Italie, de Chine et du Mexique. Chaque entretien durait sept minutes.</p>



<figure class="wp-block-image size-large"><img fetchpriority="high" decoding="async" width="1024" height="576" src="https://educationsuisse.ch/wp-content/uploads/2025/02/JSD-TN-Screenshot-1024x576.jpeg" alt="" class="wp-image-10530" srcset="https://educationsuisse.ch/wp-content/uploads/2025/02/JSD-TN-Screenshot-1024x576.jpeg 1024w, https://educationsuisse.ch/wp-content/uploads/2025/02/JSD-TN-Screenshot-300x169.jpeg 300w, https://educationsuisse.ch/wp-content/uploads/2025/02/JSD-TN-Screenshot-768x432.jpeg 768w, https://educationsuisse.ch/wp-content/uploads/2025/02/JSD-TN-Screenshot-18x10.jpeg 18w, https://educationsuisse.ch/wp-content/uploads/2025/02/JSD-TN-Screenshot.jpeg 1280w" sizes="(max-width: 1024px) 100vw, 1024px" /><figcaption class="wp-element-caption">Les directeur·trice·s et les enseignant·e·s des écoles suisses à l'étranger se préparent à l'échange avec les enseignant·e·s intéressés lors du job speeddating virtuel. La Colombie manque sur la photo.</figcaption></figure>



<p>Bettina Huber, codirectrice de l'école suisse de Mexico, apprécie le concept croustillant : "Une forme idéale pour nouer les premiers contacts, clarifier les questions et éveiller l'intérêt". La question de savoir s'il y aura à nouveau un engagement fixe n'est pas encore tranchée.</p>



<h2 class="wp-block-heading">Stage à Mexico</h2>



<p>Les enseignant·e·s intéressé·e·s, comme Ari Hechel, enseignant du secondaire et étudiant en master à la <a href="https://phzh.ch/" data-type="link" data-id="https://phzh.ch/" target="_blank" rel="noreferrer noopener">Haute école pédagogique de Zurich</a>, sont également convaincu·e·s. "L'échange simple avec les directeur·trice·s des écoles suisses à l'étranger était très intéressant".</p>



<p>Encouragé par les bonnes discussions et l'atmosphère agréable, Hechel s'est spontanément renseigné sur un stage à l' <a href="https://educationsuisse.ch/fr/ecoles/ecole-suisse-dans-la-ville-de-mexico/" data-type="link" data-id="https://educationsuisse.ch/de/schulen/schweizerschule-in-mexiko-stadt/">École suisse à Mexique</a> pendant les prochaines vacances universitaires de janvier. Bettina Huber a rendu possible ce qui semblait impossible et, moins d'un mois plus tard, Hechel a atterri dans la capitale mexicaine.</p>



<p>"Au début, c'était déjà un petit choc culturel dans cette métropole géante de plusieurs dizaines de millions d'habitant·e·s", se souvient Hechel. "En plus, je n'avais jamais été en Amérique latine et je ne parle pas espagnol".</p>



<figure class="wp-block-image size-large"><img decoding="async" width="1024" height="768" src="https://educationsuisse.ch/wp-content/uploads/2025/02/IMG_7052-1024x768.jpeg" alt="Ari Hechel École suisse de Mexico" class="wp-image-10531" srcset="https://educationsuisse.ch/wp-content/uploads/2025/02/IMG_7052-1024x768.jpeg 1024w, https://educationsuisse.ch/wp-content/uploads/2025/02/IMG_7052-300x225.jpeg 300w, https://educationsuisse.ch/wp-content/uploads/2025/02/IMG_7052-768x576.jpeg 768w, https://educationsuisse.ch/wp-content/uploads/2025/02/IMG_7052-1536x1152.jpeg 1536w, https://educationsuisse.ch/wp-content/uploads/2025/02/IMG_7052-2048x1536.jpeg 2048w, https://educationsuisse.ch/wp-content/uploads/2025/02/IMG_7052-16x12.jpeg 16w" sizes="(max-width: 1024px) 100vw, 1024px" /><figcaption class="wp-element-caption">Ari Hechel, en t-shirt rouge, avec une classe de secondaire de l'école suisse de Mexico.</figcaption></figure>



<p>Mais après seulement quatre semaines, Hechel se sentait totalement à l'aise : "J'ai très vite trouvé des contacts à l'école et j'ai même appris un peu d'espagnol en tandem avec des collègues hispanophones !"</p>



<p>Hechel a enseigné l'allemand comme deuxième langue et l'anglais et a apporté à l'ensemble du secondaire et du gymnase dans le cadre de <a href="https://www.set.ch/holocaust-nachkommen/" target="_blank" rel="noreferrer noopener">"Les descendants racontent"</a> l'Holocauste et l'histoire de sa propre famille juive. Hechel a passé son temps libre à explorer les collines environnantes et la mégapole trépidante.</p>



<figure class="wp-block-gallery has-nested-images columns-default is-cropped wp-block-gallery-1 is-layout-flex wp-block-gallery-is-layout-flex">
<figure class="wp-block-image size-large"><img decoding="async" width="768" height="1024" data-id="10534" src="https://educationsuisse.ch/wp-content/uploads/2025/02/IMG_6957-768x1024.jpeg" alt="" class="wp-image-10534" srcset="https://educationsuisse.ch/wp-content/uploads/2025/02/IMG_6957-768x1024.jpeg 768w, https://educationsuisse.ch/wp-content/uploads/2025/02/IMG_6957-225x300.jpeg 225w, https://educationsuisse.ch/wp-content/uploads/2025/02/IMG_6957-1152x1536.jpeg 1152w, https://educationsuisse.ch/wp-content/uploads/2025/02/IMG_6957-1536x2048.jpeg 1536w, https://educationsuisse.ch/wp-content/uploads/2025/02/IMG_6957-9x12.jpeg 9w, https://educationsuisse.ch/wp-content/uploads/2025/02/IMG_6957-scaled.jpeg 1920w" sizes="(max-width: 768px) 100vw, 768px" /><figcaption class="wp-element-caption">Excursion à la pyramide du soleil à Teotihuacán</figcaption></figure>



<figure class="wp-block-image size-large"><img loading="lazy" decoding="async" width="768" height="1024" data-id="10532" src="https://educationsuisse.ch/wp-content/uploads/2025/02/IMG_5605-768x1024.jpeg" alt="" class="wp-image-10532" srcset="https://educationsuisse.ch/wp-content/uploads/2025/02/IMG_5605-768x1024.jpeg 768w, https://educationsuisse.ch/wp-content/uploads/2025/02/IMG_5605-225x300.jpeg 225w, https://educationsuisse.ch/wp-content/uploads/2025/02/IMG_5605-1152x1536.jpeg 1152w, https://educationsuisse.ch/wp-content/uploads/2025/02/IMG_5605-1536x2048.jpeg 1536w, https://educationsuisse.ch/wp-content/uploads/2025/02/IMG_5605-9x12.jpeg 9w, https://educationsuisse.ch/wp-content/uploads/2025/02/IMG_5605-scaled.jpeg 1920w" sizes="(max-width: 768px) 100vw, 768px" /><figcaption class="wp-element-caption">Guacamole fraîchement préparé à la mexicaine</figcaption></figure>
</figure>



<p>"C'est une aventure énorme et une expérience incroyablement passionnante que je recommande à tout le monde", résume Hechel à propos de son stage dans l'une des huit <a href="https://educationsuisse.ch/fr/ecoles/" data-type="filter-aktuelles" data-id="193">Écoles suisses </a>en Amérique latine. Et d'ajouter : "Après mes études, je veux absolument enseigner à l'étranger !"</p>



<h2 class="wp-block-heading">Nouveau speed dating de l'emploi</h2>



<p>educationsuisse a organisé le Job-Speeddating en collaboration avec Angela Jetter de <a href="https://angelaworks.ch/" target="_blank" rel="noreferrer noopener">angela works GmbH</a> et de l' <a href="https://movetia.ch/" data-type="link" data-id="https://movetia.ch/" target="_blank" rel="noreferrer noopener">Movetia</a>, l'agence nationale pour la promotion des échanges et de la mobilité dans le système éducatif.</p>



<p>Le <strong>10 décembre 2025</strong> aura lieu le prochain job speeddating des écoles suisses.</p>



<div class="wp-block-buttons is-layout-flex wp-block-buttons-is-layout-flex">
<div class="wp-block-button"><a class="wp-block-button__link wp-element-button" href="https://educationsuisse.ch/fr/un-enseignant-suisse-a-letranger/conditions-demploi-dans-les-ecoles-suisses/">Conditions d'emploi dans les écoles suisses à l'étranger</a></div>
</div>



<p></p>

<p>Neuf directions d'école, trente enseignants intéressés, un stage et des entretiens d'embauche à sept minutes d'intervalle. </p>
