{"id":3722,"date":"2023-10-11T14:33:18","date_gmt":"2023-10-11T12:33:18","guid":{"rendered":"https:\/\/edu-staging.millywilly.website\/?page_id=3722"},"modified":"2025-11-21T11:15:08","modified_gmt":"2025-11-21T10:15:08","slug":"das-schweizer-bildungssystem","status":"publish","type":"page","link":"https:\/\/educationsuisse.ch\/de\/ausbildung-in-der-schweiz\/das-schweizer-bildungssystem\/","title":{"rendered":"Das Schweizer Bildungssystem"},"content":{"rendered":"\n<p>Das Schweizer Bildungssystem ist in verschiedene Stufen unterteilt.<\/p>\n\n\n\n<figure class=\"wp-block-image size-large tlp_webp_lazyload_fix_de\"><a href=\"https:\/\/educationsuisse.ch\/wp-content\/uploads\/2023\/11\/Bildungssystem_d.jpg\"><img fetchpriority=\"high\" decoding=\"async\" width=\"1024\" height=\"733\" src=\"https:\/\/educationsuisse.ch\/wp-content\/uploads\/2023\/11\/Bildungssystem_d-1024x733.jpg\" alt=\"Schematische Darstellung des Bildungssystems in der Schweiz\" class=\"wp-image-7574\" srcset=\"https:\/\/educationsuisse.ch\/wp-content\/uploads\/2023\/11\/Bildungssystem_d-1024x733.jpg 1024w, https:\/\/educationsuisse.ch\/wp-content\/uploads\/2023\/11\/Bildungssystem_d-300x215.jpg 300w, https:\/\/educationsuisse.ch\/wp-content\/uploads\/2023\/11\/Bildungssystem_d-768x550.jpg 768w, https:\/\/educationsuisse.ch\/wp-content\/uploads\/2023\/11\/Bildungssystem_d-18x12.jpg 18w, https:\/\/educationsuisse.ch\/wp-content\/uploads\/2023\/11\/Bildungssystem_d.jpg 1122w\" sizes=\"(max-width: 1024px) 100vw, 1024px\" \/><\/a><figcaption class=\"wp-element-caption\">Schematische und vereinfachte Darstellung des Bildungssystems in der Schweiz<\/figcaption><\/figure>\n\n\n\n<figure class=\"wp-block-image size-large tlp_webp_lazyload_fix_fr\"><a href=\"https:\/\/educationsuisse.ch\/wp-content\/uploads\/2023\/11\/Bildungssystem_f.jpg\"><img decoding=\"async\" width=\"1024\" height=\"733\" src=\"https:\/\/educationsuisse.ch\/wp-content\/uploads\/2023\/11\/Bildungssystem_f-1024x733.jpg\" alt=\"educationsuisse - Ausbildung in der Schweiz - Bildungssystem\" class=\"wp-image-7575\" srcset=\"https:\/\/educationsuisse.ch\/wp-content\/uploads\/2023\/11\/Bildungssystem_f-1024x733.jpg 1024w, https:\/\/educationsuisse.ch\/wp-content\/uploads\/2023\/11\/Bildungssystem_f-300x215.jpg 300w, https:\/\/educationsuisse.ch\/wp-content\/uploads\/2023\/11\/Bildungssystem_f-768x550.jpg 768w, https:\/\/educationsuisse.ch\/wp-content\/uploads\/2023\/11\/Bildungssystem_f-18x12.jpg 18w, https:\/\/educationsuisse.ch\/wp-content\/uploads\/2023\/11\/Bildungssystem_f.jpg 1122w\" sizes=\"(max-width: 1024px) 100vw, 1024px\" \/><\/a><figcaption class=\"wp-element-caption\">educationsuisse &#8211; Ausbildung in der Schweiz &#8211; Bildungssystem<\/figcaption><\/figure>\n\n\n\n<h2 class=\"wp-block-heading\"><strong>Kindergarten \u2013 Primarschule \u2013 Sekundarstufe I<\/strong><\/h2>\n\n\n\n<p>Die obligatorische Schulzeit dauert elf Jahre und umfasst die Primarschule (inkl. Kindergarten) und die Sekundarstufe l. In der ganzen Schweiz beginnt das Schuljahr im August.<\/p>\n\n\n\n<h2 class=\"wp-block-heading\"><strong>Sekundarstufe II<\/strong><\/h2>\n\n\n\n<p>Im Anschluss an die obligatorische Schule beginnt f\u00fcr die 15 bis 16-j\u00e4hrigen Jugendlichen die post-obligatorische Ausbildung, zu der sie nicht verpflichtet sind, die aber f\u00fcr eine sp\u00e4tere berufliche T\u00e4tigkeit unerl\u00e4sslich ist.<\/p>\n\n\n\n<p>Rund 70 % aller Jugendlichen absolvieren eine Berufslehre, bei der sie praktische Erfahrungen in einem Unternehmen sammeln und gleichzeitig eine schulische Ausbildung erhalten. Rund 30 % aller Jugendlichen besuchen hingegen eine allgemeinbildende Schule (Fachmittelschule oder Gymnasium).<\/p>\n\n\n\n<h2 class=\"wp-block-heading\"><strong>Terti\u00e4rstufe<\/strong><\/h2>\n\n\n\n<p>F\u00fcr die Absolvent:innen einer allgemeinbildenden Schule \u00f6ffnet sich mit der Maturit\u00e4t der Zugang an eine Hochschule. Aber auch Berufslernende mit Berufsmatur haben Zugang zu einer Fachhochschule. <\/p>\n\n\n\n<p>Daneben existieren zahlreiche M\u00f6glichkeiten f\u00fcr Berufsleute, die bereits Arbeitserfahrung gesammelt haben, weitere anerkannte Diplome zu erwerben.<\/p>\n\n\n\n<p>Unter den FAQ finden Sie weitere und vertiefte Informationen zu all Ihren Fragen.<\/p>\n\n\n\n<p><\/p>\n","protected":false},"excerpt":{"rendered":"<p>Das Schweizer Bildungssystem ist in verschiedene Stufen unterteilt. Kindergarten \u2013 Primarschule \u2013 Sekundarstufe I Die obligatorische Schulzeit dauert elf Jahre und umfasst die Primarschule (inkl. Kindergarten) und die Sekundarstufe l. In der ganzen Schweiz beginnt das Schuljahr im August. Sekundarstufe II Im Anschluss an die obligatorische Schule beginnt f\u00fcr die 15 bis 16-j\u00e4hrigen Jugendlichen die [&hellip;]<\/p>\n","protected":false},"author":22,"featured_media":0,"parent":373,"menu_order":0,"comment_status":"closed","ping_status":"closed","template":"","meta":{"_acf_changed":false,"footnotes":""},"rubriken":[296],"class_list":["post-3722","page","type-page","status-publish","hentry","rubriken-ausbildung"],"acf":[],"_links":{"self":[{"href":"https:\/\/educationsuisse.ch\/de\/wp-json\/wp\/v2\/pages\/3722","targetHints":{"allow":["GET"]}}],"collection":[{"href":"https:\/\/educationsuisse.ch\/de\/wp-json\/wp\/v2\/pages"}],"about":[{"href":"https:\/\/educationsuisse.ch\/de\/wp-json\/wp\/v2\/types\/page"}],"author":[{"embeddable":true,"href":"https:\/\/educationsuisse.ch\/de\/wp-json\/wp\/v2\/users\/22"}],"replies":[{"embeddable":true,"href":"https:\/\/educationsuisse.ch\/de\/wp-json\/wp\/v2\/comments?post=3722"}],"version-history":[{"count":25,"href":"https:\/\/educationsuisse.ch\/de\/wp-json\/wp\/v2\/pages\/3722\/revisions"}],"predecessor-version":[{"id":9117,"href":"https:\/\/educationsuisse.ch\/de\/wp-json\/wp\/v2\/pages\/3722\/revisions\/9117"}],"up":[{"embeddable":true,"href":"https:\/\/educationsuisse.ch\/de\/wp-json\/wp\/v2\/pages\/373"}],"wp:attachment":[{"href":"https:\/\/educationsuisse.ch\/de\/wp-json\/wp\/v2\/media?parent=3722"}],"wp:term":[{"taxonomy":"rubriken","embeddable":true,"href":"https:\/\/educationsuisse.ch\/de\/wp-json\/wp\/v2\/rubriken?post=3722"}],"curies":[{"name":"wp","href":"https:\/\/api.w.org\/{rel}","templated":true}]}}

<p>Das Schweizer Bildungssystem ist in verschiedene Stufen unterteilt.</p>



<figure class="wp-block-image size-large tlp_webp_lazyload_fix_de"><a href="https://educationsuisse.ch/wp-content/uploads/2023/11/Bildungssystem_d.jpg"><img fetchpriority="high" decoding="async" width="1024" height="733" src="https://educationsuisse.ch/wp-content/uploads/2023/11/Bildungssystem_d-1024x733.jpg" alt="Schematische Darstellung des Bildungssystems in der Schweiz" class="wp-image-7574" srcset="https://educationsuisse.ch/wp-content/uploads/2023/11/Bildungssystem_d-1024x733.jpg 1024w, https://educationsuisse.ch/wp-content/uploads/2023/11/Bildungssystem_d-300x215.jpg 300w, https://educationsuisse.ch/wp-content/uploads/2023/11/Bildungssystem_d-768x550.jpg 768w, https://educationsuisse.ch/wp-content/uploads/2023/11/Bildungssystem_d-18x12.jpg 18w, https://educationsuisse.ch/wp-content/uploads/2023/11/Bildungssystem_d.jpg 1122w" sizes="(max-width: 1024px) 100vw, 1024px" /></a><figcaption class="wp-element-caption">Schematische und vereinfachte Darstellung des Bildungssystems in der Schweiz</figcaption></figure>



<figure class="wp-block-image size-large tlp_webp_lazyload_fix_fr"><a href="https://educationsuisse.ch/wp-content/uploads/2023/11/Bildungssystem_f.jpg"><img decoding="async" width="1024" height="733" src="https://educationsuisse.ch/wp-content/uploads/2023/11/Bildungssystem_f-1024x733.jpg" alt="educationsuisse - Ausbildung in der Schweiz - Bildungssystem" class="wp-image-7575" srcset="https://educationsuisse.ch/wp-content/uploads/2023/11/Bildungssystem_f-1024x733.jpg 1024w, https://educationsuisse.ch/wp-content/uploads/2023/11/Bildungssystem_f-300x215.jpg 300w, https://educationsuisse.ch/wp-content/uploads/2023/11/Bildungssystem_f-768x550.jpg 768w, https://educationsuisse.ch/wp-content/uploads/2023/11/Bildungssystem_f-18x12.jpg 18w, https://educationsuisse.ch/wp-content/uploads/2023/11/Bildungssystem_f.jpg 1122w" sizes="(max-width: 1024px) 100vw, 1024px" /></a><figcaption class="wp-element-caption">educationsuisse &#8211; Ausbildung in der Schweiz &#8211; Bildungssystem</figcaption></figure>



<h2 class="wp-block-heading"><strong>Kindergarten – Primarschule – Sekundarstufe I</strong></h2>



<p>Die obligatorische Schulzeit dauert elf Jahre und umfasst die Primarschule (inkl. Kindergarten) und die Sekundarstufe l. In der ganzen Schweiz beginnt das Schuljahr im August.</p>



<h2 class="wp-block-heading"><strong>Sekundarstufe II</strong></h2>



<p>Im Anschluss an die obligatorische Schule beginnt für die 15 bis 16-jährigen Jugendlichen die post-obligatorische Ausbildung, zu der sie nicht verpflichtet sind, die aber für eine spätere berufliche Tätigkeit unerlässlich ist.</p>



<p>Rund 70 % aller Jugendlichen absolvieren eine Berufslehre, bei der sie praktische Erfahrungen in einem Unternehmen sammeln und gleichzeitig eine schulische Ausbildung erhalten. Rund 30 % aller Jugendlichen besuchen hingegen eine allgemeinbildende Schule (Fachmittelschule oder Gymnasium).</p>



<h2 class="wp-block-heading"><strong>Tertiärstufe</strong></h2>



<p>Für die Absolvent:innen einer allgemeinbildenden Schule öffnet sich mit der Maturität der Zugang an eine Hochschule. Aber auch Berufslernende mit Berufsmatur haben Zugang zu einer Fachhochschule. </p>



<p>Daneben existieren zahlreiche Möglichkeiten für Berufsleute, die bereits Arbeitserfahrung gesammelt haben, weitere anerkannte Diplome zu erwerben.</p>



<p>Unter den FAQ finden Sie weitere und vertiefte Informationen zu all Ihren Fragen.</p>



<p></p>

<p>Das Schweizer Bildungssystem ist in verschiedene Stufen unterteilt. Kindergarten – Primarschule – Sekundarstufe I Die obligatorische Schulzeit dauert elf Jahre und umfasst die Primarschule (inkl. Kindergarten) und die Sekundarstufe l. In der ganzen Schweiz beginnt das Schuljahr im August. Sekundarstufe II Im Anschluss an die obligatorische Schule beginnt für die 15 bis 16-jährigen Jugendlichen die [&hellip;]</p>
