{"id":11897,"date":"2026-04-30T14:51:44","date_gmt":"2026-04-30T12:51:44","guid":{"rendered":"https:\/\/educationsuisse.ch\/?post_type=aktuelles&#038;p=11897"},"modified":"2026-04-30T15:07:46","modified_gmt":"2026-04-30T13:07:46","slug":"italien-schweiz-pferdefachfrau","status":"publish","type":"aktuelles","link":"https:\/\/educationsuisse.ch\/de\/aktuelles\/italien-schweiz-pferdefachfrau\/","title":{"rendered":"Von Italien in die Schweiz zur Pferdefachfrau"},"content":{"rendered":"\n<p><strong>Die Auslandschweizerin Nora Schlatter ist in einem kleinen Dorf im Piemont aufgewachsen. Nach der obligatorischen Schulzeit beschloss sie, in die Schweiz zu ziehen, um eine Lehre als Pferdefachfrau mit eidgen\u00f6ssischem F\u00e4higkeitszeugnis zu absolvieren. educationsuisse hat mit ihr \u00fcber ihre Erfahrungen als Lernende und ihr Leben in der Schweiz gesprochen.<\/strong><\/p>\n\n\n\n<p><strong>Sie kamen im Alter von 15 Jahren in die Schweiz, also sehr jung. Erz\u00e4hlen Sie uns, was Sie dazu bewegt hat, eine Lehre in der Schweiz zu machen.<\/strong><br>Meine Leidenschaft f\u00fcr Pferde war der Grund f\u00fcr meinen Umzug. In Italien gibt es zwar verschiedene Kurse, sie sind jedoch ganz anders organisiert als die Berufslehren in der Schweiz, wo auch das Angebot an beruflichen Ausbildungen viel vielf\u00e4ltiger ist als in Italien.<\/p>\n\n\n\n<p><strong>War es schwierig eine Lehrstelle zu finden? Und warum haben Sie sich gerade f\u00fcr die Ausbildung zur Pferdefachfrau entschieden?<\/strong><br>Ich habe in der Schweiz nach Reith\u00f6fen gesucht, in denen ich gerne eine Lehre absolviert h\u00e4tte und habe ihnen meinen Lebenslauf geschickt. So wurde ich von einigen f\u00fcr ein Praktikum eingeladen, um den Reithof, die Menschen und ihre Philosophie kennenzulernen. Ja, es war einfach f\u00fcr mich, einen Ausbildungsplatz zu finden, da ich bereits \u00fcber Erfahrung in der Pferdewelt besass.<\/p>\n\n\n\n<p>Ich habe auch in anderen Berufsbereichen Praktika absolviert: in einem Kindergarten, in einer Konditorei, in einem Fitnessstudio und in einer Gastronomiek\u00fcche. Keiner dieser Berufe hat mich fasziniert. Ich habe seit meiner Kindheit eine Leidenschaft f\u00fcr Pferde, so habe ich beschlossen, den Beruf der Pferdefachfrau zu erlernen.<\/p>\n\n\n\n<figure class=\"wp-block-image size-large\"><a href=\"https:\/\/educationsuisse.ch\/wp-content\/uploads\/2026\/04\/Avanches-2.jpeg\"><img fetchpriority=\"high\" decoding=\"async\" width=\"1024\" height=\"683\" src=\"https:\/\/educationsuisse.ch\/wp-content\/uploads\/2026\/04\/Avanches-2-1024x683.jpeg\" alt=\"\" class=\"wp-image-11907\" srcset=\"https:\/\/educationsuisse.ch\/wp-content\/uploads\/2026\/04\/Avanches-2-1024x683.jpeg 1024w, https:\/\/educationsuisse.ch\/wp-content\/uploads\/2026\/04\/Avanches-2-300x200.jpeg 300w, https:\/\/educationsuisse.ch\/wp-content\/uploads\/2026\/04\/Avanches-2-768x512.jpeg 768w, https:\/\/educationsuisse.ch\/wp-content\/uploads\/2026\/04\/Avanches-2-1536x1024.jpeg 1536w, https:\/\/educationsuisse.ch\/wp-content\/uploads\/2026\/04\/Avanches-2-18x12.jpeg 18w, https:\/\/educationsuisse.ch\/wp-content\/uploads\/2026\/04\/Avanches-2.jpeg 2048w\" sizes=\"(max-width: 1024px) 100vw, 1024px\" \/><\/a><figcaption class=\"wp-element-caption\">Die Auslandschweizerin Nora Schlatter zu Ross in Avenches.<\/figcaption><\/figure>\n\n\n\n<p><strong>Bitte erz\u00e4hlen Sie uns, wie sich ihre Lehre, w\u00e4hrend der sie auf dem Reithof arbeiteten und die Schule besuchten, abgespielt hat.<\/strong><br>W\u00e4hrend den drei Lehrjahren bestand meine Woche aus vier Arbeitstagen und einem Schultag. Die sogenannten \u00dcberbetrieblichen Kurse auf zertifizierten Reith\u00f6fen besuchte ich w\u00e4hrend f\u00fcnf Tagen im Jahr. Die Schultage waren Zeiten, wo ich mit Gleichaltrigen austauschen konnte.<\/p>\n\n\n\n<p><strong>War Ihre Arbeit auf dem Pferdebetrieb immer gleich?<\/strong><br>Die Arbeiten waren sehr vielf\u00e4ltig! Nat\u00fcrlich gab es t\u00e4gliche Aufgaben wie das Putzen der St\u00e4lle und das F\u00fcttern der Pferde. Aber die restlichen Arbeitsstunden waren sehr unterschiedlich. Im Fr\u00fchling galt es zu Heuen und im Sommer kamen viele Kinder w\u00e4hrend ihren Sommerlagern. An manchen Tagen gab es Pferde, die kleine Wundverb\u00e4nde oder Bandagen ben\u00f6tigten, an anderen Tagen assistierte ich dem Hufschmied, unterrichtete die Reitsch\u00fcler:innen oder half beim Pferdetraining.<\/p>\n\n\n\n<p><strong>Was hat Ihnen w\u00e4hrend der Lehre besonders gefallen?<\/strong><br>Die Lehre erm\u00f6glicht es, Arbeit und Schule zu alternieren. Und dieser Wechsel zwischen den beiden Welten gef\u00e4llt mir sehr gut.<\/p>\n\n\n\n<p><strong>Die Lernenden erhalten einen kleinen Lohn, der nicht zum Leben reicht. Wie haben Sie alle Ihre Ausgaben gedeckt?<\/strong><br>Effektiv gen\u00fcgte mein kleiner Lohn nicht zum Leben. Gl\u00fccklicherweise konnte ich ein Stipendium von meinem Heimatkanton Bern erhalten. educationsuisse hat mir dabei geholfen, das Gesuch beim Kanton einzureichen. Ohne ein Stipendium w\u00e4re es f\u00fcr mich schwierig gewesen, meine Ausbildung in der Schweiz absolvieren zu k\u00f6nnen.<\/p>\n\n\n\n<figure class=\"wp-block-gallery has-nested-images columns-default is-cropped wp-block-gallery-1 is-layout-flex wp-block-gallery-is-layout-flex\">\n<figure class=\"wp-block-image size-large\"><a href=\"https:\/\/educationsuisse.ch\/wp-content\/uploads\/2026\/04\/Dressur.jpeg\"><img decoding=\"async\" width=\"710\" height=\"1024\" data-id=\"11905\" src=\"https:\/\/educationsuisse.ch\/wp-content\/uploads\/2026\/04\/Dressur-710x1024.jpeg\" alt=\"\" class=\"wp-image-11905\" srcset=\"https:\/\/educationsuisse.ch\/wp-content\/uploads\/2026\/04\/Dressur-710x1024.jpeg 710w, https:\/\/educationsuisse.ch\/wp-content\/uploads\/2026\/04\/Dressur-208x300.jpeg 208w, https:\/\/educationsuisse.ch\/wp-content\/uploads\/2026\/04\/Dressur-768x1108.jpeg 768w, https:\/\/educationsuisse.ch\/wp-content\/uploads\/2026\/04\/Dressur-1065x1536.jpeg 1065w, https:\/\/educationsuisse.ch\/wp-content\/uploads\/2026\/04\/Dressur-8x12.jpeg 8w, https:\/\/educationsuisse.ch\/wp-content\/uploads\/2026\/04\/Dressur.jpeg 1080w\" sizes=\"(max-width: 710px) 100vw, 710px\" \/><\/a><\/figure>\n\n\n\n<figure class=\"wp-block-image size-large\"><a href=\"https:\/\/educationsuisse.ch\/wp-content\/uploads\/2026\/04\/Unterricht-Bobby.jpg\"><img decoding=\"async\" width=\"768\" height=\"1024\" data-id=\"11906\" src=\"https:\/\/educationsuisse.ch\/wp-content\/uploads\/2026\/04\/Unterricht-Bobby-768x1024.jpg\" alt=\"\" class=\"wp-image-11906\" srcset=\"https:\/\/educationsuisse.ch\/wp-content\/uploads\/2026\/04\/Unterricht-Bobby-768x1024.jpg 768w, https:\/\/educationsuisse.ch\/wp-content\/uploads\/2026\/04\/Unterricht-Bobby-225x300.jpg 225w, https:\/\/educationsuisse.ch\/wp-content\/uploads\/2026\/04\/Unterricht-Bobby-1152x1536.jpg 1152w, https:\/\/educationsuisse.ch\/wp-content\/uploads\/2026\/04\/Unterricht-Bobby-9x12.jpg 9w, https:\/\/educationsuisse.ch\/wp-content\/uploads\/2026\/04\/Unterricht-Bobby.jpg 1536w\" sizes=\"(max-width: 768px) 100vw, 768px\" \/><\/a><\/figure>\n<figcaption class=\"blocks-gallery-caption wp-element-caption\">Nora Schlatter beim Dressur-Reiten (links) und beim Unterrichten eines Kleinkindes.<\/figcaption><\/figure>\n\n\n\n<p><strong>Im Juli 2025 haben Sie Ihre Lehre mit dem Diplom EFZ (eidgen\u00f6ssisches F\u00e4higkeitszeugnis) abgeschlossen. Erz\u00e4hlen Sie uns etwas von den Abschlusspr\u00fcfungen?<\/strong><br>R\u00fcckblickend an die Pr\u00fcfungen zu denken ist sehr sch\u00f6n, denn man sieht, was man in den drei Lehrjahren gelernt hat. Die Abschlusspr\u00fcfungen waren f\u00fcr mich nicht besonders schwierig, da ich in den ersten zwei Lehrjahren immer gut die Unterrichtsstunden verfolgt und Zusammenfassungen geschrieben habe. Diese Lernweise erleichterte meine Arbeitsbelastung und verringerte die Anspannung im dritten Jahr.<\/p>\n\n\n\n<p><strong>Darf ich fragen, was Sie jetzt gerade tun und wie Ihre Zukunftspl\u00e4ne aussehen?<\/strong><br>Zurzeit bin ich in Frankreich. Seit September bin ich mit einer Freundin auf Reisen. Dieses Abenteuer machen wir mit \u00abWorkaway\u00bb, das heisst, wir arbeiten ein paar Stunden und erhalten daf\u00fcr Kost und Logis. Auf unserer Reise haben wir viele Menschen mit ganz unterschiedlichen Lebensstilen und faszinierenden Geschichten kennengelernt. Auf dem Pferdehof, wo wir uns aktuell befinden, k\u00f6nnen wir durch unsere Aufgaben unsere Erfahrung mit Pferden vertiefen.<\/p>\n\n\n\n<p>Unsere letzte Reise wird uns im Mai nach Japan f\u00fchren. Danach kehre ich in die Schweiz zur\u00fcck und werde an einigen Musikfestivals arbeiten, wie ich es auch schon fr\u00fcher gemacht habe.<\/p>\n\n\n\n<p>Und grosse Neuigkeit: ab August werde ich in Thun in Teilzeit wieder zur Schule gehen, um die Berufsmaturit\u00e4t zu machen.<\/p>\n\n\n\n<figure class=\"wp-block-image size-large\"><a href=\"https:\/\/educationsuisse.ch\/wp-content\/uploads\/2026\/04\/giornata-del-cavallo.jpg\"><img loading=\"lazy\" decoding=\"async\" width=\"1024\" height=\"683\" src=\"https:\/\/educationsuisse.ch\/wp-content\/uploads\/2026\/04\/giornata-del-cavallo-1024x683.jpg\" alt=\"\" class=\"wp-image-11910\" srcset=\"https:\/\/educationsuisse.ch\/wp-content\/uploads\/2026\/04\/giornata-del-cavallo-1024x683.jpg 1024w, https:\/\/educationsuisse.ch\/wp-content\/uploads\/2026\/04\/giornata-del-cavallo-300x200.jpg 300w, https:\/\/educationsuisse.ch\/wp-content\/uploads\/2026\/04\/giornata-del-cavallo-768x512.jpg 768w, https:\/\/educationsuisse.ch\/wp-content\/uploads\/2026\/04\/giornata-del-cavallo-1536x1025.jpg 1536w, https:\/\/educationsuisse.ch\/wp-content\/uploads\/2026\/04\/giornata-del-cavallo-18x12.jpg 18w, https:\/\/educationsuisse.ch\/wp-content\/uploads\/2026\/04\/giornata-del-cavallo.jpg 1920w\" sizes=\"(max-width: 1024px) 100vw, 1024px\" \/><\/a><figcaption class=\"wp-element-caption\">Nach der abgeschlossenen Lehre zur Pferdefachfrau EFZ, wird Nora Schlatter ab August dieses Jahres f\u00fcr die Berufsmaturit\u00e4t die Schulbank dr\u00fccken.<\/figcaption><\/figure>\n\n\n\n<p><strong>Welchen Rat m\u00f6chten Sie einer jungen Auslandschweizerin oder einem jungen Auslandschweizer geben, wenn diese eine Berufslehre in der Schweiz absolvieren m\u00f6chten?<\/strong><br>W\u00e4hrend der Berufslehre ist man eine lange Zeit von zu Hause weg und die Arbeitstage sind lang und manchmal anstrengend. Deshalb ist es wichtig, im Alltag selbstst\u00e4ndig und unabh\u00e4ngig zu sein. Dein Einsatz wird mit einer guten Berufsausbildung belohnt, die dir die T\u00fcren zur Zukunft \u00f6ffnet. Du wirst neue Bekanntschaften schliessen und Freundschaften f\u00fcrs Leben kn\u00fcpfen.<\/p>\n\n\n\n<div class=\"wp-block-buttons is-layout-flex wp-block-buttons-is-layout-flex\">\n<div class=\"wp-block-button\"><a class=\"wp-block-button__link wp-element-button\" href=\"https:\/\/educationsuisse.ch\/ausbildung-in-der-schweiz\/beratung-und-dienstleistungen\/\">Zum Beratungsangebot und den FAQ<\/a><\/div>\n<\/div>\n\n\n\n<p><\/p>\n","protected":false},"excerpt":{"rendered":"<p>Die Auslandschweizerin Nora Schlatter kam f\u00fcr die Lehre als Pferdefachfrau aus Italien in die Schweiz.<\/p>\n","protected":false},"featured_media":11904,"template":"","filter-aktuelles":[195],"class_list":["post-11897","aktuelles","type-aktuelles","status-publish","has-post-thumbnail","hentry","filter-aktuelles-ausbildung"],"acf":[],"_links":{"self":[{"href":"https:\/\/educationsuisse.ch\/de\/wp-json\/wp\/v2\/aktuelles\/11897","targetHints":{"allow":["GET"]}}],"collection":[{"href":"https:\/\/educationsuisse.ch\/de\/wp-json\/wp\/v2\/aktuelles"}],"about":[{"href":"https:\/\/educationsuisse.ch\/de\/wp-json\/wp\/v2\/types\/aktuelles"}],"wp:featuredmedia":[{"embeddable":true,"href":"https:\/\/educationsuisse.ch\/de\/wp-json\/wp\/v2\/media\/11904"}],"wp:attachment":[{"href":"https:\/\/educationsuisse.ch\/de\/wp-json\/wp\/v2\/media?parent=11897"}],"wp:term":[{"taxonomy":"filter-aktuelles","embeddable":true,"href":"https:\/\/educationsuisse.ch\/de\/wp-json\/wp\/v2\/filter-aktuelles?post=11897"}],"curies":[{"name":"wp","href":"https:\/\/api.w.org\/{rel}","templated":true}]}}

<p><strong>Die Auslandschweizerin Nora Schlatter ist in einem kleinen Dorf im Piemont aufgewachsen. Nach der obligatorischen Schulzeit beschloss sie, in die Schweiz zu ziehen, um eine Lehre als Pferdefachfrau mit eidgenössischem Fähigkeitszeugnis zu absolvieren. educationsuisse hat mit ihr über ihre Erfahrungen als Lernende und ihr Leben in der Schweiz gesprochen.</strong></p>



<p><strong>Sie kamen im Alter von 15 Jahren in die Schweiz, also sehr jung. Erzählen Sie uns, was Sie dazu bewegt hat, eine Lehre in der Schweiz zu machen.</strong><br>Meine Leidenschaft für Pferde war der Grund für meinen Umzug. In Italien gibt es zwar verschiedene Kurse, sie sind jedoch ganz anders organisiert als die Berufslehren in der Schweiz, wo auch das Angebot an beruflichen Ausbildungen viel vielfältiger ist als in Italien.</p>



<p><strong>War es schwierig eine Lehrstelle zu finden? Und warum haben Sie sich gerade für die Ausbildung zur Pferdefachfrau entschieden?</strong><br>Ich habe in der Schweiz nach Reithöfen gesucht, in denen ich gerne eine Lehre absolviert hätte und habe ihnen meinen Lebenslauf geschickt. So wurde ich von einigen für ein Praktikum eingeladen, um den Reithof, die Menschen und ihre Philosophie kennenzulernen. Ja, es war einfach für mich, einen Ausbildungsplatz zu finden, da ich bereits über Erfahrung in der Pferdewelt besass.</p>



<p>Ich habe auch in anderen Berufsbereichen Praktika absolviert: in einem Kindergarten, in einer Konditorei, in einem Fitnessstudio und in einer Gastronomieküche. Keiner dieser Berufe hat mich fasziniert. Ich habe seit meiner Kindheit eine Leidenschaft für Pferde, so habe ich beschlossen, den Beruf der Pferdefachfrau zu erlernen.</p>



<figure class="wp-block-image size-large"><a href="https://educationsuisse.ch/wp-content/uploads/2026/04/Avanches-2.jpeg"><img fetchpriority="high" decoding="async" width="1024" height="683" src="https://educationsuisse.ch/wp-content/uploads/2026/04/Avanches-2-1024x683.jpeg" alt="" class="wp-image-11907" srcset="https://educationsuisse.ch/wp-content/uploads/2026/04/Avanches-2-1024x683.jpeg 1024w, https://educationsuisse.ch/wp-content/uploads/2026/04/Avanches-2-300x200.jpeg 300w, https://educationsuisse.ch/wp-content/uploads/2026/04/Avanches-2-768x512.jpeg 768w, https://educationsuisse.ch/wp-content/uploads/2026/04/Avanches-2-1536x1024.jpeg 1536w, https://educationsuisse.ch/wp-content/uploads/2026/04/Avanches-2-18x12.jpeg 18w, https://educationsuisse.ch/wp-content/uploads/2026/04/Avanches-2.jpeg 2048w" sizes="(max-width: 1024px) 100vw, 1024px" /></a><figcaption class="wp-element-caption">Die Auslandschweizerin Nora Schlatter zu Ross in Avenches.</figcaption></figure>



<p><strong>Bitte erzählen Sie uns, wie sich ihre Lehre, während der sie auf dem Reithof arbeiteten und die Schule besuchten, abgespielt hat.</strong><br>Während den drei Lehrjahren bestand meine Woche aus vier Arbeitstagen und einem Schultag. Die sogenannten Überbetrieblichen Kurse auf zertifizierten Reithöfen besuchte ich während fünf Tagen im Jahr. Die Schultage waren Zeiten, wo ich mit Gleichaltrigen austauschen konnte.</p>



<p><strong>War Ihre Arbeit auf dem Pferdebetrieb immer gleich?</strong><br>Die Arbeiten waren sehr vielfältig! Natürlich gab es tägliche Aufgaben wie das Putzen der Ställe und das Füttern der Pferde. Aber die restlichen Arbeitsstunden waren sehr unterschiedlich. Im Frühling galt es zu Heuen und im Sommer kamen viele Kinder während ihren Sommerlagern. An manchen Tagen gab es Pferde, die kleine Wundverbände oder Bandagen benötigten, an anderen Tagen assistierte ich dem Hufschmied, unterrichtete die Reitschüler:innen oder half beim Pferdetraining.</p>



<p><strong>Was hat Ihnen während der Lehre besonders gefallen?</strong><br>Die Lehre ermöglicht es, Arbeit und Schule zu alternieren. Und dieser Wechsel zwischen den beiden Welten gefällt mir sehr gut.</p>



<p><strong>Die Lernenden erhalten einen kleinen Lohn, der nicht zum Leben reicht. Wie haben Sie alle Ihre Ausgaben gedeckt?</strong><br>Effektiv genügte mein kleiner Lohn nicht zum Leben. Glücklicherweise konnte ich ein Stipendium von meinem Heimatkanton Bern erhalten. educationsuisse hat mir dabei geholfen, das Gesuch beim Kanton einzureichen. Ohne ein Stipendium wäre es für mich schwierig gewesen, meine Ausbildung in der Schweiz absolvieren zu können.</p>



<figure class="wp-block-gallery has-nested-images columns-default is-cropped wp-block-gallery-1 is-layout-flex wp-block-gallery-is-layout-flex">
<figure class="wp-block-image size-large"><a href="https://educationsuisse.ch/wp-content/uploads/2026/04/Dressur.jpeg"><img decoding="async" width="710" height="1024" data-id="11905" src="https://educationsuisse.ch/wp-content/uploads/2026/04/Dressur-710x1024.jpeg" alt="" class="wp-image-11905" srcset="https://educationsuisse.ch/wp-content/uploads/2026/04/Dressur-710x1024.jpeg 710w, https://educationsuisse.ch/wp-content/uploads/2026/04/Dressur-208x300.jpeg 208w, https://educationsuisse.ch/wp-content/uploads/2026/04/Dressur-768x1108.jpeg 768w, https://educationsuisse.ch/wp-content/uploads/2026/04/Dressur-1065x1536.jpeg 1065w, https://educationsuisse.ch/wp-content/uploads/2026/04/Dressur-8x12.jpeg 8w, https://educationsuisse.ch/wp-content/uploads/2026/04/Dressur.jpeg 1080w" sizes="(max-width: 710px) 100vw, 710px" /></a></figure>



<figure class="wp-block-image size-large"><a href="https://educationsuisse.ch/wp-content/uploads/2026/04/Unterricht-Bobby.jpg"><img decoding="async" width="768" height="1024" data-id="11906" src="https://educationsuisse.ch/wp-content/uploads/2026/04/Unterricht-Bobby-768x1024.jpg" alt="" class="wp-image-11906" srcset="https://educationsuisse.ch/wp-content/uploads/2026/04/Unterricht-Bobby-768x1024.jpg 768w, https://educationsuisse.ch/wp-content/uploads/2026/04/Unterricht-Bobby-225x300.jpg 225w, https://educationsuisse.ch/wp-content/uploads/2026/04/Unterricht-Bobby-1152x1536.jpg 1152w, https://educationsuisse.ch/wp-content/uploads/2026/04/Unterricht-Bobby-9x12.jpg 9w, https://educationsuisse.ch/wp-content/uploads/2026/04/Unterricht-Bobby.jpg 1536w" sizes="(max-width: 768px) 100vw, 768px" /></a></figure>
<figcaption class="blocks-gallery-caption wp-element-caption">Nora Schlatter beim Dressur-Reiten (links) und beim Unterrichten eines Kleinkindes.</figcaption></figure>



<p><strong>Im Juli 2025 haben Sie Ihre Lehre mit dem Diplom EFZ (eidgenössisches Fähigkeitszeugnis) abgeschlossen. Erzählen Sie uns etwas von den Abschlussprüfungen?</strong><br>Rückblickend an die Prüfungen zu denken ist sehr schön, denn man sieht, was man in den drei Lehrjahren gelernt hat. Die Abschlussprüfungen waren für mich nicht besonders schwierig, da ich in den ersten zwei Lehrjahren immer gut die Unterrichtsstunden verfolgt und Zusammenfassungen geschrieben habe. Diese Lernweise erleichterte meine Arbeitsbelastung und verringerte die Anspannung im dritten Jahr.</p>



<p><strong>Darf ich fragen, was Sie jetzt gerade tun und wie Ihre Zukunftspläne aussehen?</strong><br>Zurzeit bin ich in Frankreich. Seit September bin ich mit einer Freundin auf Reisen. Dieses Abenteuer machen wir mit «Workaway», das heisst, wir arbeiten ein paar Stunden und erhalten dafür Kost und Logis. Auf unserer Reise haben wir viele Menschen mit ganz unterschiedlichen Lebensstilen und faszinierenden Geschichten kennengelernt. Auf dem Pferdehof, wo wir uns aktuell befinden, können wir durch unsere Aufgaben unsere Erfahrung mit Pferden vertiefen.</p>



<p>Unsere letzte Reise wird uns im Mai nach Japan führen. Danach kehre ich in die Schweiz zurück und werde an einigen Musikfestivals arbeiten, wie ich es auch schon früher gemacht habe.</p>



<p>Und grosse Neuigkeit: ab August werde ich in Thun in Teilzeit wieder zur Schule gehen, um die Berufsmaturität zu machen.</p>



<figure class="wp-block-image size-large"><a href="https://educationsuisse.ch/wp-content/uploads/2026/04/giornata-del-cavallo.jpg"><img loading="lazy" decoding="async" width="1024" height="683" src="https://educationsuisse.ch/wp-content/uploads/2026/04/giornata-del-cavallo-1024x683.jpg" alt="" class="wp-image-11910" srcset="https://educationsuisse.ch/wp-content/uploads/2026/04/giornata-del-cavallo-1024x683.jpg 1024w, https://educationsuisse.ch/wp-content/uploads/2026/04/giornata-del-cavallo-300x200.jpg 300w, https://educationsuisse.ch/wp-content/uploads/2026/04/giornata-del-cavallo-768x512.jpg 768w, https://educationsuisse.ch/wp-content/uploads/2026/04/giornata-del-cavallo-1536x1025.jpg 1536w, https://educationsuisse.ch/wp-content/uploads/2026/04/giornata-del-cavallo-18x12.jpg 18w, https://educationsuisse.ch/wp-content/uploads/2026/04/giornata-del-cavallo.jpg 1920w" sizes="(max-width: 1024px) 100vw, 1024px" /></a><figcaption class="wp-element-caption">Nach der abgeschlossenen Lehre zur Pferdefachfrau EFZ, wird Nora Schlatter ab August dieses Jahres für die Berufsmaturität die Schulbank drücken.</figcaption></figure>



<p><strong>Welchen Rat möchten Sie einer jungen Auslandschweizerin oder einem jungen Auslandschweizer geben, wenn diese eine Berufslehre in der Schweiz absolvieren möchten?</strong><br>Während der Berufslehre ist man eine lange Zeit von zu Hause weg und die Arbeitstage sind lang und manchmal anstrengend. Deshalb ist es wichtig, im Alltag selbstständig und unabhängig zu sein. Dein Einsatz wird mit einer guten Berufsausbildung belohnt, die dir die Türen zur Zukunft öffnet. Du wirst neue Bekanntschaften schliessen und Freundschaften fürs Leben knüpfen.</p>



<div class="wp-block-buttons is-layout-flex wp-block-buttons-is-layout-flex">
<div class="wp-block-button"><a class="wp-block-button__link wp-element-button" href="https://educationsuisse.ch/ausbildung-in-der-schweiz/beratung-und-dienstleistungen/">Zum Beratungsangebot und den FAQ</a></div>
</div>



<p></p>

<p>Die Auslandschweizerin Nora Schlatter kam für die Lehre als Pferdefachfrau aus Italien in die Schweiz.</p>
