{"id":11453,"date":"2025-12-02T18:30:13","date_gmt":"2025-12-02T17:30:13","guid":{"rendered":"https:\/\/educationsuisse.ch\/?post_type=aktuelles&#038;p=11453"},"modified":"2025-12-02T18:36:54","modified_gmt":"2025-12-02T17:36:54","slug":"laternenumzug-schweizerschule-in-barcelona","status":"publish","type":"aktuelles","link":"https:\/\/educationsuisse.ch\/de\/aktuelles\/laternenumzug-schweizerschule-in-barcelona\/","title":{"rendered":"Laternenumzug an der Schweizerschule in Barcelona"},"content":{"rendered":"\n<p><strong>Einer der bedeutungsvollsten Anl\u00e4sse an der Schweizerschule in Barcelona ist jeweils der Laternenumzug am St. Martinstag. Von den Vorbereitungen bis zur Durchf\u00fchrung bleibt dieser Traditionsanlass sowohl bei den Kindern als auch bei den Erwachsenen stets in bester Erinnerung.<\/strong><\/p>\n\n\n\n<figure class=\"wp-block-image size-large\"><a href=\"https:\/\/educationsuisse.ch\/wp-content\/uploads\/2025\/12\/Laternenfest-ESB_18.11.2025-2.jpg\"><img fetchpriority=\"high\" decoding=\"async\" width=\"1024\" height=\"683\" src=\"https:\/\/educationsuisse.ch\/wp-content\/uploads\/2025\/12\/Laternenfest-ESB_18.11.2025-2-1024x683.jpg\" alt=\"Laternenfest Schweizerschule in Barcelona\" class=\"wp-image-11455\" srcset=\"https:\/\/educationsuisse.ch\/wp-content\/uploads\/2025\/12\/Laternenfest-ESB_18.11.2025-2-1024x683.jpg 1024w, https:\/\/educationsuisse.ch\/wp-content\/uploads\/2025\/12\/Laternenfest-ESB_18.11.2025-2-300x200.jpg 300w, https:\/\/educationsuisse.ch\/wp-content\/uploads\/2025\/12\/Laternenfest-ESB_18.11.2025-2-768x512.jpg 768w, https:\/\/educationsuisse.ch\/wp-content\/uploads\/2025\/12\/Laternenfest-ESB_18.11.2025-2-1536x1025.jpg 1536w, https:\/\/educationsuisse.ch\/wp-content\/uploads\/2025\/12\/Laternenfest-ESB_18.11.2025-2-18x12.jpg 18w, https:\/\/educationsuisse.ch\/wp-content\/uploads\/2025\/12\/Laternenfest-ESB_18.11.2025-2.jpg 2048w\" sizes=\"(max-width: 1024px) 100vw, 1024px\" \/><\/a><figcaption class=\"wp-element-caption\">Selbstgebastelte Laternen erhellten die Strassen von Barcelona w\u00e4hrend des Laternenumzugs.<\/figcaption><\/figure>\n\n\n\n<p>In den Wochen bis davor hatten die Kindergartenkinder und Erstkl\u00e4ssler:innen ihre Laternen mit viel Liebe und Kreativit\u00e4t im Unterricht gebastelt. Voller Spannung und Vorfreude warteten sie auf den grossen Moment!<\/p>\n\n\n\n<p>Am 11. November war es endlich so weit: Gemeinsam mit ihren Lehrpersonen zogen die J\u00fcngsten der <a href=\"https:\/\/educationsuisse.ch\/schulen\/schweizerschule-in-barcelona\/\" data-type=\"schulen\" data-id=\"1512\">Schweizerschule in Barcelona<\/a> bei Einbruch der Dunkelheit mit ihren Laternen durch die Strassen und verwandelten diese in ein bunt leuchtendes Lichtermeer.<\/p>\n\n\n\n<p>Mit ihrem fr\u00f6hlichen Gesang \u2013 Martinslieder auf Deutsch, Schweizerdeutsch und ein eigens f\u00fcr den Anlass angepasstes Lied auf Katalanisch \u2013 erregten sie die bewundernden Blicke der Passanten und liessen einen stimmungsvollen und magischen Moment entstehen.<\/p>\n\n\n\n<figure class=\"wp-block-gallery has-nested-images columns-default is-cropped wp-block-gallery-1 is-layout-flex wp-block-gallery-is-layout-flex\">\n<figure class=\"wp-block-image size-large\"><a href=\"https:\/\/educationsuisse.ch\/wp-content\/uploads\/2025\/12\/Laternenfest-ESB_18.11.2025-4.jpg\"><img decoding=\"async\" width=\"1024\" height=\"683\" data-id=\"11457\" src=\"https:\/\/educationsuisse.ch\/wp-content\/uploads\/2025\/12\/Laternenfest-ESB_18.11.2025-4-1024x683.jpg\" alt=\"Singen am Laternenfest des Schweizerschule in Barcelona\" class=\"wp-image-11457\" srcset=\"https:\/\/educationsuisse.ch\/wp-content\/uploads\/2025\/12\/Laternenfest-ESB_18.11.2025-4-1024x683.jpg 1024w, https:\/\/educationsuisse.ch\/wp-content\/uploads\/2025\/12\/Laternenfest-ESB_18.11.2025-4-300x200.jpg 300w, https:\/\/educationsuisse.ch\/wp-content\/uploads\/2025\/12\/Laternenfest-ESB_18.11.2025-4-768x512.jpg 768w, https:\/\/educationsuisse.ch\/wp-content\/uploads\/2025\/12\/Laternenfest-ESB_18.11.2025-4-1536x1024.jpg 1536w, https:\/\/educationsuisse.ch\/wp-content\/uploads\/2025\/12\/Laternenfest-ESB_18.11.2025-4-18x12.jpg 18w, https:\/\/educationsuisse.ch\/wp-content\/uploads\/2025\/12\/Laternenfest-ESB_18.11.2025-4.jpg 2048w\" sizes=\"(max-width: 1024px) 100vw, 1024px\" \/><\/a><\/figure>\n\n\n\n<figure class=\"wp-block-image size-large\"><a href=\"https:\/\/educationsuisse.ch\/wp-content\/uploads\/2025\/12\/Laternenfest-ESB_18.11.2025-3.jpg\"><img decoding=\"async\" width=\"1024\" height=\"683\" data-id=\"11456\" src=\"https:\/\/educationsuisse.ch\/wp-content\/uploads\/2025\/12\/Laternenfest-ESB_18.11.2025-3-1024x683.jpg\" alt=\"Singen am Laternenfest des Schweizerschule in Barcelona\" class=\"wp-image-11456\" srcset=\"https:\/\/educationsuisse.ch\/wp-content\/uploads\/2025\/12\/Laternenfest-ESB_18.11.2025-3-1024x683.jpg 1024w, https:\/\/educationsuisse.ch\/wp-content\/uploads\/2025\/12\/Laternenfest-ESB_18.11.2025-3-300x200.jpg 300w, https:\/\/educationsuisse.ch\/wp-content\/uploads\/2025\/12\/Laternenfest-ESB_18.11.2025-3-768x512.jpg 768w, https:\/\/educationsuisse.ch\/wp-content\/uploads\/2025\/12\/Laternenfest-ESB_18.11.2025-3-1536x1024.jpg 1536w, https:\/\/educationsuisse.ch\/wp-content\/uploads\/2025\/12\/Laternenfest-ESB_18.11.2025-3-18x12.jpg 18w, https:\/\/educationsuisse.ch\/wp-content\/uploads\/2025\/12\/Laternenfest-ESB_18.11.2025-3.jpg 2048w\" sizes=\"(max-width: 1024px) 100vw, 1024px\" \/><\/a><\/figure>\n<figcaption class=\"blocks-gallery-caption wp-element-caption\">Die J\u00fcngsten brachten mit Laterne und Gesang Licht in Dunkel.<\/figcaption><\/figure>\n\n\n\n<p>Nach dem Umzug versammelten sich die Kinder auf dem Schulhof, wo die Eltern bereits auf sie warteten. Gemeinsam erklangen die einge\u00fcbten Lieder ein weiteres Mal und bildeten so einen festlichen Abschluss f\u00fcr diesen sch\u00f6nen Abend.<\/p>\n\n\n\n<p>Das gemeinsame Licht in der Dunkelheit hat auch in diesem Jahr eindrucksvoll gezeigt, wie wertvoll Gemeinschaft und Zusammenhalt sind \u2013 nicht nur im Schulalltag \u2013 und, dass besondere Augenblicke im Miteinander entstehen.<\/p>\n\n\n\n<p>Autor: Pascal Affolter, Schulleiter Schweizerschule in Barcelona<\/p>\n","protected":false},"excerpt":{"rendered":"<p>Mit Gesang und dem Licht ihrer Laternen erhellten die J\u00fcngsten die Strassen von Barcelona.<\/p>\n","protected":false},"featured_media":11454,"template":"","filter-aktuelles":[193],"class_list":["post-11453","aktuelles","type-aktuelles","status-publish","has-post-thumbnail","hentry","filter-aktuelles-schulen"],"acf":[],"_links":{"self":[{"href":"https:\/\/educationsuisse.ch\/de\/wp-json\/wp\/v2\/aktuelles\/11453","targetHints":{"allow":["GET"]}}],"collection":[{"href":"https:\/\/educationsuisse.ch\/de\/wp-json\/wp\/v2\/aktuelles"}],"about":[{"href":"https:\/\/educationsuisse.ch\/de\/wp-json\/wp\/v2\/types\/aktuelles"}],"wp:featuredmedia":[{"embeddable":true,"href":"https:\/\/educationsuisse.ch\/de\/wp-json\/wp\/v2\/media\/11454"}],"wp:attachment":[{"href":"https:\/\/educationsuisse.ch\/de\/wp-json\/wp\/v2\/media?parent=11453"}],"wp:term":[{"taxonomy":"filter-aktuelles","embeddable":true,"href":"https:\/\/educationsuisse.ch\/de\/wp-json\/wp\/v2\/filter-aktuelles?post=11453"}],"curies":[{"name":"wp","href":"https:\/\/api.w.org\/{rel}","templated":true}]}}

<p><strong>Einer der bedeutungsvollsten Anlässe an der Schweizerschule in Barcelona ist jeweils der Laternenumzug am St. Martinstag. Von den Vorbereitungen bis zur Durchführung bleibt dieser Traditionsanlass sowohl bei den Kindern als auch bei den Erwachsenen stets in bester Erinnerung.</strong></p>



<figure class="wp-block-image size-large"><a href="https://educationsuisse.ch/wp-content/uploads/2025/12/Laternenfest-ESB_18.11.2025-2.jpg"><img fetchpriority="high" decoding="async" width="1024" height="683" src="https://educationsuisse.ch/wp-content/uploads/2025/12/Laternenfest-ESB_18.11.2025-2-1024x683.jpg" alt="Laternenfest Schweizerschule in Barcelona" class="wp-image-11455" srcset="https://educationsuisse.ch/wp-content/uploads/2025/12/Laternenfest-ESB_18.11.2025-2-1024x683.jpg 1024w, https://educationsuisse.ch/wp-content/uploads/2025/12/Laternenfest-ESB_18.11.2025-2-300x200.jpg 300w, https://educationsuisse.ch/wp-content/uploads/2025/12/Laternenfest-ESB_18.11.2025-2-768x512.jpg 768w, https://educationsuisse.ch/wp-content/uploads/2025/12/Laternenfest-ESB_18.11.2025-2-1536x1025.jpg 1536w, https://educationsuisse.ch/wp-content/uploads/2025/12/Laternenfest-ESB_18.11.2025-2-18x12.jpg 18w, https://educationsuisse.ch/wp-content/uploads/2025/12/Laternenfest-ESB_18.11.2025-2.jpg 2048w" sizes="(max-width: 1024px) 100vw, 1024px" /></a><figcaption class="wp-element-caption">Selbstgebastelte Laternen erhellten die Strassen von Barcelona während des Laternenumzugs.</figcaption></figure>



<p>In den Wochen bis davor hatten die Kindergartenkinder und Erstklässler:innen ihre Laternen mit viel Liebe und Kreativität im Unterricht gebastelt. Voller Spannung und Vorfreude warteten sie auf den grossen Moment!</p>



<p>Am 11. November war es endlich so weit: Gemeinsam mit ihren Lehrpersonen zogen die Jüngsten der <a href="https://educationsuisse.ch/schulen/schweizerschule-in-barcelona/" data-type="schulen" data-id="1512">Schweizerschule in Barcelona</a> bei Einbruch der Dunkelheit mit ihren Laternen durch die Strassen und verwandelten diese in ein bunt leuchtendes Lichtermeer.</p>



<p>Mit ihrem fröhlichen Gesang – Martinslieder auf Deutsch, Schweizerdeutsch und ein eigens für den Anlass angepasstes Lied auf Katalanisch – erregten sie die bewundernden Blicke der Passanten und liessen einen stimmungsvollen und magischen Moment entstehen.</p>



<figure class="wp-block-gallery has-nested-images columns-default is-cropped wp-block-gallery-1 is-layout-flex wp-block-gallery-is-layout-flex">
<figure class="wp-block-image size-large"><a href="https://educationsuisse.ch/wp-content/uploads/2025/12/Laternenfest-ESB_18.11.2025-4.jpg"><img decoding="async" width="1024" height="683" data-id="11457" src="https://educationsuisse.ch/wp-content/uploads/2025/12/Laternenfest-ESB_18.11.2025-4-1024x683.jpg" alt="Singen am Laternenfest des Schweizerschule in Barcelona" class="wp-image-11457" srcset="https://educationsuisse.ch/wp-content/uploads/2025/12/Laternenfest-ESB_18.11.2025-4-1024x683.jpg 1024w, https://educationsuisse.ch/wp-content/uploads/2025/12/Laternenfest-ESB_18.11.2025-4-300x200.jpg 300w, https://educationsuisse.ch/wp-content/uploads/2025/12/Laternenfest-ESB_18.11.2025-4-768x512.jpg 768w, https://educationsuisse.ch/wp-content/uploads/2025/12/Laternenfest-ESB_18.11.2025-4-1536x1024.jpg 1536w, https://educationsuisse.ch/wp-content/uploads/2025/12/Laternenfest-ESB_18.11.2025-4-18x12.jpg 18w, https://educationsuisse.ch/wp-content/uploads/2025/12/Laternenfest-ESB_18.11.2025-4.jpg 2048w" sizes="(max-width: 1024px) 100vw, 1024px" /></a></figure>



<figure class="wp-block-image size-large"><a href="https://educationsuisse.ch/wp-content/uploads/2025/12/Laternenfest-ESB_18.11.2025-3.jpg"><img decoding="async" width="1024" height="683" data-id="11456" src="https://educationsuisse.ch/wp-content/uploads/2025/12/Laternenfest-ESB_18.11.2025-3-1024x683.jpg" alt="Singen am Laternenfest des Schweizerschule in Barcelona" class="wp-image-11456" srcset="https://educationsuisse.ch/wp-content/uploads/2025/12/Laternenfest-ESB_18.11.2025-3-1024x683.jpg 1024w, https://educationsuisse.ch/wp-content/uploads/2025/12/Laternenfest-ESB_18.11.2025-3-300x200.jpg 300w, https://educationsuisse.ch/wp-content/uploads/2025/12/Laternenfest-ESB_18.11.2025-3-768x512.jpg 768w, https://educationsuisse.ch/wp-content/uploads/2025/12/Laternenfest-ESB_18.11.2025-3-1536x1024.jpg 1536w, https://educationsuisse.ch/wp-content/uploads/2025/12/Laternenfest-ESB_18.11.2025-3-18x12.jpg 18w, https://educationsuisse.ch/wp-content/uploads/2025/12/Laternenfest-ESB_18.11.2025-3.jpg 2048w" sizes="(max-width: 1024px) 100vw, 1024px" /></a></figure>
<figcaption class="blocks-gallery-caption wp-element-caption">Die Jüngsten brachten mit Laterne und Gesang Licht in Dunkel.</figcaption></figure>



<p>Nach dem Umzug versammelten sich die Kinder auf dem Schulhof, wo die Eltern bereits auf sie warteten. Gemeinsam erklangen die eingeübten Lieder ein weiteres Mal und bildeten so einen festlichen Abschluss für diesen schönen Abend.</p>



<p>Das gemeinsame Licht in der Dunkelheit hat auch in diesem Jahr eindrucksvoll gezeigt, wie wertvoll Gemeinschaft und Zusammenhalt sind – nicht nur im Schulalltag – und, dass besondere Augenblicke im Miteinander entstehen.</p>



<p>Autor: Pascal Affolter, Schulleiter Schweizerschule in Barcelona</p>

<p>Mit Gesang und dem Licht ihrer Laternen erhellten die Jüngsten die Strassen von Barcelona.</p>
