{"id":10688,"date":"2025-03-24T15:03:39","date_gmt":"2025-03-24T14:03:39","guid":{"rendered":"https:\/\/educationsuisse.ch\/?post_type=aktuelles&#038;p=10688"},"modified":"2025-03-24T15:03:40","modified_gmt":"2025-03-24T14:03:40","slug":"studium-schweiz-dank-educationsuisse","status":"publish","type":"aktuelles","link":"https:\/\/educationsuisse.ch\/de\/aktuelles\/studium-schweiz-dank-educationsuisse\/","title":{"rendered":"Aline und Lea aus Costa Rica: Studium in der Schweiz auch dank educationsuisse"},"content":{"rendered":"\n<p><strong>Aline und Lea, zwei costa-ricanische Schwestern mit Schweizer Eltern, erlebten einen umgekehrten Kulturschock, als sie f\u00fcr ihr Studium in die Schweiz kamen. Dank der Unterst\u00fctzung von educationsuisse erhielten sie von ihrem Heimatkanton Stipendien, um einen Bachelor in Biologie und bald auch einen Master in Molecular Life Sciences und Neurosciences abzuschliessen.<\/strong><\/p>\n\n\n\n<p>\u00abWir sind Aline und Lea, zwei Schwestern, die in Costa Rica als Kinder eines spanisch-schweizerischen Vaters und einer Schweizer Mutter geboren wurden. Ausser uns vier lebte kein anderes Mitglied unserer Familie dort. <\/p>\n\n\n\n<p>Unsere Eltern sprachen mit uns haupts\u00e4chlich auf Spanisch, und wir besuchten w\u00e4hrend unserer gesamten Schulzeit costa-ricanische Schulen. Das Gymnasium absolvierten wir an einer \u00f6ffentlichen Schule, die neu f\u00fcr das International Baccalaureate (IB)-Programm akkreditiert worden war. <\/p>\n\n\n\n<h2 class=\"wp-block-heading\">Vom Auslandssemester zum Studium<\/h2>\n\n\n\n<p>Obwohl wir wussten, dass wir auch einen Schweizer Pass haben, schien uns dies eher ein Fun-Fact unserer Eltern zu sein. Denn wir besuchten die Schweiz nur zweimal, als wir noch klein waren, und einmal als Teenagers.<\/p>\n\n\n\n<figure class=\"wp-block-image size-large\"><img fetchpriority=\"high\" decoding=\"async\" width=\"1024\" height=\"768\" src=\"https:\/\/educationsuisse.ch\/wp-content\/uploads\/2025\/03\/aline_lea_cousin-1-1024x768.jpg\" alt=\"\" class=\"wp-image-10691\" srcset=\"https:\/\/educationsuisse.ch\/wp-content\/uploads\/2025\/03\/aline_lea_cousin-1-1024x768.jpg 1024w, https:\/\/educationsuisse.ch\/wp-content\/uploads\/2025\/03\/aline_lea_cousin-1-300x225.jpg 300w, https:\/\/educationsuisse.ch\/wp-content\/uploads\/2025\/03\/aline_lea_cousin-1-768x576.jpg 768w, https:\/\/educationsuisse.ch\/wp-content\/uploads\/2025\/03\/aline_lea_cousin-1-1536x1152.jpg 1536w, https:\/\/educationsuisse.ch\/wp-content\/uploads\/2025\/03\/aline_lea_cousin-1-2048x1536.jpg 2048w, https:\/\/educationsuisse.ch\/wp-content\/uploads\/2025\/03\/aline_lea_cousin-1-16x12.jpg 16w\" sizes=\"(max-width: 1024px) 100vw, 1024px\" \/><figcaption class=\"wp-element-caption\">Die Auslandschweizerinnen Aline (l.) und Lea (r.) aus Costa Rica verbringen ihre Freizeit in der Schweiz gerne mit Familienmitgliedern wie der Cousine (M.). <\/figcaption><\/figure>\n\n\n\n<p>Nachdem wir das International Baccalaureate (Gymnasium) abgeschlossen hatten, schenkten uns unsere Eltern ein Semester Franz\u00f6sischunterricht in der Schweiz. So flogen wir am 31. Dezember nach Europa, feierten den Neujahrs-Countdown \u00fcber dem Ozean und landeten am 1. Januar 2019. So etwas nennt man einen Neuanfang!<\/p>\n\n\n\n<p>Wir erlebten eine Art umgekehrten Kulturschock. Pl\u00f6tzlich waren unsere Vornamen nicht mehr schwer auszusprechen. Niemand fragte uns mehr, woher wir \u00abwirklich\u00bb kommen. <\/p>\n\n\n\n<p>Die Sch\u00f6nheit der Schweiz liegt nicht zuletzt auch in ihrer Vielfalt. Es ist nicht ungew\u00f6hnlich, dass die Menschen aus anderen Regionen und L\u00e4ndern kommen. Sie haben vielleicht einen Akzent, doch das macht nichts, denn bei vier Landessprachen haben viele Menschen einen Akzent!<\/p>\n\n\n\n<h2 class=\"wp-block-heading\">educationsuisse unterst\u00fctzt<\/h2>\n\n\n\n<p>W\u00e4hrend dieses Auslandssemesters wohnten wir bei unserer Tante. Als sie sah, wie sehr wir die Schweiz mochten, fragte sie uns, ob wir gerne hier studieren w\u00fcrden. Wir hatten diese M\u00f6glichkeit nicht einmal in Betracht gezogen! Waren doch die Lebenshaltungskosten in der Schweiz viel h\u00f6her als in Costa Rica. Dies erschien uns als fast un\u00fcberwindbare H\u00fcrde.<\/p>\n\n\n\n<p>Unsere Tante hatte von educationsuisse geh\u00f6rt. Ohne genau zu wissen, was uns erwartete, vereinbarten wir einen Termin. Als wir in ihrem B\u00fcro in Bern ankamen, stellten wir schnell fest, wie nett und hilfsbereit sie waren. Eine Mitarbeiterin von educationsuisse erkl\u00e4rte uns unsere M\u00f6glichkeiten und die Schritte, die wir unternehmen mussten.<\/p>\n\n\n\n<p>Einige Monate sp\u00e4ter begannen wir unseren Bachelor in Biologie an der Universit\u00e4t Neuch\u00e2tel. Dank der Hilfe von educationsuisse erhielten wir auch ein Stipendium aus unserem Heimatkanton Nidwalden. <\/p>\n\n\n\n<p>Unser Studium war ebenso bereichernd wie anspruchsvoll. Eine grosse Herausforderung war es, die Wissensl\u00fccken zu schliessen. Wir investierten viele Stunden, um den Lernstoff nachzuholen, den unsere Klassenkameraden bereits im Gymnasium gelernt hatten.<\/p>\n\n\n\n<figure class=\"wp-block-gallery has-nested-images columns-default is-cropped wp-block-gallery-1 is-layout-flex wp-block-gallery-is-layout-flex\">\n<figure class=\"wp-block-image size-large\"><img decoding=\"async\" width=\"1024\" height=\"768\" data-id=\"10692\" src=\"https:\/\/educationsuisse.ch\/wp-content\/uploads\/2025\/03\/aline_cervin-1024x768.jpg\" alt=\"\" class=\"wp-image-10692\" srcset=\"https:\/\/educationsuisse.ch\/wp-content\/uploads\/2025\/03\/aline_cervin-1024x768.jpg 1024w, https:\/\/educationsuisse.ch\/wp-content\/uploads\/2025\/03\/aline_cervin-300x225.jpg 300w, https:\/\/educationsuisse.ch\/wp-content\/uploads\/2025\/03\/aline_cervin-768x576.jpg 768w, https:\/\/educationsuisse.ch\/wp-content\/uploads\/2025\/03\/aline_cervin-1536x1152.jpg 1536w, https:\/\/educationsuisse.ch\/wp-content\/uploads\/2025\/03\/aline_cervin-2048x1536.jpg 2048w, https:\/\/educationsuisse.ch\/wp-content\/uploads\/2025\/03\/aline_cervin-16x12.jpg 16w\" sizes=\"(max-width: 1024px) 100vw, 1024px\" \/><\/figure>\n\n\n\n<figure class=\"wp-block-image size-large\"><img decoding=\"async\" width=\"1024\" height=\"768\" data-id=\"10693\" src=\"https:\/\/educationsuisse.ch\/wp-content\/uploads\/2025\/03\/aline_uncle_aunt_cousin-1024x768.jpg\" alt=\"\" class=\"wp-image-10693\" srcset=\"https:\/\/educationsuisse.ch\/wp-content\/uploads\/2025\/03\/aline_uncle_aunt_cousin-1024x768.jpg 1024w, https:\/\/educationsuisse.ch\/wp-content\/uploads\/2025\/03\/aline_uncle_aunt_cousin-300x225.jpg 300w, https:\/\/educationsuisse.ch\/wp-content\/uploads\/2025\/03\/aline_uncle_aunt_cousin-768x576.jpg 768w, https:\/\/educationsuisse.ch\/wp-content\/uploads\/2025\/03\/aline_uncle_aunt_cousin-1536x1152.jpg 1536w, https:\/\/educationsuisse.ch\/wp-content\/uploads\/2025\/03\/aline_uncle_aunt_cousin-2048x1536.jpg 2048w, https:\/\/educationsuisse.ch\/wp-content\/uploads\/2025\/03\/aline_uncle_aunt_cousin-16x12.jpg 16w\" sizes=\"(max-width: 1024px) 100vw, 1024px\" \/><\/figure>\n\n\n\n<figure class=\"wp-block-image size-large\"><img loading=\"lazy\" decoding=\"async\" width=\"1024\" height=\"768\" data-id=\"10694\" src=\"https:\/\/educationsuisse.ch\/wp-content\/uploads\/2025\/03\/first_christmas_cousins_grandma-1024x768.jpg\" alt=\"\" class=\"wp-image-10694\" srcset=\"https:\/\/educationsuisse.ch\/wp-content\/uploads\/2025\/03\/first_christmas_cousins_grandma-1024x768.jpg 1024w, https:\/\/educationsuisse.ch\/wp-content\/uploads\/2025\/03\/first_christmas_cousins_grandma-300x225.jpg 300w, https:\/\/educationsuisse.ch\/wp-content\/uploads\/2025\/03\/first_christmas_cousins_grandma-768x576.jpg 768w, https:\/\/educationsuisse.ch\/wp-content\/uploads\/2025\/03\/first_christmas_cousins_grandma-1536x1152.jpg 1536w, https:\/\/educationsuisse.ch\/wp-content\/uploads\/2025\/03\/first_christmas_cousins_grandma-2048x1536.jpg 2048w, https:\/\/educationsuisse.ch\/wp-content\/uploads\/2025\/03\/first_christmas_cousins_grandma-16x12.jpg 16w\" sizes=\"(max-width: 1024px) 100vw, 1024px\" \/><\/figure>\n<figcaption class=\"blocks-gallery-caption wp-element-caption\">V.l.n.r.: Aline posiert vor dem Matterhorn; Aline (2. v.l.) mit Onkel, Tante und Cousine; und Aline und Lea (vorne) bei ihrer ersten Weihnachtsfeier in der Schweiz mit ihrer Grossmutter und Cousins.<\/figcaption><\/figure>\n\n\n\n<p>Auch ausserhalb des Unterrichts war viel los. Wir lernten viel \u00fcber die Schweiz. Wir haben unsere Verwandten kennengelernt und lustige Geschichten \u00fcber unsere Eltern erfahren. <\/p>\n\n\n\n<p>Es war wie eine R\u00fcckkehr in ein \u00abZuhause\u00bb, von dem wir nicht wussten, dass es existiert. Wir haben in den Alpen Skifahren und in den Seen Tauchen gelernt. Wir verbesserten unser Franz\u00f6sisch und lernen derzeit Deutsch.<\/p>\n\n\n\n<h2 class=\"wp-block-heading\">Neues Leben erhalten<\/h2>\n\n\n\n<p>Heute, mit einem Bachelor in Biologie in der Tasche, macht Lea einen Master in Molecular Life Sciences an der Universit\u00e4t Bern, w\u00e4hrend Aline einen Master in Neurosciences an der Universit\u00e4t Z\u00fcrich absolviert. Unsere n\u00e4chste Herausforderung wird sein, unseren Platz in der Arbeitswelt zu finden.<\/p>\n\n\n\n<p>All dies w\u00e4re ohne die kontinuierliche Hilfe von educationsuisse nicht m\u00f6glich gewesen, wof\u00fcr wir sehr dankbar sind. Wir haben dadurch Zugang zu einem Leben erhalten, das wir vorher nicht kannten. Und wir lieben es!\u00bb<\/p>\n\n\n\n<div class=\"wp-block-buttons is-layout-flex wp-block-buttons-is-layout-flex\">\n<div class=\"wp-block-button\"><a class=\"wp-block-button__link wp-element-button\" href=\"https:\/\/educationsuisse.ch\/wp-content\/uploads\/2023\/11\/NEU_Broschuere_Erfahrungsberichte_2022.pdf\" target=\"_blank\" rel=\"noreferrer noopener\">Weitere Erfahrungsberichte<\/a><\/div>\n<\/div>\n\n\n\n<p><\/p>\n","protected":false},"excerpt":{"rendered":"<p>Die Auslandschweizerinnen Lea und Aline schildern, wie sie in der Schweiz ein neues Leben erhalten haben.<\/p>\n","protected":false},"featured_media":10689,"template":"","filter-aktuelles":[195],"class_list":["post-10688","aktuelles","type-aktuelles","status-publish","has-post-thumbnail","hentry","filter-aktuelles-ausbildung"],"acf":[],"_links":{"self":[{"href":"https:\/\/educationsuisse.ch\/de\/wp-json\/wp\/v2\/aktuelles\/10688","targetHints":{"allow":["GET"]}}],"collection":[{"href":"https:\/\/educationsuisse.ch\/de\/wp-json\/wp\/v2\/aktuelles"}],"about":[{"href":"https:\/\/educationsuisse.ch\/de\/wp-json\/wp\/v2\/types\/aktuelles"}],"wp:featuredmedia":[{"embeddable":true,"href":"https:\/\/educationsuisse.ch\/de\/wp-json\/wp\/v2\/media\/10689"}],"wp:attachment":[{"href":"https:\/\/educationsuisse.ch\/de\/wp-json\/wp\/v2\/media?parent=10688"}],"wp:term":[{"taxonomy":"filter-aktuelles","embeddable":true,"href":"https:\/\/educationsuisse.ch\/de\/wp-json\/wp\/v2\/filter-aktuelles?post=10688"}],"curies":[{"name":"wp","href":"https:\/\/api.w.org\/{rel}","templated":true}]}}

<p><strong>Aline und Lea, zwei costa-ricanische Schwestern mit Schweizer Eltern, erlebten einen umgekehrten Kulturschock, als sie für ihr Studium in die Schweiz kamen. Dank der Unterstützung von educationsuisse erhielten sie von ihrem Heimatkanton Stipendien, um einen Bachelor in Biologie und bald auch einen Master in Molecular Life Sciences und Neurosciences abzuschliessen.</strong></p>



<p>«Wir sind Aline und Lea, zwei Schwestern, die in Costa Rica als Kinder eines spanisch-schweizerischen Vaters und einer Schweizer Mutter geboren wurden. Ausser uns vier lebte kein anderes Mitglied unserer Familie dort. </p>



<p>Unsere Eltern sprachen mit uns hauptsächlich auf Spanisch, und wir besuchten während unserer gesamten Schulzeit costa-ricanische Schulen. Das Gymnasium absolvierten wir an einer öffentlichen Schule, die neu für das International Baccalaureate (IB)-Programm akkreditiert worden war. </p>



<h2 class="wp-block-heading">Vom Auslandssemester zum Studium</h2>



<p>Obwohl wir wussten, dass wir auch einen Schweizer Pass haben, schien uns dies eher ein Fun-Fact unserer Eltern zu sein. Denn wir besuchten die Schweiz nur zweimal, als wir noch klein waren, und einmal als Teenagers.</p>



<figure class="wp-block-image size-large"><img fetchpriority="high" decoding="async" width="1024" height="768" src="https://educationsuisse.ch/wp-content/uploads/2025/03/aline_lea_cousin-1-1024x768.jpg" alt="" class="wp-image-10691" srcset="https://educationsuisse.ch/wp-content/uploads/2025/03/aline_lea_cousin-1-1024x768.jpg 1024w, https://educationsuisse.ch/wp-content/uploads/2025/03/aline_lea_cousin-1-300x225.jpg 300w, https://educationsuisse.ch/wp-content/uploads/2025/03/aline_lea_cousin-1-768x576.jpg 768w, https://educationsuisse.ch/wp-content/uploads/2025/03/aline_lea_cousin-1-1536x1152.jpg 1536w, https://educationsuisse.ch/wp-content/uploads/2025/03/aline_lea_cousin-1-2048x1536.jpg 2048w, https://educationsuisse.ch/wp-content/uploads/2025/03/aline_lea_cousin-1-16x12.jpg 16w" sizes="(max-width: 1024px) 100vw, 1024px" /><figcaption class="wp-element-caption">Die Auslandschweizerinnen Aline (l.) und Lea (r.) aus Costa Rica verbringen ihre Freizeit in der Schweiz gerne mit Familienmitgliedern wie der Cousine (M.). </figcaption></figure>



<p>Nachdem wir das International Baccalaureate (Gymnasium) abgeschlossen hatten, schenkten uns unsere Eltern ein Semester Französischunterricht in der Schweiz. So flogen wir am 31. Dezember nach Europa, feierten den Neujahrs-Countdown über dem Ozean und landeten am 1. Januar 2019. So etwas nennt man einen Neuanfang!</p>



<p>Wir erlebten eine Art umgekehrten Kulturschock. Plötzlich waren unsere Vornamen nicht mehr schwer auszusprechen. Niemand fragte uns mehr, woher wir «wirklich» kommen. </p>



<p>Die Schönheit der Schweiz liegt nicht zuletzt auch in ihrer Vielfalt. Es ist nicht ungewöhnlich, dass die Menschen aus anderen Regionen und Ländern kommen. Sie haben vielleicht einen Akzent, doch das macht nichts, denn bei vier Landessprachen haben viele Menschen einen Akzent!</p>



<h2 class="wp-block-heading">educationsuisse unterstützt</h2>



<p>Während dieses Auslandssemesters wohnten wir bei unserer Tante. Als sie sah, wie sehr wir die Schweiz mochten, fragte sie uns, ob wir gerne hier studieren würden. Wir hatten diese Möglichkeit nicht einmal in Betracht gezogen! Waren doch die Lebenshaltungskosten in der Schweiz viel höher als in Costa Rica. Dies erschien uns als fast unüberwindbare Hürde.</p>



<p>Unsere Tante hatte von educationsuisse gehört. Ohne genau zu wissen, was uns erwartete, vereinbarten wir einen Termin. Als wir in ihrem Büro in Bern ankamen, stellten wir schnell fest, wie nett und hilfsbereit sie waren. Eine Mitarbeiterin von educationsuisse erklärte uns unsere Möglichkeiten und die Schritte, die wir unternehmen mussten.</p>



<p>Einige Monate später begannen wir unseren Bachelor in Biologie an der Universität Neuchâtel. Dank der Hilfe von educationsuisse erhielten wir auch ein Stipendium aus unserem Heimatkanton Nidwalden. </p>



<p>Unser Studium war ebenso bereichernd wie anspruchsvoll. Eine grosse Herausforderung war es, die Wissenslücken zu schliessen. Wir investierten viele Stunden, um den Lernstoff nachzuholen, den unsere Klassenkameraden bereits im Gymnasium gelernt hatten.</p>



<figure class="wp-block-gallery has-nested-images columns-default is-cropped wp-block-gallery-1 is-layout-flex wp-block-gallery-is-layout-flex">
<figure class="wp-block-image size-large"><img decoding="async" width="1024" height="768" data-id="10692" src="https://educationsuisse.ch/wp-content/uploads/2025/03/aline_cervin-1024x768.jpg" alt="" class="wp-image-10692" srcset="https://educationsuisse.ch/wp-content/uploads/2025/03/aline_cervin-1024x768.jpg 1024w, https://educationsuisse.ch/wp-content/uploads/2025/03/aline_cervin-300x225.jpg 300w, https://educationsuisse.ch/wp-content/uploads/2025/03/aline_cervin-768x576.jpg 768w, https://educationsuisse.ch/wp-content/uploads/2025/03/aline_cervin-1536x1152.jpg 1536w, https://educationsuisse.ch/wp-content/uploads/2025/03/aline_cervin-2048x1536.jpg 2048w, https://educationsuisse.ch/wp-content/uploads/2025/03/aline_cervin-16x12.jpg 16w" sizes="(max-width: 1024px) 100vw, 1024px" /></figure>



<figure class="wp-block-image size-large"><img decoding="async" width="1024" height="768" data-id="10693" src="https://educationsuisse.ch/wp-content/uploads/2025/03/aline_uncle_aunt_cousin-1024x768.jpg" alt="" class="wp-image-10693" srcset="https://educationsuisse.ch/wp-content/uploads/2025/03/aline_uncle_aunt_cousin-1024x768.jpg 1024w, https://educationsuisse.ch/wp-content/uploads/2025/03/aline_uncle_aunt_cousin-300x225.jpg 300w, https://educationsuisse.ch/wp-content/uploads/2025/03/aline_uncle_aunt_cousin-768x576.jpg 768w, https://educationsuisse.ch/wp-content/uploads/2025/03/aline_uncle_aunt_cousin-1536x1152.jpg 1536w, https://educationsuisse.ch/wp-content/uploads/2025/03/aline_uncle_aunt_cousin-2048x1536.jpg 2048w, https://educationsuisse.ch/wp-content/uploads/2025/03/aline_uncle_aunt_cousin-16x12.jpg 16w" sizes="(max-width: 1024px) 100vw, 1024px" /></figure>



<figure class="wp-block-image size-large"><img loading="lazy" decoding="async" width="1024" height="768" data-id="10694" src="https://educationsuisse.ch/wp-content/uploads/2025/03/first_christmas_cousins_grandma-1024x768.jpg" alt="" class="wp-image-10694" srcset="https://educationsuisse.ch/wp-content/uploads/2025/03/first_christmas_cousins_grandma-1024x768.jpg 1024w, https://educationsuisse.ch/wp-content/uploads/2025/03/first_christmas_cousins_grandma-300x225.jpg 300w, https://educationsuisse.ch/wp-content/uploads/2025/03/first_christmas_cousins_grandma-768x576.jpg 768w, https://educationsuisse.ch/wp-content/uploads/2025/03/first_christmas_cousins_grandma-1536x1152.jpg 1536w, https://educationsuisse.ch/wp-content/uploads/2025/03/first_christmas_cousins_grandma-2048x1536.jpg 2048w, https://educationsuisse.ch/wp-content/uploads/2025/03/first_christmas_cousins_grandma-16x12.jpg 16w" sizes="(max-width: 1024px) 100vw, 1024px" /></figure>
<figcaption class="blocks-gallery-caption wp-element-caption">V.l.n.r.: Aline posiert vor dem Matterhorn; Aline (2. v.l.) mit Onkel, Tante und Cousine; und Aline und Lea (vorne) bei ihrer ersten Weihnachtsfeier in der Schweiz mit ihrer Grossmutter und Cousins.</figcaption></figure>



<p>Auch ausserhalb des Unterrichts war viel los. Wir lernten viel über die Schweiz. Wir haben unsere Verwandten kennengelernt und lustige Geschichten über unsere Eltern erfahren. </p>



<p>Es war wie eine Rückkehr in ein «Zuhause», von dem wir nicht wussten, dass es existiert. Wir haben in den Alpen Skifahren und in den Seen Tauchen gelernt. Wir verbesserten unser Französisch und lernen derzeit Deutsch.</p>



<h2 class="wp-block-heading">Neues Leben erhalten</h2>



<p>Heute, mit einem Bachelor in Biologie in der Tasche, macht Lea einen Master in Molecular Life Sciences an der Universität Bern, während Aline einen Master in Neurosciences an der Universität Zürich absolviert. Unsere nächste Herausforderung wird sein, unseren Platz in der Arbeitswelt zu finden.</p>



<p>All dies wäre ohne die kontinuierliche Hilfe von educationsuisse nicht möglich gewesen, wofür wir sehr dankbar sind. Wir haben dadurch Zugang zu einem Leben erhalten, das wir vorher nicht kannten. Und wir lieben es!»</p>



<div class="wp-block-buttons is-layout-flex wp-block-buttons-is-layout-flex">
<div class="wp-block-button"><a class="wp-block-button__link wp-element-button" href="https://educationsuisse.ch/wp-content/uploads/2023/11/NEU_Broschuere_Erfahrungsberichte_2022.pdf" target="_blank" rel="noreferrer noopener">Weitere Erfahrungsberichte</a></div>
</div>



<p></p>
