{"id":10614,"date":"2025-03-04T10:12:31","date_gmt":"2025-03-04T09:12:31","guid":{"rendered":"https:\/\/educationsuisse.ch\/?post_type=aktuelles&#038;p=10614"},"modified":"2025-03-20T16:40:20","modified_gmt":"2025-03-20T15:40:20","slug":"musikerin-brasilien-herausforderungen","status":"publish","type":"aktuelles","link":"https:\/\/educationsuisse.ch\/de\/aktuelles\/musikerin-brasilien-herausforderungen\/","title":{"rendered":"Junge Musikerin aus Brasilien stellt sich Herausforderungen in der Schweiz"},"content":{"rendered":"\n<p><strong>Als Musikerin strebt Mimi Ambiel neue Perspektiven an und entdeckte an der Z\u00fcrcher Hochschule der K\u00fcnste spannende M\u00f6glichkeiten f\u00fcr ihre k\u00fcnstlerische Weiterentwicklung. Hier erz\u00e4hlt die Auslandschweizerin, die mit Schweizer Traditionen aufwuchs, wieso der Umzug von Brasilien in die Schweiz dennoch mit Herausforderungen verbunden war.<\/strong><\/p>\n\n\n\n<p>\u00abIch hatte nicht geplant, in die Schweiz zu ziehen. Nicht, weil ich kein Interesse hatte, sondern weil ich dachte, ich w\u00fcrde dieses Land und seine Kultur bereits gut kennen. Seit meiner Geburt bin ich Teil der Col\u00f4nia Helvetia in Indaiatuba, S\u00e3o Paulo. Dies ist ein Viertel, welches 1888 von Schweizer Einwanderern gegr\u00fcndet wurde und wo die Traditionen der Zentralschweiz gepflegt und bewahrt werden. <\/p>\n\n\n\n<h2 class=\"wp-block-heading\">Ohne Pl\u00e4ne in die Schweiz<\/h2>\n\n\n\n<p>So habe ich bis zu meinem 19. Lebensjahr Schweizer Volkst\u00e4nze getanzt, in einer Schweizer Volksmusikgruppe namens \u00abSchnapsmuisig\u00bb Geige gespielt und den Proben des Jodlerchors zugeh\u00f6rt, in welchem mein Vater gesungen hat. Die Schweizer Kultur war mir also nicht fremd. Aber wie ich sp\u00e4ter merkte, kann die Schweiz auch anders sein!<\/p>\n\n\n\n<p>Im Jahr 2019 habe ich meinen Bachelor in Musik \u2013 Violine Performance \u2013 in Brasilien abgeschlossen. Dann kam 2020 die COVID-Pandemie. Nach einem Jahr zu Hause, schlug mein Vater vor, dass ich ins Ausland gehe, um als K\u00fcnstlerin bessere Bedingungen und Zukunftsaussichten zu finden. <\/p>\n\n\n\n<p>Im Juli 2021 kam ich in die Schweiz \u2013 ohne konkrete Pl\u00e4ne! Da ich in Brasilien in der Schule und w\u00e4hrend dem Studium bereits Deutsch gelernt hatte, konnte ich es gut verstehen. Aber Schweizerdeutsch&#8230; das braucht seine Zeit. Und nicht nur die Sprache war eine Herausforderung.<\/p>\n\n\n\n<figure class=\"wp-block-image size-large\"><img fetchpriority=\"high\" decoding=\"async\" width=\"985\" height=\"1024\" src=\"https:\/\/educationsuisse.ch\/wp-content\/uploads\/2025\/03\/MIMI87-copia-985x1024.jpg\" alt=\"Mimi Ambiel Auslandschweizerin aus Brasilien\" class=\"wp-image-10615\" srcset=\"https:\/\/educationsuisse.ch\/wp-content\/uploads\/2025\/03\/MIMI87-copia-985x1024.jpg 985w, https:\/\/educationsuisse.ch\/wp-content\/uploads\/2025\/03\/MIMI87-copia-289x300.jpg 289w, https:\/\/educationsuisse.ch\/wp-content\/uploads\/2025\/03\/MIMI87-copia-768x798.jpg 768w, https:\/\/educationsuisse.ch\/wp-content\/uploads\/2025\/03\/MIMI87-copia-1478x1536.jpg 1478w, https:\/\/educationsuisse.ch\/wp-content\/uploads\/2025\/03\/MIMI87-copia-1971x2048.jpg 1971w, https:\/\/educationsuisse.ch\/wp-content\/uploads\/2025\/03\/MIMI87-copia-12x12.jpg 12w\" sizes=\"(max-width: 985px) 100vw, 985px\" \/><figcaption class=\"wp-element-caption\">Mimi Ambiel ist Auslandschweizerin aus Brasilien und absolvierte ein Masterstudium an der Z\u00fcrcher Hochschule der K\u00fcnste (ZHdK) in Musik und Bewegung.<strong> <\/strong>(Bild zVg)<\/figcaption><\/figure>\n\n\n\n<p>Wenn man an Brasilien und die Schweiz denkt, ist es schwer, Gemeinsamkeiten zu finden. Die Unterschiede fallen jedoch sofort auf. Als Begr\u00fcssung eine Umarmung oder ein H\u00e4ndedruck? Spricht man sich mit du oder Sie an? Eine spontane Einladung in letzter Minute oder lieber alles durchplanen und im Kalender eintragen?<\/p>\n\n\n\n<h2 class=\"wp-block-heading\">Herausforderungen im Studium<\/h2>\n\n\n\n<p>Am Anfang lebte ich einige Monate bei einer Cousine meines Vaters, zog dann in eine WG in Z\u00fcrich und begann, in der Gastronomie an der <a href=\"https:\/\/www.zhdk.ch\/\" target=\"_blank\" data-type=\"link\" data-id=\"https:\/\/www.zhdk.ch\/\" rel=\"noreferrer noopener\">Z\u00fcrcher Hochschule der K\u00fcnste (ZHdK)<\/a> zu arbeiten. Parallel dazu bereitete ich mich auf die Aufnahmepr\u00fcfung f\u00fcr ein Masterstudium an der ZHdK vor \u2013 nicht in Violine, sondern in \u00abMusik und Bewegung \u2013 Rhythmik\u00bb. <\/p>\n\n\n\n<p>Ich hatte nie davon geh\u00f6rt, wusste aber, dass ich meine F\u00e4higkeiten \u00fcber die Geige hinaus erweitern wollte. Ich bestand die Pr\u00fcfung und begann im September 2022 mein Studium. Die Sprache und die Unterrichtsdynamik waren herausfordernd, aber die Infrastruktur der Hochschule und die Unterst\u00fctzung der Dozierenden waren entscheidend f\u00fcr meine k\u00fcnstlerische Entwicklung. <\/p>\n\n\n\n<p>Die R\u00e4ume sind mit vielen Instrumenten ausgestattet, es gibt Dutzende von \u00dcbungsr\u00e4umen mit Klavieren, sowie verschiedene Cafeterien. Im Masterstudium haben wir viel Freiheit, unseren eigenen Weg zu gestalten \u2013 das hat Vor- und Nachteile. Dank der individuellen Betreuung meiner Studienleiterin f\u00fchlte ich mich gut begleitet. <\/p>\n\n\n\n<h2 class=\"wp-block-heading\">K\u00f6rperbewusstsein f\u00fcr Musiker:innen<\/h2>\n\n\n\n<p>Zwei Semester lang konnte ich an der ZHdK im \u00abPeer-to-Peer\u00bb-Format unterrichten, was so viel bedeutet wie Unterricht von Studierenden f\u00fcr Studierende. Daf\u00fcr habe ich meinen eigenen Kurs \u00abK\u00f6rpersprache als Teil der musikalischen Performance\u00bb entwickelt, welcher zum Ziel hat, Musiker:innen ein besseres K\u00f6rperbewusstsein zu vermitteln. <\/p>\n\n\n\n<figure class=\"wp-block-image aligncenter size-full\"><img decoding=\"async\" width=\"640\" height=\"360\" src=\"https:\/\/educationsuisse.ch\/wp-content\/uploads\/2025\/03\/IMG_3891.jpg\" alt=\"\" class=\"wp-image-10616\" srcset=\"https:\/\/educationsuisse.ch\/wp-content\/uploads\/2025\/03\/IMG_3891.jpg 640w, https:\/\/educationsuisse.ch\/wp-content\/uploads\/2025\/03\/IMG_3891-300x169.jpg 300w, https:\/\/educationsuisse.ch\/wp-content\/uploads\/2025\/03\/IMG_3891-18x10.jpg 18w\" sizes=\"(max-width: 640px) 100vw, 640px\" \/><figcaption class=\"wp-element-caption\">Mimi Ambiel unterrichtete zwei Semester lang ihren eigens entwickelten Kurs mit dem Ziel, ein besseres K\u00f6rperbewusstsein zu entwickeln. (Bild zVg)<\/figcaption><\/figure>\n\n\n\n<p>Dies hilft den K\u00fcnstler:innen, mit mehr Selbstvertrauen auf der B\u00fchne zu spielen und ihr \u00abk\u00fcnstlerisches Ich\u00bb durch praktische \u00dcbungen aus der Rhythmik weiterzuentwickeln. Mein letztes Semester, vor meinem Masterabschluss in der Schweiz, werde ich an der Universit\u00e4t der K\u00fcnste in Berlin verbringen, worauf ich mich sehr freue!<\/p>\n\n\n\n<p>Ohne das Stipendium meines Heimatkantons Obwalden und die Unterst\u00fctzung von educationsuisse beim Antrag dieses Stipendiums, w\u00e4re all das nicht m\u00f6glich gewesen. Diese finanzielle Unterst\u00fctzung hat es mir erm\u00f6glicht, mich auf mein Studium zu konzentrieren, wof\u00fcr ich sehr dankbar bin.\u00bb<\/p>\n\n\n\n<div class=\"wp-block-buttons is-layout-flex wp-block-buttons-is-layout-flex\">\n<div class=\"wp-block-button\"><a class=\"wp-block-button__link wp-element-button\" href=\"https:\/\/educationsuisse.ch\/wp-content\/uploads\/2023\/11\/NEU_Broschuere_Erfahrungsberichte_2022.pdf\" target=\"_blank\" rel=\"noreferrer noopener\">Weitere Erfahrungsberichte<\/a><\/div>\n<\/div>\n\n\n\n<p><\/p>\n","protected":false},"excerpt":{"rendered":"<p>Erfahren Sie hier, wie die junge Auslandschweizerin Mimi Ambiel ihre Kunst in der Schweiz weiterentwickelte.<\/p>\n","protected":false},"featured_media":10615,"template":"","filter-aktuelles":[195],"class_list":["post-10614","aktuelles","type-aktuelles","status-publish","has-post-thumbnail","hentry","filter-aktuelles-ausbildung"],"acf":[],"_links":{"self":[{"href":"https:\/\/educationsuisse.ch\/de\/wp-json\/wp\/v2\/aktuelles\/10614","targetHints":{"allow":["GET"]}}],"collection":[{"href":"https:\/\/educationsuisse.ch\/de\/wp-json\/wp\/v2\/aktuelles"}],"about":[{"href":"https:\/\/educationsuisse.ch\/de\/wp-json\/wp\/v2\/types\/aktuelles"}],"wp:featuredmedia":[{"embeddable":true,"href":"https:\/\/educationsuisse.ch\/de\/wp-json\/wp\/v2\/media\/10615"}],"wp:attachment":[{"href":"https:\/\/educationsuisse.ch\/de\/wp-json\/wp\/v2\/media?parent=10614"}],"wp:term":[{"taxonomy":"filter-aktuelles","embeddable":true,"href":"https:\/\/educationsuisse.ch\/de\/wp-json\/wp\/v2\/filter-aktuelles?post=10614"}],"curies":[{"name":"wp","href":"https:\/\/api.w.org\/{rel}","templated":true}]}}

<p><strong>Als Musikerin strebt Mimi Ambiel neue Perspektiven an und entdeckte an der Zürcher Hochschule der Künste spannende Möglichkeiten für ihre künstlerische Weiterentwicklung. Hier erzählt die Auslandschweizerin, die mit Schweizer Traditionen aufwuchs, wieso der Umzug von Brasilien in die Schweiz dennoch mit Herausforderungen verbunden war.</strong></p>



<p>«Ich hatte nicht geplant, in die Schweiz zu ziehen. Nicht, weil ich kein Interesse hatte, sondern weil ich dachte, ich würde dieses Land und seine Kultur bereits gut kennen. Seit meiner Geburt bin ich Teil der Colônia Helvetia in Indaiatuba, São Paulo. Dies ist ein Viertel, welches 1888 von Schweizer Einwanderern gegründet wurde und wo die Traditionen der Zentralschweiz gepflegt und bewahrt werden. </p>



<h2 class="wp-block-heading">Ohne Pläne in die Schweiz</h2>



<p>So habe ich bis zu meinem 19. Lebensjahr Schweizer Volkstänze getanzt, in einer Schweizer Volksmusikgruppe namens «Schnapsmuisig» Geige gespielt und den Proben des Jodlerchors zugehört, in welchem mein Vater gesungen hat. Die Schweizer Kultur war mir also nicht fremd. Aber wie ich später merkte, kann die Schweiz auch anders sein!</p>



<p>Im Jahr 2019 habe ich meinen Bachelor in Musik – Violine Performance – in Brasilien abgeschlossen. Dann kam 2020 die COVID-Pandemie. Nach einem Jahr zu Hause, schlug mein Vater vor, dass ich ins Ausland gehe, um als Künstlerin bessere Bedingungen und Zukunftsaussichten zu finden. </p>



<p>Im Juli 2021 kam ich in die Schweiz – ohne konkrete Pläne! Da ich in Brasilien in der Schule und während dem Studium bereits Deutsch gelernt hatte, konnte ich es gut verstehen. Aber Schweizerdeutsch&#8230; das braucht seine Zeit. Und nicht nur die Sprache war eine Herausforderung.</p>



<figure class="wp-block-image size-large"><img fetchpriority="high" decoding="async" width="985" height="1024" src="https://educationsuisse.ch/wp-content/uploads/2025/03/MIMI87-copia-985x1024.jpg" alt="Mimi Ambiel Auslandschweizerin aus Brasilien" class="wp-image-10615" srcset="https://educationsuisse.ch/wp-content/uploads/2025/03/MIMI87-copia-985x1024.jpg 985w, https://educationsuisse.ch/wp-content/uploads/2025/03/MIMI87-copia-289x300.jpg 289w, https://educationsuisse.ch/wp-content/uploads/2025/03/MIMI87-copia-768x798.jpg 768w, https://educationsuisse.ch/wp-content/uploads/2025/03/MIMI87-copia-1478x1536.jpg 1478w, https://educationsuisse.ch/wp-content/uploads/2025/03/MIMI87-copia-1971x2048.jpg 1971w, https://educationsuisse.ch/wp-content/uploads/2025/03/MIMI87-copia-12x12.jpg 12w" sizes="(max-width: 985px) 100vw, 985px" /><figcaption class="wp-element-caption">Mimi Ambiel ist Auslandschweizerin aus Brasilien und absolvierte ein Masterstudium an der Zürcher Hochschule der Künste (ZHdK) in Musik und Bewegung.<strong> </strong>(Bild zVg)</figcaption></figure>



<p>Wenn man an Brasilien und die Schweiz denkt, ist es schwer, Gemeinsamkeiten zu finden. Die Unterschiede fallen jedoch sofort auf. Als Begrüssung eine Umarmung oder ein Händedruck? Spricht man sich mit du oder Sie an? Eine spontane Einladung in letzter Minute oder lieber alles durchplanen und im Kalender eintragen?</p>



<h2 class="wp-block-heading">Herausforderungen im Studium</h2>



<p>Am Anfang lebte ich einige Monate bei einer Cousine meines Vaters, zog dann in eine WG in Zürich und begann, in der Gastronomie an der <a href="https://www.zhdk.ch/" target="_blank" data-type="link" data-id="https://www.zhdk.ch/" rel="noreferrer noopener">Zürcher Hochschule der Künste (ZHdK)</a> zu arbeiten. Parallel dazu bereitete ich mich auf die Aufnahmeprüfung für ein Masterstudium an der ZHdK vor – nicht in Violine, sondern in «Musik und Bewegung – Rhythmik». </p>



<p>Ich hatte nie davon gehört, wusste aber, dass ich meine Fähigkeiten über die Geige hinaus erweitern wollte. Ich bestand die Prüfung und begann im September 2022 mein Studium. Die Sprache und die Unterrichtsdynamik waren herausfordernd, aber die Infrastruktur der Hochschule und die Unterstützung der Dozierenden waren entscheidend für meine künstlerische Entwicklung. </p>



<p>Die Räume sind mit vielen Instrumenten ausgestattet, es gibt Dutzende von Übungsräumen mit Klavieren, sowie verschiedene Cafeterien. Im Masterstudium haben wir viel Freiheit, unseren eigenen Weg zu gestalten – das hat Vor- und Nachteile. Dank der individuellen Betreuung meiner Studienleiterin fühlte ich mich gut begleitet. </p>



<h2 class="wp-block-heading">Körperbewusstsein für Musiker:innen</h2>



<p>Zwei Semester lang konnte ich an der ZHdK im «Peer-to-Peer»-Format unterrichten, was so viel bedeutet wie Unterricht von Studierenden für Studierende. Dafür habe ich meinen eigenen Kurs «Körpersprache als Teil der musikalischen Performance» entwickelt, welcher zum Ziel hat, Musiker:innen ein besseres Körperbewusstsein zu vermitteln. </p>



<figure class="wp-block-image aligncenter size-full"><img decoding="async" width="640" height="360" src="https://educationsuisse.ch/wp-content/uploads/2025/03/IMG_3891.jpg" alt="" class="wp-image-10616" srcset="https://educationsuisse.ch/wp-content/uploads/2025/03/IMG_3891.jpg 640w, https://educationsuisse.ch/wp-content/uploads/2025/03/IMG_3891-300x169.jpg 300w, https://educationsuisse.ch/wp-content/uploads/2025/03/IMG_3891-18x10.jpg 18w" sizes="(max-width: 640px) 100vw, 640px" /><figcaption class="wp-element-caption">Mimi Ambiel unterrichtete zwei Semester lang ihren eigens entwickelten Kurs mit dem Ziel, ein besseres Körperbewusstsein zu entwickeln. (Bild zVg)</figcaption></figure>



<p>Dies hilft den Künstler:innen, mit mehr Selbstvertrauen auf der Bühne zu spielen und ihr «künstlerisches Ich» durch praktische Übungen aus der Rhythmik weiterzuentwickeln. Mein letztes Semester, vor meinem Masterabschluss in der Schweiz, werde ich an der Universität der Künste in Berlin verbringen, worauf ich mich sehr freue!</p>



<p>Ohne das Stipendium meines Heimatkantons Obwalden und die Unterstützung von educationsuisse beim Antrag dieses Stipendiums, wäre all das nicht möglich gewesen. Diese finanzielle Unterstützung hat es mir ermöglicht, mich auf mein Studium zu konzentrieren, wofür ich sehr dankbar bin.»</p>



<div class="wp-block-buttons is-layout-flex wp-block-buttons-is-layout-flex">
<div class="wp-block-button"><a class="wp-block-button__link wp-element-button" href="https://educationsuisse.ch/wp-content/uploads/2023/11/NEU_Broschuere_Erfahrungsberichte_2022.pdf" target="_blank" rel="noreferrer noopener">Weitere Erfahrungsberichte</a></div>
</div>



<p></p>
