{"id":10586,"date":"2025-03-03T11:30:10","date_gmt":"2025-03-03T10:30:10","guid":{"rendered":"https:\/\/educationsuisse.ch\/?post_type=aktuelles&#038;p=10586"},"modified":"2025-03-20T16:41:02","modified_gmt":"2025-03-20T15:41:02","slug":"auslandschweizerin-elektroniker-lehre","status":"publish","type":"aktuelles","link":"https:\/\/educationsuisse.ch\/de\/aktuelles\/auslandschweizerin-elektroniker-lehre\/","title":{"rendered":"Auslandschweizerin Sara Alouini machte ihre Lehre als Elektronikerin in der Schweiz"},"content":{"rendered":"\n<p><strong>Die Auslandschweizerin Sara Alouini ist in Tunesien aufgewachsen und hat sich nach Abschluss ihres tunesischen Baccalaur\u00e9ats f\u00fcr eine Lehre als Elektronikerin in der Schweiz entschieden. Hier erz\u00e4hlt sie, wieso eine Lehre die goldrichtige Entscheidung war und wie die Reise f\u00fcr sie weitergeht.<\/strong><\/p>\n\n\n\n<p>\u00abDas Leben ist nicht immer einfach. Manchmal m\u00fcssen wir unser Wohlbefinden opfern, um voranzukommen\u00bb, sagte mein Vater zu mir, kurz bevor ich Djerba, die als \u00abTrauminsel\u00bb bekannte Perle im Mittelmeer, verliess und in die Schweiz zog.<\/p>\n\n\n\n<p>Als Halb-Tunesierin, Halb-Schweizerin sprachen mein Bruder und ich mit meiner Mutter Schweizerdeutsch und mit meinem Vater Tunesisch (arabischer Dialekt). Wenn alle zu Hause waren, redeten wir Hochdeutsch. <\/p>\n\n\n\n<figure class=\"wp-block-image size-large\"><img fetchpriority=\"high\" decoding=\"async\" width=\"1024\" height=\"683\" src=\"https:\/\/educationsuisse.ch\/wp-content\/uploads\/2025\/02\/IMG_1-1024x683.jpg\" alt=\"Auslandschweizerin Sara Alouini lernte Elektronikerin in der Schweiz\" class=\"wp-image-10589\" srcset=\"https:\/\/educationsuisse.ch\/wp-content\/uploads\/2025\/02\/IMG_1-1024x683.jpg 1024w, https:\/\/educationsuisse.ch\/wp-content\/uploads\/2025\/02\/IMG_1-300x200.jpg 300w, https:\/\/educationsuisse.ch\/wp-content\/uploads\/2025\/02\/IMG_1-768x512.jpg 768w, https:\/\/educationsuisse.ch\/wp-content\/uploads\/2025\/02\/IMG_1-1536x1024.jpg 1536w, https:\/\/educationsuisse.ch\/wp-content\/uploads\/2025\/02\/IMG_1-2048x1365.jpg 2048w, https:\/\/educationsuisse.ch\/wp-content\/uploads\/2025\/02\/IMG_1-18x12.jpg 18w\" sizes=\"(max-width: 1024px) 100vw, 1024px\" \/><figcaption class=\"wp-element-caption\">Die Auslandschweizerin und diplomierte Elektronikerin Sara Alouini am Bielersee.<\/figcaption><\/figure>\n\n\n\n<p>Die Schweiz war mir nicht fremd \u2013 zumindest als Ferienziel. J\u00e4hrlich besuchte ich ein- bis zweimal meine Verwandten m\u00fctterlicherseits. Doch dort zu leben? Das war eine ganz andere Geschichte. Die Entscheidung fiel mir schwer. <\/p>\n\n\n\n<h2 class=\"wp-block-heading\">Lehre als Elektronikerin<\/h2>\n\n\n\n<p>In Tunesien hatte ich ein Leben aufgebaut, das mir gefiel: wertvolle Freundschaften, Hobbys wie Karate, Reiten und Tauchen \u2013 und ein tiefes Gef\u00fchl der Dankbarkeit f\u00fcr das, was ich hatte. Doch wie die Sonne am Horizont untergeht, um einem neuen Tag Platz zu machen, so sp\u00fcrte ich, dass es Zeit war f\u00fcr einen Neuanfang.<\/p>\n\n\n\n<p>Nach meinem tunesischen Baccalaur\u00e9at mit Schwerpunkt Mathematik stellte sich die grosse Frage: Wie geht es weiter? Ich hatte bereits von dem dualen Berufsbildungssystem in der Schweiz geh\u00f6rt und wusste, dass ich sowohl Theorie als auch Praxis sch\u00e4tzte. Nach gr\u00fcndlicher Recherche entschied ich mich f\u00fcr eine Lehre als Elektronikerin \u2013 ein Weg, der mir erlaubte, meine Leidenschaft f\u00fcr Mathematik und Physik direkt anzuwenden.<\/p>\n\n\n\n<p>Dann kam der 14. Juli 2018, der Tag, an dem mein Flugzeug abhob und mein bisheriges Leben auf der Insel zur\u00fcckblieb. <\/p>\n\n\n\n<h2 class=\"wp-block-heading\">Wolkenbruch und Sonnenschein<\/h2>\n\n\n\n<p>Mein Inneres f\u00fchlte sich an wie ein st\u00fcrmisches Meer. Wellen der Trauer rollten an, weil ich meine Familie zur\u00fccklassen musste, und Str\u00f6mungen der Unsicherheit zogen mich mit sich, denn ich kannte kaum jemanden in der Schweiz. Doch zwischen all den dunklen Wolken blitzten auch Sonnenstrahlen hervor \u2013 Momente der Aufregung \u00fcber die neuen Chancen, die sich mir boten.<\/p>\n\n\n\n<p>Schnell merkte ich, dass viele meiner Sorgen unbegr\u00fcndet waren. Nat\u00fcrlich war es eine Herausforderung, mein Leben von Grund auf neu aufzubauen. Ich musste lernen, wie man in der Schweiz Zugtickets richtig l\u00f6st, Steuererkl\u00e4rungen ausf\u00fcllt, Stipendien beantragt und sogar an landesweiten Wahlen teilnimmt. <\/p>\n\n\n\n<p>Doch ich hatte Gl\u00fcck: W\u00e4hrend meiner Lehrzeit durfte ich bei einer herzlichen Gastfamilie wohnen. Sie standen mir mit Rat und Tat zur Seite und gaben mir die Sicherheit, die ich brauchte, um meine Wurzeln in der neuen Heimat zu festigen. Zudem unterst\u00fctzte mich educationsuisse bei meinem Antrag auf Stipendien bei meinem Heimatkanton Bern.<\/p>\n\n\n\n<figure class=\"wp-block-gallery has-nested-images columns-default is-cropped wp-block-gallery-1 is-layout-flex wp-block-gallery-is-layout-flex\">\n<figure class=\"wp-block-image size-full\"><img decoding=\"async\" width=\"576\" height=\"432\" data-id=\"10587\" src=\"https:\/\/educationsuisse.ch\/wp-content\/uploads\/2025\/02\/in-der-Lehre.jpg\" alt=\"Auslandschweizerin Sara Alouini lernte Elektronikerin in der Schweiz\" class=\"wp-image-10587\" srcset=\"https:\/\/educationsuisse.ch\/wp-content\/uploads\/2025\/02\/in-der-Lehre.jpg 576w, https:\/\/educationsuisse.ch\/wp-content\/uploads\/2025\/02\/in-der-Lehre-300x225.jpg 300w, https:\/\/educationsuisse.ch\/wp-content\/uploads\/2025\/02\/in-der-Lehre-16x12.jpg 16w\" sizes=\"(max-width: 576px) 100vw, 576px\" \/><\/figure>\n\n\n\n<figure class=\"wp-block-image size-full\"><img decoding=\"async\" data-id=\"10588\" src=\"https:\/\/educationsuisse.ch\/wp-content\/uploads\/2025\/02\/in-der-Lehre_2.jpg\" alt=\"Auslandschweizerin Sara Alouini lernte Elektronikerin in der Schweiz\" class=\"wp-image-10588\"\/><\/figure>\n<figcaption class=\"blocks-gallery-caption wp-element-caption\">Auslandschweizerin Sara Alouini auf Montage (links) und damals im Lehrbetrieb.<\/figcaption><\/figure>\n\n\n\n<p>Die Lehre erwies sich als goldrichtige Entscheidung. Dank meiner mathematischen Vorkenntnisse hatte ich einen kleinen Vorsprung und konnte gleichzeitig zur Lehre die Berufsmatura absolvieren. Dennoch galt die Devise: \u00abOhne Fleiss kein Preis.\u00bb<\/p>\n\n\n\n<h2 class=\"wp-block-heading\">Vielseitige und lehrreiche Lehre<\/h2>\n\n\n\n<p>W\u00e4hrend meiner Ausbildung zur Elektronikerin lernte ich, wie man Schaltpl\u00e4ne und Layouts von Platinen entwirft, Mikrocontroller programmiert und, falls es nicht auf Anhieb funktioniert, Fehler sucht und korrigiert. Die Lehre erm\u00f6glichte es mir, eigene Projekte zu entwickeln, was mir sehr gefallen hat. <\/p>\n\n\n\n<p>Zudem hatte ich w\u00e4hrend meiner Lehrzeit die Gelegenheit, in meinem Betrieb vielf\u00e4ltige T\u00e4tigkeiten auszuprobieren. Dazu geh\u00f6rte das Zeichnen von Konstruktionen, die mittels eines 3D-Druckers ausgedruckt wurden, Schweissarbeiten und die Fertigung mechanischer Bauteile in der Werkstatt.<\/p>\n\n\n\n<p>Insgesamt empfand ich die Lehrzeit als \u00e4usserst lehrreich und abwechslungsreich. Schritt f\u00fcr Schritt konnte ich mein Wissen vertiefen, wertvolle berufliche und schulische Kontakte kn\u00fcpfen und dabei noch eigenes Geld verdienen. Besonders durch die Berufsschule und die Berufsmaturit\u00e4t lernte ich Menschen kennen, mit denen ich bis heute regelm\u00e4ssig in Kontakt stehe.<\/p>\n\n\n\n<h2 class=\"wp-block-heading\">Reise in die Welt der Hochschulen<\/h2>\n\n\n\n<p>Nach der Lehre begann ich als Software-Testerin zu arbeiten. Ein Job, der mir nicht nur wertvolle Berufserfahrung brachte, sondern mir auch die finanzielle Freiheit gab, meine Reiselust auszuleben. J\u00e4hrlich entdecke ich nun neue L\u00e4nder, neue Kulturen, neue Geschichten. <\/p>\n\n\n\n<figure class=\"wp-block-gallery has-nested-images columns-default is-cropped wp-block-gallery-2 is-layout-flex wp-block-gallery-is-layout-flex\">\n<figure class=\"wp-block-image size-large\"><img decoding=\"async\" width=\"1024\" height=\"768\" data-id=\"10590\" src=\"https:\/\/educationsuisse.ch\/wp-content\/uploads\/2025\/02\/IMG_2-1024x768.jpg\" alt=\"Auslandschweizerin Sara Alouini lernte Elektronikerin in der Schweiz\" class=\"wp-image-10590\" srcset=\"https:\/\/educationsuisse.ch\/wp-content\/uploads\/2025\/02\/IMG_2-1024x768.jpg 1024w, https:\/\/educationsuisse.ch\/wp-content\/uploads\/2025\/02\/IMG_2-300x225.jpg 300w, https:\/\/educationsuisse.ch\/wp-content\/uploads\/2025\/02\/IMG_2-768x576.jpg 768w, https:\/\/educationsuisse.ch\/wp-content\/uploads\/2025\/02\/IMG_2-1536x1152.jpg 1536w, https:\/\/educationsuisse.ch\/wp-content\/uploads\/2025\/02\/IMG_2-16x12.jpg 16w, https:\/\/educationsuisse.ch\/wp-content\/uploads\/2025\/02\/IMG_2.jpg 2000w\" sizes=\"(max-width: 1024px) 100vw, 1024px\" \/><\/figure>\n\n\n\n<figure class=\"wp-block-image size-large\"><img loading=\"lazy\" decoding=\"async\" width=\"1024\" height=\"768\" data-id=\"10591\" src=\"https:\/\/educationsuisse.ch\/wp-content\/uploads\/2025\/02\/IMG_3-1024x768.jpg\" alt=\"Auslandschweizerin Sara Alouini lernte Elektronikerin in der Schweiz\" class=\"wp-image-10591\" srcset=\"https:\/\/educationsuisse.ch\/wp-content\/uploads\/2025\/02\/IMG_3-1024x768.jpg 1024w, https:\/\/educationsuisse.ch\/wp-content\/uploads\/2025\/02\/IMG_3-300x225.jpg 300w, https:\/\/educationsuisse.ch\/wp-content\/uploads\/2025\/02\/IMG_3-768x576.jpg 768w, https:\/\/educationsuisse.ch\/wp-content\/uploads\/2025\/02\/IMG_3-1536x1152.jpg 1536w, https:\/\/educationsuisse.ch\/wp-content\/uploads\/2025\/02\/IMG_3-2048x1536.jpg 2048w, https:\/\/educationsuisse.ch\/wp-content\/uploads\/2025\/02\/IMG_3-16x12.jpg 16w\" sizes=\"(max-width: 1024px) 100vw, 1024px\" \/><\/figure>\n<figcaption class=\"blocks-gallery-caption wp-element-caption\">Sara Alouini mit ihrem Verlobten in Porto, Portugal, (links) und daheim in Djerba, Tunesien.<\/figcaption><\/figure>\n\n\n\n<p>Doch meine Reise ist noch lange nicht zu Ende: Bald werde ich in Winterthur an der <a href=\"https:\/\/www.zhaw.ch\/en\/university\" target=\"_blank\" data-type=\"link\" data-id=\"https:\/\/www.zhaw.ch\/en\/university\" rel=\"noreferrer noopener\">Z\u00fcrcher Hochschule f\u00fcr Angewandte Wissenschaften ZHAW<\/a> ein Studium der Elektrotechnik beginnen, um mein Wissen weiter auszubauen. Das Leben ist eine Reise mit unbekannten Wegen. Doch wer nicht wagt, der nicht gewinnt.\u00bb<\/p>\n\n\n\n<div class=\"wp-block-buttons is-layout-flex wp-block-buttons-is-layout-flex\">\n<div class=\"wp-block-button\"><a class=\"wp-block-button__link wp-element-button\" href=\"https:\/\/educationsuisse.ch\/wp-content\/uploads\/2023\/11\/NEU_Broschuere_Erfahrungsberichte_2022.pdf\" target=\"_blank\" rel=\"noreferrer noopener\">Weitere Erfahrungsberichte<\/a><\/div>\n<\/div>\n\n\n\n<p><\/p>\n","protected":false},"excerpt":{"rendered":"<p>Die in Tunesien aufgewachsene Sara Alouini teilt ihre Erfahrung als Auszubildende in der Schweiz.<\/p>\n","protected":false},"featured_media":10588,"template":"","filter-aktuelles":[195],"class_list":["post-10586","aktuelles","type-aktuelles","status-publish","has-post-thumbnail","hentry","filter-aktuelles-ausbildung"],"acf":[],"_links":{"self":[{"href":"https:\/\/educationsuisse.ch\/de\/wp-json\/wp\/v2\/aktuelles\/10586","targetHints":{"allow":["GET"]}}],"collection":[{"href":"https:\/\/educationsuisse.ch\/de\/wp-json\/wp\/v2\/aktuelles"}],"about":[{"href":"https:\/\/educationsuisse.ch\/de\/wp-json\/wp\/v2\/types\/aktuelles"}],"wp:featuredmedia":[{"embeddable":true,"href":"https:\/\/educationsuisse.ch\/de\/wp-json\/wp\/v2\/media\/10588"}],"wp:attachment":[{"href":"https:\/\/educationsuisse.ch\/de\/wp-json\/wp\/v2\/media?parent=10586"}],"wp:term":[{"taxonomy":"filter-aktuelles","embeddable":true,"href":"https:\/\/educationsuisse.ch\/de\/wp-json\/wp\/v2\/filter-aktuelles?post=10586"}],"curies":[{"name":"wp","href":"https:\/\/api.w.org\/{rel}","templated":true}]}}

<p><strong>Die Auslandschweizerin Sara Alouini ist in Tunesien aufgewachsen und hat sich nach Abschluss ihres tunesischen Baccalauréats für eine Lehre als Elektronikerin in der Schweiz entschieden. Hier erzählt sie, wieso eine Lehre die goldrichtige Entscheidung war und wie die Reise für sie weitergeht.</strong></p>



<p>«Das Leben ist nicht immer einfach. Manchmal müssen wir unser Wohlbefinden opfern, um voranzukommen», sagte mein Vater zu mir, kurz bevor ich Djerba, die als «Trauminsel» bekannte Perle im Mittelmeer, verliess und in die Schweiz zog.</p>



<p>Als Halb-Tunesierin, Halb-Schweizerin sprachen mein Bruder und ich mit meiner Mutter Schweizerdeutsch und mit meinem Vater Tunesisch (arabischer Dialekt). Wenn alle zu Hause waren, redeten wir Hochdeutsch. </p>



<figure class="wp-block-image size-large"><img fetchpriority="high" decoding="async" width="1024" height="683" src="https://educationsuisse.ch/wp-content/uploads/2025/02/IMG_1-1024x683.jpg" alt="Auslandschweizerin Sara Alouini lernte Elektronikerin in der Schweiz" class="wp-image-10589" srcset="https://educationsuisse.ch/wp-content/uploads/2025/02/IMG_1-1024x683.jpg 1024w, https://educationsuisse.ch/wp-content/uploads/2025/02/IMG_1-300x200.jpg 300w, https://educationsuisse.ch/wp-content/uploads/2025/02/IMG_1-768x512.jpg 768w, https://educationsuisse.ch/wp-content/uploads/2025/02/IMG_1-1536x1024.jpg 1536w, https://educationsuisse.ch/wp-content/uploads/2025/02/IMG_1-2048x1365.jpg 2048w, https://educationsuisse.ch/wp-content/uploads/2025/02/IMG_1-18x12.jpg 18w" sizes="(max-width: 1024px) 100vw, 1024px" /><figcaption class="wp-element-caption">Die Auslandschweizerin und diplomierte Elektronikerin Sara Alouini am Bielersee.</figcaption></figure>



<p>Die Schweiz war mir nicht fremd – zumindest als Ferienziel. Jährlich besuchte ich ein- bis zweimal meine Verwandten mütterlicherseits. Doch dort zu leben? Das war eine ganz andere Geschichte. Die Entscheidung fiel mir schwer. </p>



<h2 class="wp-block-heading">Lehre als Elektronikerin</h2>



<p>In Tunesien hatte ich ein Leben aufgebaut, das mir gefiel: wertvolle Freundschaften, Hobbys wie Karate, Reiten und Tauchen – und ein tiefes Gefühl der Dankbarkeit für das, was ich hatte. Doch wie die Sonne am Horizont untergeht, um einem neuen Tag Platz zu machen, so spürte ich, dass es Zeit war für einen Neuanfang.</p>



<p>Nach meinem tunesischen Baccalauréat mit Schwerpunkt Mathematik stellte sich die grosse Frage: Wie geht es weiter? Ich hatte bereits von dem dualen Berufsbildungssystem in der Schweiz gehört und wusste, dass ich sowohl Theorie als auch Praxis schätzte. Nach gründlicher Recherche entschied ich mich für eine Lehre als Elektronikerin – ein Weg, der mir erlaubte, meine Leidenschaft für Mathematik und Physik direkt anzuwenden.</p>



<p>Dann kam der 14. Juli 2018, der Tag, an dem mein Flugzeug abhob und mein bisheriges Leben auf der Insel zurückblieb. </p>



<h2 class="wp-block-heading">Wolkenbruch und Sonnenschein</h2>



<p>Mein Inneres fühlte sich an wie ein stürmisches Meer. Wellen der Trauer rollten an, weil ich meine Familie zurücklassen musste, und Strömungen der Unsicherheit zogen mich mit sich, denn ich kannte kaum jemanden in der Schweiz. Doch zwischen all den dunklen Wolken blitzten auch Sonnenstrahlen hervor – Momente der Aufregung über die neuen Chancen, die sich mir boten.</p>



<p>Schnell merkte ich, dass viele meiner Sorgen unbegründet waren. Natürlich war es eine Herausforderung, mein Leben von Grund auf neu aufzubauen. Ich musste lernen, wie man in der Schweiz Zugtickets richtig löst, Steuererklärungen ausfüllt, Stipendien beantragt und sogar an landesweiten Wahlen teilnimmt. </p>



<p>Doch ich hatte Glück: Während meiner Lehrzeit durfte ich bei einer herzlichen Gastfamilie wohnen. Sie standen mir mit Rat und Tat zur Seite und gaben mir die Sicherheit, die ich brauchte, um meine Wurzeln in der neuen Heimat zu festigen. Zudem unterstützte mich educationsuisse bei meinem Antrag auf Stipendien bei meinem Heimatkanton Bern.</p>



<figure class="wp-block-gallery has-nested-images columns-default is-cropped wp-block-gallery-1 is-layout-flex wp-block-gallery-is-layout-flex">
<figure class="wp-block-image size-full"><img decoding="async" width="576" height="432" data-id="10587" src="https://educationsuisse.ch/wp-content/uploads/2025/02/in-der-Lehre.jpg" alt="Auslandschweizerin Sara Alouini lernte Elektronikerin in der Schweiz" class="wp-image-10587" srcset="https://educationsuisse.ch/wp-content/uploads/2025/02/in-der-Lehre.jpg 576w, https://educationsuisse.ch/wp-content/uploads/2025/02/in-der-Lehre-300x225.jpg 300w, https://educationsuisse.ch/wp-content/uploads/2025/02/in-der-Lehre-16x12.jpg 16w" sizes="(max-width: 576px) 100vw, 576px" /></figure>



<figure class="wp-block-image size-full"><img decoding="async" data-id="10588" src="https://educationsuisse.ch/wp-content/uploads/2025/02/in-der-Lehre_2.jpg" alt="Auslandschweizerin Sara Alouini lernte Elektronikerin in der Schweiz" class="wp-image-10588"/></figure>
<figcaption class="blocks-gallery-caption wp-element-caption">Auslandschweizerin Sara Alouini auf Montage (links) und damals im Lehrbetrieb.</figcaption></figure>



<p>Die Lehre erwies sich als goldrichtige Entscheidung. Dank meiner mathematischen Vorkenntnisse hatte ich einen kleinen Vorsprung und konnte gleichzeitig zur Lehre die Berufsmatura absolvieren. Dennoch galt die Devise: «Ohne Fleiss kein Preis.»</p>



<h2 class="wp-block-heading">Vielseitige und lehrreiche Lehre</h2>



<p>Während meiner Ausbildung zur Elektronikerin lernte ich, wie man Schaltpläne und Layouts von Platinen entwirft, Mikrocontroller programmiert und, falls es nicht auf Anhieb funktioniert, Fehler sucht und korrigiert. Die Lehre ermöglichte es mir, eigene Projekte zu entwickeln, was mir sehr gefallen hat. </p>



<p>Zudem hatte ich während meiner Lehrzeit die Gelegenheit, in meinem Betrieb vielfältige Tätigkeiten auszuprobieren. Dazu gehörte das Zeichnen von Konstruktionen, die mittels eines 3D-Druckers ausgedruckt wurden, Schweissarbeiten und die Fertigung mechanischer Bauteile in der Werkstatt.</p>



<p>Insgesamt empfand ich die Lehrzeit als äusserst lehrreich und abwechslungsreich. Schritt für Schritt konnte ich mein Wissen vertiefen, wertvolle berufliche und schulische Kontakte knüpfen und dabei noch eigenes Geld verdienen. Besonders durch die Berufsschule und die Berufsmaturität lernte ich Menschen kennen, mit denen ich bis heute regelmässig in Kontakt stehe.</p>



<h2 class="wp-block-heading">Reise in die Welt der Hochschulen</h2>



<p>Nach der Lehre begann ich als Software-Testerin zu arbeiten. Ein Job, der mir nicht nur wertvolle Berufserfahrung brachte, sondern mir auch die finanzielle Freiheit gab, meine Reiselust auszuleben. Jährlich entdecke ich nun neue Länder, neue Kulturen, neue Geschichten. </p>



<figure class="wp-block-gallery has-nested-images columns-default is-cropped wp-block-gallery-2 is-layout-flex wp-block-gallery-is-layout-flex">
<figure class="wp-block-image size-large"><img decoding="async" width="1024" height="768" data-id="10590" src="https://educationsuisse.ch/wp-content/uploads/2025/02/IMG_2-1024x768.jpg" alt="Auslandschweizerin Sara Alouini lernte Elektronikerin in der Schweiz" class="wp-image-10590" srcset="https://educationsuisse.ch/wp-content/uploads/2025/02/IMG_2-1024x768.jpg 1024w, https://educationsuisse.ch/wp-content/uploads/2025/02/IMG_2-300x225.jpg 300w, https://educationsuisse.ch/wp-content/uploads/2025/02/IMG_2-768x576.jpg 768w, https://educationsuisse.ch/wp-content/uploads/2025/02/IMG_2-1536x1152.jpg 1536w, https://educationsuisse.ch/wp-content/uploads/2025/02/IMG_2-16x12.jpg 16w, https://educationsuisse.ch/wp-content/uploads/2025/02/IMG_2.jpg 2000w" sizes="(max-width: 1024px) 100vw, 1024px" /></figure>



<figure class="wp-block-image size-large"><img loading="lazy" decoding="async" width="1024" height="768" data-id="10591" src="https://educationsuisse.ch/wp-content/uploads/2025/02/IMG_3-1024x768.jpg" alt="Auslandschweizerin Sara Alouini lernte Elektronikerin in der Schweiz" class="wp-image-10591" srcset="https://educationsuisse.ch/wp-content/uploads/2025/02/IMG_3-1024x768.jpg 1024w, https://educationsuisse.ch/wp-content/uploads/2025/02/IMG_3-300x225.jpg 300w, https://educationsuisse.ch/wp-content/uploads/2025/02/IMG_3-768x576.jpg 768w, https://educationsuisse.ch/wp-content/uploads/2025/02/IMG_3-1536x1152.jpg 1536w, https://educationsuisse.ch/wp-content/uploads/2025/02/IMG_3-2048x1536.jpg 2048w, https://educationsuisse.ch/wp-content/uploads/2025/02/IMG_3-16x12.jpg 16w" sizes="(max-width: 1024px) 100vw, 1024px" /></figure>
<figcaption class="blocks-gallery-caption wp-element-caption">Sara Alouini mit ihrem Verlobten in Porto, Portugal, (links) und daheim in Djerba, Tunesien.</figcaption></figure>



<p>Doch meine Reise ist noch lange nicht zu Ende: Bald werde ich in Winterthur an der <a href="https://www.zhaw.ch/en/university" target="_blank" data-type="link" data-id="https://www.zhaw.ch/en/university" rel="noreferrer noopener">Zürcher Hochschule für Angewandte Wissenschaften ZHAW</a> ein Studium der Elektrotechnik beginnen, um mein Wissen weiter auszubauen. Das Leben ist eine Reise mit unbekannten Wegen. Doch wer nicht wagt, der nicht gewinnt.»</p>



<div class="wp-block-buttons is-layout-flex wp-block-buttons-is-layout-flex">
<div class="wp-block-button"><a class="wp-block-button__link wp-element-button" href="https://educationsuisse.ch/wp-content/uploads/2023/11/NEU_Broschuere_Erfahrungsberichte_2022.pdf" target="_blank" rel="noreferrer noopener">Weitere Erfahrungsberichte</a></div>
</div>



<p></p>
