{"id":10526,"date":"2025-02-10T16:58:42","date_gmt":"2025-02-10T15:58:42","guid":{"rendered":"https:\/\/educationsuisse.ch\/?post_type=aktuelles&#038;p=10526"},"modified":"2025-10-20T08:33:07","modified_gmt":"2025-10-20T06:33:07","slug":"job-speeddating-schweizerschulen","status":"publish","type":"aktuelles","link":"https:\/\/educationsuisse.ch\/de\/aktuelles\/job-speeddating-schweizerschulen\/","title":{"rendered":"Job-Speeddating: Vom Praktikum zur Anstellung an einer Schweizerschule?"},"content":{"rendered":"\n<p><strong>Neun Schulleitungen, dreissig interessierte Lehrpersonen, ein Praktikum und Bewerbungsgespr\u00e4che im Sieben-Minuten-Takt. Kurz vor Weihnachten letzten Jahres trafen sich Schulleiter:innen der vom Bund anerkannten Schweizerschulen im Ausland mit Lehrpersonen aus der Schweiz im virtuellen Raum zum Job-Speeddating. <\/strong><\/p>\n\n\n\n<p>Das Interesse am zweiten Job-Speeddating mit den Schweizerschulen war sehr gross. \u00abMit 30 Teilnehmenden verdoppelten wir die Anzahl Teilnehmer:innen\u00bb, sagt Serge K\u00fcnzler, Gesch\u00e4ftsf\u00fchrer von educationsuisse, dem Dachverband der 17 Schweizerschulen im Ausland. \u00abWegen der grossen Nachfrage pr\u00fcfen wir f\u00fcr die dritte Austragung im Dezember organisatorische Anpassungen.\u00bb<\/p>\n\n\n\n<h2 class=\"wp-block-heading\">Knackiges Konzept<\/h2>\n\n\n\n<p>Beim Job-Speeddating tauschten sich potenzielle Arbeitnehmer:innen mit Schulleitenden aus Kolumbien, Chile, Brasilien, Thailand, Italien, China und Mexiko aus. Je sieben Minuten dauerte ein Gespr\u00e4ch, danach kam es zu einer Rochade.<\/p>\n\n\n\n<figure class=\"wp-block-image size-large\"><img fetchpriority=\"high\" decoding=\"async\" width=\"1024\" height=\"576\" src=\"https:\/\/educationsuisse.ch\/wp-content\/uploads\/2025\/02\/JSD-TN-Screenshot-1024x576.jpeg\" alt=\"\" class=\"wp-image-10530\" srcset=\"https:\/\/educationsuisse.ch\/wp-content\/uploads\/2025\/02\/JSD-TN-Screenshot-1024x576.jpeg 1024w, https:\/\/educationsuisse.ch\/wp-content\/uploads\/2025\/02\/JSD-TN-Screenshot-300x169.jpeg 300w, https:\/\/educationsuisse.ch\/wp-content\/uploads\/2025\/02\/JSD-TN-Screenshot-768x432.jpeg 768w, https:\/\/educationsuisse.ch\/wp-content\/uploads\/2025\/02\/JSD-TN-Screenshot-18x10.jpeg 18w, https:\/\/educationsuisse.ch\/wp-content\/uploads\/2025\/02\/JSD-TN-Screenshot.jpeg 1280w\" sizes=\"(max-width: 1024px) 100vw, 1024px\" \/><figcaption class=\"wp-element-caption\">Schulleitende und Lehrpersonen der Schweizerschulen im Ausland bereiten sich auf den Austausch mit interessierten Lehrpersonen beim virtuellen Job-Speeddating vor. Im Bild fehlt Kolumbien.<\/figcaption><\/figure>\n\n\n\n<p>Bettina Huber, Co-Schulleiterin der Schweizerschule in Mexiko-Stadt, gef\u00e4llt das knackige Konzept: \u00abEine ideale Form, um erste Kontakte zu kn\u00fcpfen, Fragen zu kl\u00e4ren und Interesse zu wecken.\u00bb Ob es auch diesmal wieder zu einer Festanstellung komme, sei noch offen.<\/p>\n\n\n\n<h2 class=\"wp-block-heading\">Praktikum in Mexiko-Stadt<\/h2>\n\n\n\n<p>Die interessierten Lehrpersonen wie Ari Hechel, Sekundarlehrer und Masterstudent an der <a href=\"https:\/\/phzh.ch\/\" data-type=\"link\" data-id=\"https:\/\/phzh.ch\/\" target=\"_blank\" rel=\"noreferrer noopener\">P\u00e4dagogischen Hochschule Z\u00fcrich<\/a>, sind vom Konzept ebenfalls \u00fcberzeugt: \u00abDer unkomplizierte Austausch mit den Schulleitenden der Schweizerschulen im Ausland war sehr spannend.\u00bb<\/p>\n\n\n\n<p>Angeregt durch die guten Gespr\u00e4che und angenehme Atmosph\u00e4re, erkundigte Hechel sich spontan nach einem Praktikum an der <a href=\"https:\/\/educationsuisse.ch\/de\/schulen\/schweizerschule-in-mexiko-stadt\/\" data-type=\"link\" data-id=\"https:\/\/educationsuisse.ch\/de\/schulen\/schweizerschule-in-mexiko-stadt\/\">Schweizerschule in Mexiko-Stadt<\/a> w\u00e4hrend der anstehenden Semesterferien im Januar. Bettina Huber machte das scheinbar Unm\u00f6gliche m\u00f6glich, und keinen Monat sp\u00e4ter landete Hechel in der mexikanischen Hauptstadt.<\/p>\n\n\n\n<p>\u00abZu Beginn war es schon ein kleiner Kulturschock in dieser Riesenmetropole mit zig Millionen Einwohnern\u00bb, erinnert sich Hechel. \u00abZudem war ich noch nie in Lateinamerika und spreche kein Spanisch.\u00bb<\/p>\n\n\n\n<figure class=\"wp-block-image size-large\"><img decoding=\"async\" width=\"1024\" height=\"768\" src=\"https:\/\/educationsuisse.ch\/wp-content\/uploads\/2025\/02\/IMG_7052-1024x768.jpeg\" alt=\"Ari Hechel Schweizerschule Mexiko-Stadt\" class=\"wp-image-10531\" srcset=\"https:\/\/educationsuisse.ch\/wp-content\/uploads\/2025\/02\/IMG_7052-1024x768.jpeg 1024w, https:\/\/educationsuisse.ch\/wp-content\/uploads\/2025\/02\/IMG_7052-300x225.jpeg 300w, https:\/\/educationsuisse.ch\/wp-content\/uploads\/2025\/02\/IMG_7052-768x576.jpeg 768w, https:\/\/educationsuisse.ch\/wp-content\/uploads\/2025\/02\/IMG_7052-1536x1152.jpeg 1536w, https:\/\/educationsuisse.ch\/wp-content\/uploads\/2025\/02\/IMG_7052-2048x1536.jpeg 2048w, https:\/\/educationsuisse.ch\/wp-content\/uploads\/2025\/02\/IMG_7052-16x12.jpeg 16w\" sizes=\"(max-width: 1024px) 100vw, 1024px\" \/><figcaption class=\"wp-element-caption\">Ari Hechel, im roten T-Shirt, mit einer Sekundarklasse der Schweizerschule in Mexiko-Stadt.<\/figcaption><\/figure>\n\n\n\n<p>Nach nur vier Wochen f\u00fchlte Hechel sich aber total wohl: \u00abIch habe in der Schule sehr schnell Anschluss gefunden und im Tandem mit spanischsprechenden Berufskolleg:innen sogar ein wenig Spanisch gelernt!\u00bb<\/p>\n\n\n\n<p>Hechel unterrichtete die F\u00e4cher Deutsch als Zweitsprache und Englisch und brachte der gesamten Sekundar- und Gymnasialstufe im Rahmen von <a href=\"https:\/\/www.set.ch\/holocaust-nachkommen\/\" target=\"_blank\" rel=\"noreferrer noopener\">\u00abNachkommen erz\u00e4hlen\u00bb<\/a> den Holocaust und seine eigene j\u00fcdische Familiengeschichte n\u00e4her. Seine Freizeit verbrachte Hechel auf Erkundungstouren in den umliegenden H\u00fcgeln und in der pulsierenden Millionenstadt.<\/p>\n\n\n\n<figure class=\"wp-block-gallery has-nested-images columns-default is-cropped wp-block-gallery-1 is-layout-flex wp-block-gallery-is-layout-flex\">\n<figure class=\"wp-block-image size-large\"><img decoding=\"async\" width=\"768\" height=\"1024\" data-id=\"10534\" src=\"https:\/\/educationsuisse.ch\/wp-content\/uploads\/2025\/02\/IMG_6957-768x1024.jpeg\" alt=\"\" class=\"wp-image-10534\" srcset=\"https:\/\/educationsuisse.ch\/wp-content\/uploads\/2025\/02\/IMG_6957-768x1024.jpeg 768w, https:\/\/educationsuisse.ch\/wp-content\/uploads\/2025\/02\/IMG_6957-225x300.jpeg 225w, https:\/\/educationsuisse.ch\/wp-content\/uploads\/2025\/02\/IMG_6957-1152x1536.jpeg 1152w, https:\/\/educationsuisse.ch\/wp-content\/uploads\/2025\/02\/IMG_6957-1536x2048.jpeg 1536w, https:\/\/educationsuisse.ch\/wp-content\/uploads\/2025\/02\/IMG_6957-9x12.jpeg 9w, https:\/\/educationsuisse.ch\/wp-content\/uploads\/2025\/02\/IMG_6957-scaled.jpeg 1920w\" sizes=\"(max-width: 768px) 100vw, 768px\" \/><figcaption class=\"wp-element-caption\">Ausflug zur Sonnenpyramide in Teotihuac\u00e1n<\/figcaption><\/figure>\n\n\n\n<figure class=\"wp-block-image size-large\"><img loading=\"lazy\" decoding=\"async\" width=\"768\" height=\"1024\" data-id=\"10532\" src=\"https:\/\/educationsuisse.ch\/wp-content\/uploads\/2025\/02\/IMG_5605-768x1024.jpeg\" alt=\"\" class=\"wp-image-10532\" srcset=\"https:\/\/educationsuisse.ch\/wp-content\/uploads\/2025\/02\/IMG_5605-768x1024.jpeg 768w, https:\/\/educationsuisse.ch\/wp-content\/uploads\/2025\/02\/IMG_5605-225x300.jpeg 225w, https:\/\/educationsuisse.ch\/wp-content\/uploads\/2025\/02\/IMG_5605-1152x1536.jpeg 1152w, https:\/\/educationsuisse.ch\/wp-content\/uploads\/2025\/02\/IMG_5605-1536x2048.jpeg 1536w, https:\/\/educationsuisse.ch\/wp-content\/uploads\/2025\/02\/IMG_5605-9x12.jpeg 9w, https:\/\/educationsuisse.ch\/wp-content\/uploads\/2025\/02\/IMG_5605-scaled.jpeg 1920w\" sizes=\"(max-width: 768px) 100vw, 768px\" \/><figcaption class=\"wp-element-caption\">Frisch zubereitete Guacamole \u00e0 la mexicaine<\/figcaption><\/figure>\n<\/figure>\n\n\n\n<p>\u00abEs ist ein Riesenabenteuer und eine unheimlich spannende Erfahrung, die ich jedem empfehle\u00bb, fasst Hechel sein Praktikum an einer von acht <a href=\"https:\/\/educationsuisse.ch\/de\/schulen\/\" data-type=\"filter-aktuelles\" data-id=\"193\">Schweizerschulen <\/a>in Lateinamerika zusammen. Und f\u00fcgt hinzu: \u00abNach meinem Studium will ich unbedingt im Ausland unterrichten!\u00bb<\/p>\n\n\n\n<h2 class=\"wp-block-heading\">Neues Job-Speeddating<\/h2>\n\n\n\n<p>educationsuisse f\u00fchrte das Job-Speeddating in Zusammenarbeit mit Angela Jetter von <a href=\"https:\/\/angelaworks.ch\/\" target=\"_blank\" rel=\"noreferrer noopener\">angela works GmbH<\/a> und <a href=\"https:\/\/movetia.ch\/\" data-type=\"link\" data-id=\"https:\/\/movetia.ch\/\" target=\"_blank\" rel=\"noreferrer noopener\">Movetia<\/a>, der nationalen Agentur zur F\u00f6rderung von Austausch und Mobilit\u00e4t im Bildungssystem durch.<\/p>\n\n\n\n<p>Am <strong>10. Dezember 2025<\/strong> findet das n\u00e4chste Job-Speeddating Schweizerschulen statt.<\/p>\n\n\n\n<div class=\"wp-block-buttons is-layout-flex wp-block-buttons-is-layout-flex\">\n<div class=\"wp-block-button\"><a class=\"wp-block-button__link wp-element-button\" href=\"https:\/\/educationsuisse.ch\/als-schweizer-lehrperson-ins-ausland\/anstellungsbedingungen-an-schweizerschulen\/\">Anstellungsbedingungen an Schweizerschulen im Ausland<\/a><\/div>\n<\/div>\n\n\n\n<p><\/p>\n","protected":false},"excerpt":{"rendered":"<p>Neun Schulleitungen, dreissig interessierte Lehrpersonen, ein Praktikum und Bewerbungsgespr\u00e4che im Sieben-Minuten-Takt. <\/p>\n","protected":false},"featured_media":10527,"template":"","filter-aktuelles":[197,196],"class_list":["post-10526","aktuelles","type-aktuelles","status-publish","has-post-thumbnail","hentry","filter-aktuelles-educationsuisse","filter-aktuelles-events"],"acf":[],"_links":{"self":[{"href":"https:\/\/educationsuisse.ch\/de\/wp-json\/wp\/v2\/aktuelles\/10526","targetHints":{"allow":["GET"]}}],"collection":[{"href":"https:\/\/educationsuisse.ch\/de\/wp-json\/wp\/v2\/aktuelles"}],"about":[{"href":"https:\/\/educationsuisse.ch\/de\/wp-json\/wp\/v2\/types\/aktuelles"}],"wp:featuredmedia":[{"embeddable":true,"href":"https:\/\/educationsuisse.ch\/de\/wp-json\/wp\/v2\/media\/10527"}],"wp:attachment":[{"href":"https:\/\/educationsuisse.ch\/de\/wp-json\/wp\/v2\/media?parent=10526"}],"wp:term":[{"taxonomy":"filter-aktuelles","embeddable":true,"href":"https:\/\/educationsuisse.ch\/de\/wp-json\/wp\/v2\/filter-aktuelles?post=10526"}],"curies":[{"name":"wp","href":"https:\/\/api.w.org\/{rel}","templated":true}]}}

<p><strong>Neun Schulleitungen, dreissig interessierte Lehrpersonen, ein Praktikum und Bewerbungsgespräche im Sieben-Minuten-Takt. Kurz vor Weihnachten letzten Jahres trafen sich Schulleiter:innen der vom Bund anerkannten Schweizerschulen im Ausland mit Lehrpersonen aus der Schweiz im virtuellen Raum zum Job-Speeddating. </strong></p>



<p>Das Interesse am zweiten Job-Speeddating mit den Schweizerschulen war sehr gross. «Mit 30 Teilnehmenden verdoppelten wir die Anzahl Teilnehmer:innen», sagt Serge Künzler, Geschäftsführer von educationsuisse, dem Dachverband der 17 Schweizerschulen im Ausland. «Wegen der grossen Nachfrage prüfen wir für die dritte Austragung im Dezember organisatorische Anpassungen.»</p>



<h2 class="wp-block-heading">Knackiges Konzept</h2>



<p>Beim Job-Speeddating tauschten sich potenzielle Arbeitnehmer:innen mit Schulleitenden aus Kolumbien, Chile, Brasilien, Thailand, Italien, China und Mexiko aus. Je sieben Minuten dauerte ein Gespräch, danach kam es zu einer Rochade.</p>



<figure class="wp-block-image size-large"><img fetchpriority="high" decoding="async" width="1024" height="576" src="https://educationsuisse.ch/wp-content/uploads/2025/02/JSD-TN-Screenshot-1024x576.jpeg" alt="" class="wp-image-10530" srcset="https://educationsuisse.ch/wp-content/uploads/2025/02/JSD-TN-Screenshot-1024x576.jpeg 1024w, https://educationsuisse.ch/wp-content/uploads/2025/02/JSD-TN-Screenshot-300x169.jpeg 300w, https://educationsuisse.ch/wp-content/uploads/2025/02/JSD-TN-Screenshot-768x432.jpeg 768w, https://educationsuisse.ch/wp-content/uploads/2025/02/JSD-TN-Screenshot-18x10.jpeg 18w, https://educationsuisse.ch/wp-content/uploads/2025/02/JSD-TN-Screenshot.jpeg 1280w" sizes="(max-width: 1024px) 100vw, 1024px" /><figcaption class="wp-element-caption">Schulleitende und Lehrpersonen der Schweizerschulen im Ausland bereiten sich auf den Austausch mit interessierten Lehrpersonen beim virtuellen Job-Speeddating vor. Im Bild fehlt Kolumbien.</figcaption></figure>



<p>Bettina Huber, Co-Schulleiterin der Schweizerschule in Mexiko-Stadt, gefällt das knackige Konzept: «Eine ideale Form, um erste Kontakte zu knüpfen, Fragen zu klären und Interesse zu wecken.» Ob es auch diesmal wieder zu einer Festanstellung komme, sei noch offen.</p>



<h2 class="wp-block-heading">Praktikum in Mexiko-Stadt</h2>



<p>Die interessierten Lehrpersonen wie Ari Hechel, Sekundarlehrer und Masterstudent an der <a href="https://phzh.ch/" data-type="link" data-id="https://phzh.ch/" target="_blank" rel="noreferrer noopener">Pädagogischen Hochschule Zürich</a>, sind vom Konzept ebenfalls überzeugt: «Der unkomplizierte Austausch mit den Schulleitenden der Schweizerschulen im Ausland war sehr spannend.»</p>



<p>Angeregt durch die guten Gespräche und angenehme Atmosphäre, erkundigte Hechel sich spontan nach einem Praktikum an der <a href="https://educationsuisse.ch/de/schulen/schweizerschule-in-mexiko-stadt/" data-type="link" data-id="https://educationsuisse.ch/de/schulen/schweizerschule-in-mexiko-stadt/">Schweizerschule in Mexiko-Stadt</a> während der anstehenden Semesterferien im Januar. Bettina Huber machte das scheinbar Unmögliche möglich, und keinen Monat später landete Hechel in der mexikanischen Hauptstadt.</p>



<p>«Zu Beginn war es schon ein kleiner Kulturschock in dieser Riesenmetropole mit zig Millionen Einwohnern», erinnert sich Hechel. «Zudem war ich noch nie in Lateinamerika und spreche kein Spanisch.»</p>



<figure class="wp-block-image size-large"><img decoding="async" width="1024" height="768" src="https://educationsuisse.ch/wp-content/uploads/2025/02/IMG_7052-1024x768.jpeg" alt="Ari Hechel Schweizerschule Mexiko-Stadt" class="wp-image-10531" srcset="https://educationsuisse.ch/wp-content/uploads/2025/02/IMG_7052-1024x768.jpeg 1024w, https://educationsuisse.ch/wp-content/uploads/2025/02/IMG_7052-300x225.jpeg 300w, https://educationsuisse.ch/wp-content/uploads/2025/02/IMG_7052-768x576.jpeg 768w, https://educationsuisse.ch/wp-content/uploads/2025/02/IMG_7052-1536x1152.jpeg 1536w, https://educationsuisse.ch/wp-content/uploads/2025/02/IMG_7052-2048x1536.jpeg 2048w, https://educationsuisse.ch/wp-content/uploads/2025/02/IMG_7052-16x12.jpeg 16w" sizes="(max-width: 1024px) 100vw, 1024px" /><figcaption class="wp-element-caption">Ari Hechel, im roten T-Shirt, mit einer Sekundarklasse der Schweizerschule in Mexiko-Stadt.</figcaption></figure>



<p>Nach nur vier Wochen fühlte Hechel sich aber total wohl: «Ich habe in der Schule sehr schnell Anschluss gefunden und im Tandem mit spanischsprechenden Berufskolleg:innen sogar ein wenig Spanisch gelernt!»</p>



<p>Hechel unterrichtete die Fächer Deutsch als Zweitsprache und Englisch und brachte der gesamten Sekundar- und Gymnasialstufe im Rahmen von <a href="https://www.set.ch/holocaust-nachkommen/" target="_blank" rel="noreferrer noopener">«Nachkommen erzählen»</a> den Holocaust und seine eigene jüdische Familiengeschichte näher. Seine Freizeit verbrachte Hechel auf Erkundungstouren in den umliegenden Hügeln und in der pulsierenden Millionenstadt.</p>



<figure class="wp-block-gallery has-nested-images columns-default is-cropped wp-block-gallery-1 is-layout-flex wp-block-gallery-is-layout-flex">
<figure class="wp-block-image size-large"><img decoding="async" width="768" height="1024" data-id="10534" src="https://educationsuisse.ch/wp-content/uploads/2025/02/IMG_6957-768x1024.jpeg" alt="" class="wp-image-10534" srcset="https://educationsuisse.ch/wp-content/uploads/2025/02/IMG_6957-768x1024.jpeg 768w, https://educationsuisse.ch/wp-content/uploads/2025/02/IMG_6957-225x300.jpeg 225w, https://educationsuisse.ch/wp-content/uploads/2025/02/IMG_6957-1152x1536.jpeg 1152w, https://educationsuisse.ch/wp-content/uploads/2025/02/IMG_6957-1536x2048.jpeg 1536w, https://educationsuisse.ch/wp-content/uploads/2025/02/IMG_6957-9x12.jpeg 9w, https://educationsuisse.ch/wp-content/uploads/2025/02/IMG_6957-scaled.jpeg 1920w" sizes="(max-width: 768px) 100vw, 768px" /><figcaption class="wp-element-caption">Ausflug zur Sonnenpyramide in Teotihuacán</figcaption></figure>



<figure class="wp-block-image size-large"><img loading="lazy" decoding="async" width="768" height="1024" data-id="10532" src="https://educationsuisse.ch/wp-content/uploads/2025/02/IMG_5605-768x1024.jpeg" alt="" class="wp-image-10532" srcset="https://educationsuisse.ch/wp-content/uploads/2025/02/IMG_5605-768x1024.jpeg 768w, https://educationsuisse.ch/wp-content/uploads/2025/02/IMG_5605-225x300.jpeg 225w, https://educationsuisse.ch/wp-content/uploads/2025/02/IMG_5605-1152x1536.jpeg 1152w, https://educationsuisse.ch/wp-content/uploads/2025/02/IMG_5605-1536x2048.jpeg 1536w, https://educationsuisse.ch/wp-content/uploads/2025/02/IMG_5605-9x12.jpeg 9w, https://educationsuisse.ch/wp-content/uploads/2025/02/IMG_5605-scaled.jpeg 1920w" sizes="(max-width: 768px) 100vw, 768px" /><figcaption class="wp-element-caption">Frisch zubereitete Guacamole à la mexicaine</figcaption></figure>
</figure>



<p>«Es ist ein Riesenabenteuer und eine unheimlich spannende Erfahrung, die ich jedem empfehle», fasst Hechel sein Praktikum an einer von acht <a href="https://educationsuisse.ch/de/schulen/" data-type="filter-aktuelles" data-id="193">Schweizerschulen </a>in Lateinamerika zusammen. Und fügt hinzu: «Nach meinem Studium will ich unbedingt im Ausland unterrichten!»</p>



<h2 class="wp-block-heading">Neues Job-Speeddating</h2>



<p>educationsuisse führte das Job-Speeddating in Zusammenarbeit mit Angela Jetter von <a href="https://angelaworks.ch/" target="_blank" rel="noreferrer noopener">angela works GmbH</a> und <a href="https://movetia.ch/" data-type="link" data-id="https://movetia.ch/" target="_blank" rel="noreferrer noopener">Movetia</a>, der nationalen Agentur zur Förderung von Austausch und Mobilität im Bildungssystem durch.</p>



<p>Am <strong>10. Dezember 2025</strong> findet das nächste Job-Speeddating Schweizerschulen statt.</p>



<div class="wp-block-buttons is-layout-flex wp-block-buttons-is-layout-flex">
<div class="wp-block-button"><a class="wp-block-button__link wp-element-button" href="https://educationsuisse.ch/als-schweizer-lehrperson-ins-ausland/anstellungsbedingungen-an-schweizerschulen/">Anstellungsbedingungen an Schweizerschulen im Ausland</a></div>
</div>



<p></p>

<p>Neun Schulleitungen, dreissig interessierte Lehrpersonen, ein Praktikum und Bewerbungsgespräche im Sieben-Minuten-Takt. </p>
