{"id":10414,"date":"2025-11-18T12:45:42","date_gmt":"2025-11-18T11:45:42","guid":{"rendered":"https:\/\/educationsuisse.ch\/?post_type=aktuelles&#038;p=10414"},"modified":"2026-02-11T16:40:26","modified_gmt":"2026-02-11T15:40:26","slug":"video-info-event-lehrpersonen","status":"publish","type":"aktuelles","link":"https:\/\/educationsuisse.ch\/de\/aktuelles\/video-info-event-lehrpersonen\/","title":{"rendered":"Video: Info-Event f\u00fcr Lehrpersonen und Schulleitende"},"content":{"rendered":"\n<p><strong>Anfang November informierte educationsuisse knapp 200 Lehrpersonen und Schulleitende aus der Deutschschweiz und der Romandie \u00fcber das einzigartige Netzwerk der Schweizerschulen im Ausland. Haben Sie den Info-Event etwa verpasst? Lesen Sie Ausz\u00fcge und schauen Sie sich das Video des Info-Events 2025 hier an.<\/strong><\/p>\n\n\n\n<p>Als Lehrperson oder Schulleiter:in an einer Schweizerschule haben Sie die M\u00f6glichkeit, in eine neue Kultur einzutauchen, Freundschaften zu schliessen und unbekanntes Terrain zu entdecken. Und all dies mit dem einzigartigen Charakter der &#171;Swissness&#187; zu verbinden.<\/p>\n\n\n\n<h2 class=\"wp-block-heading\">Schweizerschulen: das Beste aus zwei Welten<\/h2>\n\n\n\n<p>Die Schweizerschulen im Ausland sind eng mit der Schweiz vernetzt und aktiv im Gastland verankert. Dazu ein paar Beispiele:<\/p>\n\n\n\n<ul class=\"wp-block-list\">\n<li>Rund ein Viertel der Finanzierung der Schweizerschulen wird durch Bundessubventionen abgedeckt. Die Schweizerschulen sind vom Bund anerkannt und gesetzlich dazu verpflichtet, gemeinn\u00fctzig zu sein.<\/li>\n\n\n\n<li>Die Schulen sind konfessionsneutral und politisch unabh\u00e4ngig.<\/li>\n\n\n\n<li>Lehrpersonen mit einem von der EDK-anerkannten Diplom und der Lehrplan 21 bilden das Herzst\u00fcck jeder Schule und garantieren eine hohe Bildungsqualit\u00e4t.<\/li>\n\n\n\n<li>Jede Schule wird von einem oder mehreren Schweizer Kantonen, sogenannten <a href=\"https:\/\/educationsuisse.ch\/schweizerschulen-im-ausland\/patronatskantone\/\" data-type=\"page\" data-id=\"6604\">Patronatskantonen<\/a>, p\u00e4dagogisch betreut und unterst\u00fctzt.<\/li>\n\n\n\n<li>Die Schulen tragen dazu bei, die Schweiz in der Welt zu repr\u00e4sentieren und Kontakte f\u00fcrs Leben zu kn\u00fcpfen.<\/li>\n<\/ul>\n\n\n\n<p>An den <a href=\"https:\/\/educationsuisse.ch\/de\/schulen\/\">17 Schweizerschulen im Ausland<\/a> in 10 L\u00e4ndern und auf 3 Kontinenten ist die &#171;Swissness&#187; auf vielf\u00e4ltige Weise pr\u00e4sent. Auch dazu ein paar Beispiele:<\/p>\n\n\n\n<ul class=\"wp-block-list\">\n<li>Die Lehrpersonen und Schulleitenden mit <a href=\"https:\/\/www.edk.ch\/de\/themen\/diplomanerkennung\" target=\"_blank\" rel=\"noreferrer noopener\">EDK-anerkanntem Diplom<\/a> pr\u00e4gen die Schulen und bringen &#171;Swissness&#187; in den Schulalltag ein.<\/li>\n\n\n\n<li>Die <a href=\"https:\/\/educationsuisse.ch\/schweizerschulen-im-ausland\/charta-der-schweizerschulen-im-ausland\/\" data-type=\"page\" data-id=\"4246\">Charta der Schweizerschulen im Ausland<\/a> spiegelt zentrale Schweizer Werte wider, die in den Schulen aktiv gelebt und weitergegeben werden.<\/li>\n\n\n\n<li>Durch die schweizerische P\u00e4dagogik, inspiriert von Pestalozzis Philosophie &#171;Kopf, Herz, Hand&#187;, f\u00f6rdern die Schweizerschulen nicht nur das Wissen, sondern auch soziale Kompetenzen und die pers\u00f6nliche Entwicklung der Sch\u00fcler:innen.<\/li>\n\n\n\n<li>Mittels Schweizer Bildungsprojekten wie beispielsweise <a href=\"https:\/\/www.fit-4-future.ch\/de\/home.html\" target=\"_blank\" rel=\"noopener\">Fit4Future<\/a> oder den <a href=\"https:\/\/www.wirtschaftsbildung.ch\/wirtschaftswochen.html\" target=\"_blank\" rel=\"noopener\">Wirtschaftswochen <\/a>werden aktuelle und praxisnahe Inhalte mit Schweizer Qualit\u00e4tsstandards in den Unterricht gebracht.<\/li>\n\n\n\n<li>Neben der Sprachkompetenz legen die Schweizerschulen grossen Wert auf Partizipation.<\/li>\n<\/ul>\n\n\n\n<p>Die Schweizerschulen sind im jeweiligen Gastland stark verankert: Rund 80 % der insgesamt 8000 Sch\u00fcler:innen kommen aus dem Gastland oder einem anderen Land; der Schulbetrieb wird in enger Zusammenarbeit mit den lokalen Mitarbeitenden gew\u00e4hrleistet.<\/p>\n\n\n\n<h2 class=\"wp-block-heading\">Erfahrungsbericht einer Lehrperson im Video<\/h2>\n\n\n\n<p>Was zeichnet eine <a href=\"https:\/\/educationsuisse.ch\/als-schweizer-lehrperson-ins-ausland\/anstellungsbedingungen-an-schweizerschulen\/\" data-type=\"page\" data-id=\"3441\">Anstellung<\/a> an einer Schweizerschule im Ausland weiter aus? Ist es das Abenteuer, das Vertraute in der Fremde, die Erfahrung als Ganzes?<\/p>\n\n\n\n<p>M\u00f6gliche Antworten finden Sie im knapp 30-min\u00fctigen Video, in der auch eine Lehrperson aus der Schweiz ihre wertvolle Erfahrung mit Ihnen teilt. Zudem werden der Rekrutierungsprozess, die Anstellungsbedingungen und das Aufgabenfeld von educationsuisse, dem Dachverband der Schweizerschulen, anschaulich erl\u00e4utert.<\/p>\n\n\n\n<iframe class=\"tlp_webp_lazyload_fix_de\" width=\"560\" height=\"315\" src=\"https:\/\/www.youtube.com\/embed\/jLiUhUAeGCs?si=zwgGZySOkR9-4dDY\" title=\"YouTube video player\" frameborder=\"0\" allow=\"accelerometer; autoplay; clipboard-write; encrypted-media; gyroscope; picture-in-picture; web-share\" referrerpolicy=\"strict-origin-when-cross-origin\" allowfullscreen><\/iframe>\n\n\n\n<iframe class=\"tlp_webp_lazyload_fix_fr\" width=\"560\" height=\"315\" src=\"https:\/\/www.youtube.com\/embed\/38SeES0nKf0?si=AWv0sDqveDDhY-M8\" title=\"YouTube video player\" frameborder=\"0\" allow=\"accelerometer; autoplay; clipboard-write; encrypted-media; gyroscope; picture-in-picture; web-share\" referrerpolicy=\"strict-origin-when-cross-origin\" allowfullscreen><\/iframe>\n\n\n\n<h2 class=\"wp-block-heading\">Webinar Info-Event 2026<\/h2>\n\n\n\n<p>Das n\u00e4chste Webinar rund um das Thema Anstellung an einer Schweizerschule im Ausland findet Anfang November 2026 wieder via Zoom statt. Behalten Sie sich das Datum frei:<\/p>\n\n\n\n<ul class=\"wp-block-list\">\n<li>Mittwoch, 4. November, um 18 Uhr auf&nbsp;<strong>Deutsch<\/strong><\/li>\n\n\n\n<li>Donnerstag, 5. November, um 18 Uhr auf&nbsp;<strong>Franz\u00f6sisch<\/strong><\/li>\n<\/ul>\n\n\n\n<p><\/p>\n","protected":false},"excerpt":{"rendered":"<p>Live Info-Event verpasst? Schauen Sie sich hier das Video inklusive Erfahrungsbericht an.<\/p>\n","protected":false},"featured_media":11220,"template":"","filter-aktuelles":[197,196],"class_list":["post-10414","aktuelles","type-aktuelles","status-publish","has-post-thumbnail","hentry","filter-aktuelles-educationsuisse","filter-aktuelles-events"],"acf":[],"_links":{"self":[{"href":"https:\/\/educationsuisse.ch\/de\/wp-json\/wp\/v2\/aktuelles\/10414","targetHints":{"allow":["GET"]}}],"collection":[{"href":"https:\/\/educationsuisse.ch\/de\/wp-json\/wp\/v2\/aktuelles"}],"about":[{"href":"https:\/\/educationsuisse.ch\/de\/wp-json\/wp\/v2\/types\/aktuelles"}],"wp:featuredmedia":[{"embeddable":true,"href":"https:\/\/educationsuisse.ch\/de\/wp-json\/wp\/v2\/media\/11220"}],"wp:attachment":[{"href":"https:\/\/educationsuisse.ch\/de\/wp-json\/wp\/v2\/media?parent=10414"}],"wp:term":[{"taxonomy":"filter-aktuelles","embeddable":true,"href":"https:\/\/educationsuisse.ch\/de\/wp-json\/wp\/v2\/filter-aktuelles?post=10414"}],"curies":[{"name":"wp","href":"https:\/\/api.w.org\/{rel}","templated":true}]}}

Video: Info-Event für Lehrpersonen und Schulleitende

<p><strong>Anfang November informierte educationsuisse knapp 200 Lehrpersonen und Schulleitende aus der Deutschschweiz und der Romandie über das einzigartige Netzwerk der Schweizerschulen im Ausland. Haben Sie den Info-Event etwa verpasst? Lesen Sie Auszüge und schauen Sie sich das Video des Info-Events 2025 hier an.</strong></p>



<p>Als Lehrperson oder Schulleiter:in an einer Schweizerschule haben Sie die Möglichkeit, in eine neue Kultur einzutauchen, Freundschaften zu schliessen und unbekanntes Terrain zu entdecken. Und all dies mit dem einzigartigen Charakter der &#171;Swissness&#187; zu verbinden.</p>



<h2 class="wp-block-heading">Schweizerschulen: das Beste aus zwei Welten</h2>



<p>Die Schweizerschulen im Ausland sind eng mit der Schweiz vernetzt und aktiv im Gastland verankert. Dazu ein paar Beispiele:</p>



<ul class="wp-block-list">
<li>Rund ein Viertel der Finanzierung der Schweizerschulen wird durch Bundessubventionen abgedeckt. Die Schweizerschulen sind vom Bund anerkannt und gesetzlich dazu verpflichtet, gemeinnützig zu sein.</li>



<li>Die Schulen sind konfessionsneutral und politisch unabhängig.</li>



<li>Lehrpersonen mit einem von der EDK-anerkannten Diplom und der Lehrplan 21 bilden das Herzstück jeder Schule und garantieren eine hohe Bildungsqualität.</li>



<li>Jede Schule wird von einem oder mehreren Schweizer Kantonen, sogenannten <a href="https://educationsuisse.ch/schweizerschulen-im-ausland/patronatskantone/" data-type="page" data-id="6604">Patronatskantonen</a>, pädagogisch betreut und unterstützt.</li>



<li>Die Schulen tragen dazu bei, die Schweiz in der Welt zu repräsentieren und Kontakte fürs Leben zu knüpfen.</li>
</ul>



<p>An den <a href="https://educationsuisse.ch/de/schulen/">17 Schweizerschulen im Ausland</a> in 10 Ländern und auf 3 Kontinenten ist die &#171;Swissness&#187; auf vielfältige Weise präsent. Auch dazu ein paar Beispiele:</p>



<ul class="wp-block-list">
<li>Die Lehrpersonen und Schulleitenden mit <a href="https://www.edk.ch/de/themen/diplomanerkennung" target="_blank" rel="noreferrer noopener">EDK-anerkanntem Diplom</a> prägen die Schulen und bringen &#171;Swissness&#187; in den Schulalltag ein.</li>



<li>Die <a href="https://educationsuisse.ch/schweizerschulen-im-ausland/charta-der-schweizerschulen-im-ausland/" data-type="page" data-id="4246">Charta der Schweizerschulen im Ausland</a> spiegelt zentrale Schweizer Werte wider, die in den Schulen aktiv gelebt und weitergegeben werden.</li>



<li>Durch die schweizerische Pädagogik, inspiriert von Pestalozzis Philosophie &#171;Kopf, Herz, Hand&#187;, fördern die Schweizerschulen nicht nur das Wissen, sondern auch soziale Kompetenzen und die persönliche Entwicklung der Schüler:innen.</li>



<li>Mittels Schweizer Bildungsprojekten wie beispielsweise <a href="https://www.fit-4-future.ch/de/home.html" target="_blank" rel="noopener">Fit4Future</a> oder den <a href="https://www.wirtschaftsbildung.ch/wirtschaftswochen.html" target="_blank" rel="noopener">Wirtschaftswochen </a>werden aktuelle und praxisnahe Inhalte mit Schweizer Qualitätsstandards in den Unterricht gebracht.</li>



<li>Neben der Sprachkompetenz legen die Schweizerschulen grossen Wert auf Partizipation.</li>
</ul>



<p>Die Schweizerschulen sind im jeweiligen Gastland stark verankert: Rund 80 % der insgesamt 8000 Schüler:innen kommen aus dem Gastland oder einem anderen Land; der Schulbetrieb wird in enger Zusammenarbeit mit den lokalen Mitarbeitenden gewährleistet.</p>



<h2 class="wp-block-heading">Erfahrungsbericht einer Lehrperson im Video</h2>



<p>Was zeichnet eine <a href="https://educationsuisse.ch/als-schweizer-lehrperson-ins-ausland/anstellungsbedingungen-an-schweizerschulen/" data-type="page" data-id="3441">Anstellung</a> an einer Schweizerschule im Ausland weiter aus? Ist es das Abenteuer, das Vertraute in der Fremde, die Erfahrung als Ganzes?</p>



<p>Mögliche Antworten finden Sie im knapp 30-minütigen Video, in der auch eine Lehrperson aus der Schweiz ihre wertvolle Erfahrung mit Ihnen teilt. Zudem werden der Rekrutierungsprozess, die Anstellungsbedingungen und das Aufgabenfeld von educationsuisse, dem Dachverband der Schweizerschulen, anschaulich erläutert.</p>



<iframe class="tlp_webp_lazyload_fix_de" width="560" height="315" src="https://www.youtube.com/embed/jLiUhUAeGCs?si=zwgGZySOkR9-4dDY" title="YouTube video player" frameborder="0" allow="accelerometer; autoplay; clipboard-write; encrypted-media; gyroscope; picture-in-picture; web-share" referrerpolicy="strict-origin-when-cross-origin" allowfullscreen></iframe>



<iframe class="tlp_webp_lazyload_fix_fr" width="560" height="315" src="https://www.youtube.com/embed/38SeES0nKf0?si=AWv0sDqveDDhY-M8" title="YouTube video player" frameborder="0" allow="accelerometer; autoplay; clipboard-write; encrypted-media; gyroscope; picture-in-picture; web-share" referrerpolicy="strict-origin-when-cross-origin" allowfullscreen></iframe>



<h2 class="wp-block-heading">Webinar Info-Event 2026</h2>



<p>Das nächste Webinar rund um das Thema Anstellung an einer Schweizerschule im Ausland findet Anfang November 2026 wieder via Zoom statt. Behalten Sie sich das Datum frei:</p>



<ul class="wp-block-list">
<li>Mittwoch, 4. November, um 18 Uhr auf&nbsp;<strong>Deutsch</strong></li>



<li>Donnerstag, 5. November, um 18 Uhr auf&nbsp;<strong>Französisch</strong></li>
</ul>



<p></p>
