{"id":10255,"date":"2024-07-16T17:10:39","date_gmt":"2024-07-16T15:10:39","guid":{"rendered":"https:\/\/educationsuisse.ch\/?post_type=aktuelles&#038;p=10255"},"modified":"2025-03-03T11:56:43","modified_gmt":"2025-03-03T10:56:43","slug":"auslandschweizer-ausbildung-militaer","status":"publish","type":"aktuelles","link":"https:\/\/educationsuisse.ch\/de\/aktuelles\/auslandschweizer-ausbildung-militaer\/","title":{"rendered":"Auslandschweizer Fabio Reyes \u00fcber Ausbildung und Milit\u00e4rdienst in der Schweiz"},"content":{"rendered":"\n<p><strong>Der Auslandschweizer Fabio Reyes ist in Mexiko aufgewachsen und besuchte dort die Schweizerschule in Cuernavaca. Als 20-J\u00e4hriger beschloss er in die Schweiz \u00abauszuwandern\u00bb. Hier erz\u00e4hlt er \u00fcber seine Erfahrung w\u00e4hrend seiner Ausbildung, im Milit\u00e4r und in seiner jetzigen Arbeit.<\/strong><\/p>\n\n\n\n<p>\u00abIn Mexiko gibt es nebst den \u00f6ffentlichen Schulen zahlreiche Privatschulen, die meistens ein besseres und breiteres Bildungsangebot anbieten. Ich hatte das grosse Privileg, die <a href=\"https:\/\/educationsuisse.ch\/schulen\/schweizerschule-in-cuernavaca\/\" data-type=\"schulen\" data-id=\"1523\">Schweizerschule in Cuernavaca<\/a> zu besuchen, welche auch zu meiner zweiten Familie wurde.<\/p>\n\n\n\n<p>Verschiedene Gr\u00fcnde brachten mich dazu 2015 in die Schweiz zu ziehen: Sicherheit, der Milit\u00e4rdienst, die pers\u00f6nliche und finanzielle Freiheit, gute Ausbildungsm\u00f6glichkeiten \u2026 und die erste Liebe. Zu Beginn habe ich im Kundendienst einer Kreditkartenfirma gearbeitet und danach w\u00e4hrend zehn Monaten den Milit\u00e4rdienst im Durchdienermodell absolviert. Es waren intensive Monate, in denen ich viel gelernt habe \u2013 auch \u00fcber mich selbst.<\/p>\n\n\n\n<h2 class=\"wp-block-heading\">Stipendium mithilfe von educationsuisse<\/h2>\n\n\n\n<p>Anschliessend habe ich f\u00fcr die zweij\u00e4hrige Postmaturit\u00e4re Wirtschaftsausbildung (PWA) entschieden, welche sich an Maturanden oder Studierende richten, die sich f\u00fcr Wirtschaft interessieren und einen schnelleren Einstieg in die Praxis suchen. <\/p>\n\n\n\n<p>Das Programm, w\u00e4hrend dem man auch einen Lohn erh\u00e4lt, besteht aus Schule und langem Praktikum in einem Unternehmen. F\u00fcr mich war die Ausbildung sehr lehrreich, aber ich wollte meine Sprachkenntnisse noch vertiefen.<\/p>\n\n\n\n<figure class=\"wp-block-image size-large\"><img fetchpriority=\"high\" decoding=\"async\" width=\"1024\" height=\"576\" src=\"https:\/\/educationsuisse.ch\/wp-content\/uploads\/2024\/08\/Bild-Lauftext_1200x630-1024x576.jpeg\" alt=\"Fabio Reyes Auslandschweizer educationsuisse\" class=\"wp-image-10257\" srcset=\"https:\/\/educationsuisse.ch\/wp-content\/uploads\/2024\/08\/Bild-Lauftext_1200x630-1024x576.jpeg 1024w, https:\/\/educationsuisse.ch\/wp-content\/uploads\/2024\/08\/Bild-Lauftext_1200x630-300x169.jpeg 300w, https:\/\/educationsuisse.ch\/wp-content\/uploads\/2024\/08\/Bild-Lauftext_1200x630-768x432.jpeg 768w, https:\/\/educationsuisse.ch\/wp-content\/uploads\/2024\/08\/Bild-Lauftext_1200x630-18x10.jpeg 18w, https:\/\/educationsuisse.ch\/wp-content\/uploads\/2024\/08\/Bild-Lauftext_1200x630.jpeg 1280w\" sizes=\"(max-width: 1024px) 100vw, 1024px\" \/><figcaption class=\"wp-element-caption\">Der Auslandschweizer Fabio Reyes holt sich das Sch\u00f6nste aus beiden Welten: der Schweiz und Mexiko.<\/figcaption><\/figure>\n\n\n\n<p>So habe ich mich an der Z\u00fcrcher Hochschule f\u00fcr Angewandte Wissenschaften (ZHAW) f\u00fcr den dreij\u00e4hrigen Bachelorstudiengang \u00abAngewandte Sprachen\u00bb immatrikuliert. Ich fand, dass die breite Palette an Modulen wie Projekt- und Eventmanagement, Marketing, Recherche, Social-Media-Kommunikation, Interkulturelle Kompetenz, Redaktion sowie Landes- und Kulturkunde mir sehr n\u00fctzliche und effiziente Grundlagen vermitteln und somit viele T\u00fcren f\u00fcr meinen sp\u00e4teren beruflichen Werdegang \u00f6ffnen w\u00fcrde. <\/p>\n\n\n\n<p>Um mich voll und ganz dem Studium widmen zu k\u00f6nnen, hatte ich etwas gespart und gut kalkuliert. Und dank des Stipendiums meines Heimatkantons St. Gallen, bei dessen Bewerbungsprozess mich educationsuisse unterst\u00fctzte, ging mein Plan ziemlich auf. <\/p>\n\n\n\n<h2 class=\"wp-block-heading\">Mehrsprachigkeit im Studium<\/h2>\n\n\n\n<p>Da ich auch kein passendes Masterstudium fand, war die Idee einer \u00abStudienpause\u00bb und generell eines Perspektivenwechsels f\u00fcr mich attraktiv. So bewarb ich mich f\u00fcr eine sechsmonatige Praktikumsstelle im Bereich Projektmanagement und Kommunikation in der Justizdirektion des Kantons Z\u00fcrich. Anschliessend konnte ich in dort als Projektmitarbeiter in einem kantonalen Grossprojekt weiterarbeiten. <\/p>\n\n\n\n<p>Diese Projektarbeit finde ich sehr spannend und herausfordernd, und man lernt in kurzer Zeit sehr viel dazu. Allerdings muss ich gestehen, dass ich die Mehrsprachigkeit und den multikulturellen Aspekt meines Studiums im Alltag vermisse. <\/p>\n\n\n\n<p>Dennoch kann ich einiges aus dem Studium im Tagesgesch\u00e4ft anwenden, wie meine Kenntnisse im Projekt- und Eventmanagement, mein Verst\u00e4ndnis f\u00fcr die Kommunikation in einem Unternehmen oder die Anwendung meiner redaktionellen F\u00e4higkeiten.<\/p>\n\n\n\n<h2 class=\"wp-block-heading\">Schweiz und Mexiko sind wie Yin und Yang<\/h2>\n\n\n\n<p>Oft werde ich gefragt, ob mir Mexiko nicht fehle. Ich lebe nun seit bald neun Jahren in der Schweiz und es gef\u00e4llt mir hier. Mir wird immer wieder bewusst, was f\u00fcr ein Privileg es ist, in der Schweiz eine Ausbildung machen, arbeiten und ein Leben aufbauen zu k\u00f6nnen. <\/p>\n\n\n\n<p>Dennoch fehlen mir andere Dinge, die das Leben etwas bunter machen. Ich vermisse das sonnige Wetter, die kulinarischen K\u00f6stlichkeiten, die herzliche Offenheit, Gelassenheit und Spontaneit\u00e4t der Menschen, die Traditionen, die Lust zum Feiern, nicht nur das Leben, sondern auch den Tod und manchmal auch die laute Musik und die passionierten Telenovelas.<\/p>\n\n\n\n<p>Ich denke, die Schweiz und Mexiko sind wie Yin und Yang; sie sind gegens\u00e4tzliche Pole und erg\u00e4nzen sich wunderbar. Um gl\u00fccklich zu sein und nicht von der Nostalgie \u00fcbermannt zu werden, ist meine Strategie, das Sch\u00f6nste aus beiden Welten herauszuholen und das Beste daraus zu machen.\u00bb<\/p>\n\n\n\n<div class=\"wp-block-buttons is-layout-flex wp-block-buttons-is-layout-flex\">\n<div class=\"wp-block-button\"><a class=\"wp-block-button__link wp-element-button\" href=\"https:\/\/educationsuisse.ch\/wp-content\/uploads\/2023\/11\/NEU_Broschuere_Erfahrungsberichte_2022.pdf\">Weitere Erfahrungsberichte<\/a><\/div>\n<\/div>\n","protected":false},"excerpt":{"rendered":"<p>Wie unterst\u00fctzte educationsuisse den Auslandschweizer Fabio Reyes beim Gesuch um ein Stipendium?<\/p>\n","protected":false},"featured_media":10270,"template":"","filter-aktuelles":[195],"class_list":["post-10255","aktuelles","type-aktuelles","status-publish","has-post-thumbnail","hentry","filter-aktuelles-ausbildung"],"acf":[],"_links":{"self":[{"href":"https:\/\/educationsuisse.ch\/de\/wp-json\/wp\/v2\/aktuelles\/10255","targetHints":{"allow":["GET"]}}],"collection":[{"href":"https:\/\/educationsuisse.ch\/de\/wp-json\/wp\/v2\/aktuelles"}],"about":[{"href":"https:\/\/educationsuisse.ch\/de\/wp-json\/wp\/v2\/types\/aktuelles"}],"wp:featuredmedia":[{"embeddable":true,"href":"https:\/\/educationsuisse.ch\/de\/wp-json\/wp\/v2\/media\/10270"}],"wp:attachment":[{"href":"https:\/\/educationsuisse.ch\/de\/wp-json\/wp\/v2\/media?parent=10255"}],"wp:term":[{"taxonomy":"filter-aktuelles","embeddable":true,"href":"https:\/\/educationsuisse.ch\/de\/wp-json\/wp\/v2\/filter-aktuelles?post=10255"}],"curies":[{"name":"wp","href":"https:\/\/api.w.org\/{rel}","templated":true}]}}

Auslandschweizer Fabio Reyes über Ausbildung und Militärdienst in der Schweiz

<p><strong>Der Auslandschweizer Fabio Reyes ist in Mexiko aufgewachsen und besuchte dort die Schweizerschule in Cuernavaca. Als 20-Jähriger beschloss er in die Schweiz «auszuwandern». Hier erzählt er über seine Erfahrung während seiner Ausbildung, im Militär und in seiner jetzigen Arbeit.</strong></p>



<p>«In Mexiko gibt es nebst den öffentlichen Schulen zahlreiche Privatschulen, die meistens ein besseres und breiteres Bildungsangebot anbieten. Ich hatte das grosse Privileg, die <a href="https://educationsuisse.ch/schulen/schweizerschule-in-cuernavaca/" data-type="schulen" data-id="1523">Schweizerschule in Cuernavaca</a> zu besuchen, welche auch zu meiner zweiten Familie wurde.</p>



<p>Verschiedene Gründe brachten mich dazu 2015 in die Schweiz zu ziehen: Sicherheit, der Militärdienst, die persönliche und finanzielle Freiheit, gute Ausbildungsmöglichkeiten … und die erste Liebe. Zu Beginn habe ich im Kundendienst einer Kreditkartenfirma gearbeitet und danach während zehn Monaten den Militärdienst im Durchdienermodell absolviert. Es waren intensive Monate, in denen ich viel gelernt habe – auch über mich selbst.</p>



<h2 class="wp-block-heading">Stipendium mithilfe von educationsuisse</h2>



<p>Anschliessend habe ich für die zweijährige Postmaturitäre Wirtschaftsausbildung (PWA) entschieden, welche sich an Maturanden oder Studierende richten, die sich für Wirtschaft interessieren und einen schnelleren Einstieg in die Praxis suchen. </p>



<p>Das Programm, während dem man auch einen Lohn erhält, besteht aus Schule und langem Praktikum in einem Unternehmen. Für mich war die Ausbildung sehr lehrreich, aber ich wollte meine Sprachkenntnisse noch vertiefen.</p>



<figure class="wp-block-image size-large"><img fetchpriority="high" decoding="async" width="1024" height="576" src="https://educationsuisse.ch/wp-content/uploads/2024/08/Bild-Lauftext_1200x630-1024x576.jpeg" alt="Fabio Reyes Auslandschweizer educationsuisse" class="wp-image-10257" srcset="https://educationsuisse.ch/wp-content/uploads/2024/08/Bild-Lauftext_1200x630-1024x576.jpeg 1024w, https://educationsuisse.ch/wp-content/uploads/2024/08/Bild-Lauftext_1200x630-300x169.jpeg 300w, https://educationsuisse.ch/wp-content/uploads/2024/08/Bild-Lauftext_1200x630-768x432.jpeg 768w, https://educationsuisse.ch/wp-content/uploads/2024/08/Bild-Lauftext_1200x630-18x10.jpeg 18w, https://educationsuisse.ch/wp-content/uploads/2024/08/Bild-Lauftext_1200x630.jpeg 1280w" sizes="(max-width: 1024px) 100vw, 1024px" /><figcaption class="wp-element-caption">Der Auslandschweizer Fabio Reyes holt sich das Schönste aus beiden Welten: der Schweiz und Mexiko.</figcaption></figure>



<p>So habe ich mich an der Zürcher Hochschule für Angewandte Wissenschaften (ZHAW) für den dreijährigen Bachelorstudiengang «Angewandte Sprachen» immatrikuliert. Ich fand, dass die breite Palette an Modulen wie Projekt- und Eventmanagement, Marketing, Recherche, Social-Media-Kommunikation, Interkulturelle Kompetenz, Redaktion sowie Landes- und Kulturkunde mir sehr nützliche und effiziente Grundlagen vermitteln und somit viele Türen für meinen späteren beruflichen Werdegang öffnen würde. </p>



<p>Um mich voll und ganz dem Studium widmen zu können, hatte ich etwas gespart und gut kalkuliert. Und dank des Stipendiums meines Heimatkantons St. Gallen, bei dessen Bewerbungsprozess mich educationsuisse unterstützte, ging mein Plan ziemlich auf. </p>



<h2 class="wp-block-heading">Mehrsprachigkeit im Studium</h2>



<p>Da ich auch kein passendes Masterstudium fand, war die Idee einer «Studienpause» und generell eines Perspektivenwechsels für mich attraktiv. So bewarb ich mich für eine sechsmonatige Praktikumsstelle im Bereich Projektmanagement und Kommunikation in der Justizdirektion des Kantons Zürich. Anschliessend konnte ich in dort als Projektmitarbeiter in einem kantonalen Grossprojekt weiterarbeiten. </p>



<p>Diese Projektarbeit finde ich sehr spannend und herausfordernd, und man lernt in kurzer Zeit sehr viel dazu. Allerdings muss ich gestehen, dass ich die Mehrsprachigkeit und den multikulturellen Aspekt meines Studiums im Alltag vermisse. </p>



<p>Dennoch kann ich einiges aus dem Studium im Tagesgeschäft anwenden, wie meine Kenntnisse im Projekt- und Eventmanagement, mein Verständnis für die Kommunikation in einem Unternehmen oder die Anwendung meiner redaktionellen Fähigkeiten.</p>



<h2 class="wp-block-heading">Schweiz und Mexiko sind wie Yin und Yang</h2>



<p>Oft werde ich gefragt, ob mir Mexiko nicht fehle. Ich lebe nun seit bald neun Jahren in der Schweiz und es gefällt mir hier. Mir wird immer wieder bewusst, was für ein Privileg es ist, in der Schweiz eine Ausbildung machen, arbeiten und ein Leben aufbauen zu können. </p>



<p>Dennoch fehlen mir andere Dinge, die das Leben etwas bunter machen. Ich vermisse das sonnige Wetter, die kulinarischen Köstlichkeiten, die herzliche Offenheit, Gelassenheit und Spontaneität der Menschen, die Traditionen, die Lust zum Feiern, nicht nur das Leben, sondern auch den Tod und manchmal auch die laute Musik und die passionierten Telenovelas.</p>



<p>Ich denke, die Schweiz und Mexiko sind wie Yin und Yang; sie sind gegensätzliche Pole und ergänzen sich wunderbar. Um glücklich zu sein und nicht von der Nostalgie übermannt zu werden, ist meine Strategie, das Schönste aus beiden Welten herauszuholen und das Beste daraus zu machen.»</p>



<div class="wp-block-buttons is-layout-flex wp-block-buttons-is-layout-flex">
<div class="wp-block-button"><a class="wp-block-button__link wp-element-button" href="https://educationsuisse.ch/wp-content/uploads/2023/11/NEU_Broschuere_Erfahrungsberichte_2022.pdf">Weitere Erfahrungsberichte</a></div>
</div>

<p>Wie unterstützte educationsuisse den Auslandschweizer Fabio Reyes beim Gesuch um ein Stipendium?</p>
